CRAN Package Check Results for Package graphhopper

Last updated on 2021-04-14 09:48:56 CEST.

Flavor Version Tinstall Tcheck Ttotal Status Flags
r-devel-linux-x86_64-debian-clang 0.1.2 2.19 27.22 29.41 NOTE
r-devel-linux-x86_64-debian-gcc 0.1.2 1.84 21.51 23.35 NOTE
r-devel-linux-x86_64-fedora-clang 0.1.2 45.97 NOTE
r-devel-linux-x86_64-fedora-gcc 0.1.2 43.82 NOTE
r-devel-windows-ix86+x86_64 0.1.2 6.00 48.00 54.00 NOTE
r-devel-windows-x86_64-gcc10-UCRT 0.1.2 NOTE
r-patched-linux-x86_64 0.1.2 2.22 26.45 28.67 OK
r-patched-solaris-x86 0.1.2 54.50 OK
r-release-linux-x86_64 0.1.2 2.06 26.41 28.47 OK
r-release-macos-x86_64 0.1.2 OK
r-release-windows-ix86+x86_64 0.1.2 6.00 58.00 64.00 OK
r-oldrel-macos-x86_64 0.1.2 OK
r-oldrel-windows-ix86+x86_64 0.1.2 4.00 35.00 39.00 OK

Check Details

Version: 0.1.2
Check: LazyData
Result: NOTE
     'LazyData' is specified without a 'data' directory
Flavors: r-devel-linux-x86_64-debian-clang, r-devel-linux-x86_64-debian-gcc, r-devel-linux-x86_64-fedora-clang, r-devel-linux-x86_64-fedora-gcc, r-devel-windows-ix86+x86_64, r-devel-windows-x86_64-gcc10-UCRT