Last updated on 2023-02-05 15:55:16 CET.
Flavor | Version | Tinstall | Tcheck | Ttotal | Status | Flags |
---|---|---|---|---|---|---|
r-devel-linux-x86_64-debian-clang | 0.3 | 44.20 | 125.90 | 170.10 | NOTE | |
r-devel-linux-x86_64-debian-gcc | 0.3 | 36.15 | 90.32 | 126.47 | NOTE | |
r-devel-linux-x86_64-fedora-clang | 0.3 | 225.26 | NOTE | |||
r-devel-linux-x86_64-fedora-gcc | 0.3 | 204.42 | NOTE | |||
r-devel-windows-x86_64 | 0.3 | 55.00 | 173.00 | 228.00 | NOTE | |
r-patched-linux-x86_64 | 0.3 | 36.32 | 114.68 | 151.00 | OK | |
r-release-linux-x86_64 | 0.3 | 34.14 | 120.06 | 154.20 | OK | |
r-release-macos-arm64 | 0.3 | 57.00 | OK | |||
r-release-macos-x86_64 | 0.3 | 98.00 | OK | |||
r-release-windows-x86_64 | 0.3 | 65.00 | 176.00 | 241.00 | OK | |
r-oldrel-macos-arm64 | 0.3 | 64.00 | OK | |||
r-oldrel-macos-x86_64 | 0.3 | 77.00 | OK | |||
r-oldrel-windows-ix86+x86_64 | 0.3 | 110.00 | 198.00 | 308.00 | OK |
Version: 0.3
Check: C++ specification
Result: NOTE
Specified C++11: please update to current default of C++17
Flavors: r-devel-linux-x86_64-debian-clang, r-devel-linux-x86_64-debian-gcc, r-devel-linux-x86_64-fedora-clang, r-devel-linux-x86_64-fedora-gcc, r-devel-windows-x86_64
Version: 0.3
Check: Rd files
Result: NOTE
checkRd: (-1) mlGraphicalVAR.Rd:79: Escaped LaTeX specials: \~
Flavors: r-devel-linux-x86_64-debian-clang, r-devel-linux-x86_64-debian-gcc, r-devel-linux-x86_64-fedora-clang, r-devel-linux-x86_64-fedora-gcc, r-devel-windows-x86_64