CRAN Package Check Results for Package graphicsQC

Last updated on 2017-06-25 18:47:30.

Flavor Version Tinstall Tcheck Ttotal Status Flags
r-devel-linux-x86_64-debian-clang 1.0-8 1.10 33.45 34.55 OK
r-devel-linux-x86_64-debian-gcc 1.0-8 1.01 34.18 35.20 OK
r-devel-linux-x86_64-fedora-clang 1.0-8 71.94 OK
r-devel-linux-x86_64-fedora-gcc 1.0-8 69.86 OK
r-devel-windows-ix86+x86_64 1.0-8 5.00 66.00 71.00 NOTE
r-patched-linux-x86_64 1.0-8 1.07 33.02 34.09 OK
r-patched-solaris-sparc 1.0-8 303.20 NOTE
r-patched-solaris-x86 1.0-8 67.50 NOTE
r-release-linux-x86_64 1.0-8 1.10 33.43 34.53 OK
r-release-windows-ix86+x86_64 1.0-8 4.00 66.00 70.00 NOTE
r-release-osx-x86_64 1.0-8 NOTE
r-oldrel-windows-ix86+x86_64 1.0-8 8.00 82.00 90.00 NOTE
r-oldrel-osx-x86_64 1.0-8 NOTE

Check Details

Version: 1.0-8
Check: package dependencies
Result: NOTE
    Package suggested but not available for checking: 'Sxslt'
Flavors: r-devel-windows-ix86+x86_64, r-patched-solaris-sparc, r-patched-solaris-x86, r-release-windows-ix86+x86_64, r-release-osx-x86_64, r-oldrel-windows-ix86+x86_64, r-oldrel-osx-x86_64