CRAN Package Check Results for Package graphicsQC

Last updated on 2017-04-27 05:51:44.

Flavor Version Tinstall Tcheck Ttotal Status Flags
r-devel-linux-x86_64-debian-clang 1.0-8 1.11 33.07 34.18 OK
r-devel-linux-x86_64-debian-gcc 1.0-8 1.02 32.57 33.59 OK
r-devel-linux-x86_64-fedora-clang 1.0-8 71.12 OK --no-stop-on-test-error
r-devel-linux-x86_64-fedora-gcc 1.0-8 70.20 OK --no-stop-on-test-error
r-devel-windows-ix86+x86_64 1.0-8 8.00 68.00 76.00 NOTE
r-patched-linux-x86_64 1.0-8 1.16 33.83 34.99 OK
r-patched-solaris-sparc 1.0-8 303.20 NOTE
r-patched-solaris-x86 1.0-8 67.90 NOTE
r-release-linux-x86_64 1.0-8 1.10 33.24 34.34 OK
r-release-windows-ix86+x86_64 1.0-8 4.00 66.00 70.00 NOTE
r-release-osx-x86_64 1.0-8 NOTE
r-oldrel-windows-ix86+x86_64 1.0-8 10.00 77.00 87.00 NOTE
r-oldrel-osx-x86_64 1.0-8 NOTE

Check Details

Version: 1.0-8
Check: package dependencies
Result: NOTE
    Package suggested but not available for checking: 'Sxslt'
Flavors: r-devel-windows-ix86+x86_64, r-patched-solaris-sparc, r-patched-solaris-x86, r-release-windows-ix86+x86_64, r-release-osx-x86_64, r-oldrel-windows-ix86+x86_64, r-oldrel-osx-x86_64