CRAN Package Check Results for Package graphicsQC

Last updated on 2016-06-26 22:47:46.

Flavor Version Tinstall Tcheck Ttotal Status Flags
r-devel-linux-x86_64-debian-gcc 1.0-7 0.96 29.79 30.74 OK
r-devel-linux-x86_64-fedora-clang 1.0-7 50.75 NOTE
r-devel-linux-x86_64-fedora-gcc 1.0-7 49.34 NOTE
r-devel-osx-x86_64-clang 1.0-7 30.61 NOTE
r-devel-windows-ix86+x86_64 1.0-7 4.00 64.00 68.00 NOTE
r-patched-linux-x86_64 1.0-7 1.40 33.34 34.74 OK
r-patched-solaris-sparc 1.0-7 247.00 NOTE
r-patched-solaris-x86 1.0-7 54.00 NOTE
r-release-linux-x86_64 1.0-7 1.05 32.08 33.14 OK
r-release-osx-x86_64-mavericks 1.0-7 NOTE
r-release-windows-ix86+x86_64 1.0-7 4.00 84.00 88.00 NOTE
r-oldrel-windows-ix86+x86_64 1.0-7 5.00 72.00 77.00 NOTE

Check Details

Version: 1.0-7
Check: package dependencies
Result: NOTE
    Package suggested but not available for checking: ‘Sxslt’
Flavors: r-devel-linux-x86_64-fedora-clang, r-devel-linux-x86_64-fedora-gcc, r-devel-osx-x86_64-clang, r-devel-windows-ix86+x86_64, r-patched-solaris-sparc, r-patched-solaris-x86, r-release-osx-x86_64-mavericks, r-release-windows-ix86+x86_64, r-oldrel-windows-ix86+x86_64