CRAN Package Check Results for Package graphicsQC

Last updated on 2016-12-10 18:49:30.

Flavor Version Tinstall Tcheck Ttotal Status Flags
r-devel-linux-x86_64-debian-clang 1.0-8 1.24 33.61 34.85 OK
r-devel-linux-x86_64-debian-gcc 1.0-8 1.37 32.72 34.09 OK
r-devel-linux-x86_64-fedora-clang 1.0-8 73.56 OK --no-stop-on-test-error
r-devel-linux-x86_64-fedora-gcc 1.0-8 74.54 OK --no-stop-on-test-error
r-devel-macos-x86_64-clang 1.0-8 35.34 OK --no-stop-on-test-error
r-devel-windows-ix86+x86_64 1.0-8 5.00 90.00 95.00 NOTE
r-patched-linux-x86_64 1.0-8 1.11 30.43 31.54 OK
r-patched-solaris-sparc 1.0-8 250.40 NOTE
r-patched-solaris-x86 1.0-8 53.80 NOTE
r-release-linux-x86_64 1.0-8 1.06 30.12 31.18 OK
r-release-osx-x86_64-mavericks 1.0-8 NOTE
r-release-windows-ix86+x86_64 1.0-8 9.00 113.00 122.00 NOTE
r-oldrel-windows-ix86+x86_64 1.0-8 10.00 77.00 87.00 NOTE

Check Details

Version: 1.0-8
Check: package dependencies
Result: NOTE
    Package suggested but not available for checking: 'Sxslt'
Flavors: r-devel-windows-ix86+x86_64, r-patched-solaris-sparc, r-patched-solaris-x86, r-release-osx-x86_64-mavericks, r-release-windows-ix86+x86_64, r-oldrel-windows-ix86+x86_64