CRAN Package Check Results for Package graphicsQC

Last updated on 2017-12-11 02:48:38 CET.

Flavor Version Tinstall Tcheck Ttotal Status Flags
r-devel-linux-x86_64-debian-clang 1.0-8 1.31 43.67 44.98 OK
r-devel-linux-x86_64-debian-gcc 1.0-8 0.98 40.46 41.44 OK
r-devel-linux-x86_64-fedora-clang 1.0-8 66.87 OK
r-devel-linux-x86_64-fedora-gcc 1.0-8 65.43 OK
r-devel-windows-ix86+x86_64 1.0-8 5.00 74.00 79.00 NOTE
r-patched-linux-x86_64 1.0-8 1.43 50.19 51.62 OK
r-patched-solaris-x86 1.0-8 58.60 NOTE
r-release-linux-x86_64 1.0-8 1.17 50.39 51.56 OK
r-release-windows-ix86+x86_64 1.0-8 4.00 66.00 70.00 NOTE
r-release-osx-x86_64 1.0-8 NOTE
r-oldrel-windows-ix86+x86_64 1.0-8 8.00 82.00 90.00 NOTE
r-oldrel-osx-x86_64 1.0-8 NOTE

Check Details

Version: 1.0-8
Check: package dependencies
Result: NOTE
    Package suggested but not available for checking: 'Sxslt'
Flavors: r-devel-windows-ix86+x86_64, r-patched-solaris-x86, r-release-windows-ix86+x86_64, r-release-osx-x86_64, r-oldrel-windows-ix86+x86_64, r-oldrel-osx-x86_64