CRAN Package Check Results for Package graphicsQC

Last updated on 2017-08-23 01:46:21.

Flavor Version Tinstall Tcheck Ttotal Status Flags
r-devel-linux-x86_64-debian-clang 1.0-8 1.16 33.53 34.69 OK
r-devel-linux-x86_64-debian-gcc 1.0-8 1.00 32.96 33.96 OK
r-devel-linux-x86_64-fedora-clang 1.0-8 74.01 OK
r-devel-linux-x86_64-fedora-gcc 1.0-8 69.82 OK
r-devel-windows-ix86+x86_64 1.0-8 4.00 67.00 71.00 NOTE
r-patched-linux-x86_64 1.0-8 1.07 33.10 34.17 OK
r-patched-solaris-x86 1.0-8 70.10 NOTE
r-release-linux-x86_64 1.0-8 1.07 33.66 34.73 OK
r-release-windows-ix86+x86_64 1.0-8 4.00 66.00 70.00 NOTE
r-release-osx-x86_64 1.0-8 NOTE
r-oldrel-windows-ix86+x86_64 1.0-8 8.00 82.00 90.00 NOTE
r-oldrel-osx-x86_64 1.0-8 NOTE

Check Details

Version: 1.0-8
Check: package dependencies
Result: NOTE
    Package suggested but not available for checking: 'Sxslt'
Flavors: r-devel-windows-ix86+x86_64, r-patched-solaris-x86, r-release-windows-ix86+x86_64, r-release-osx-x86_64, r-oldrel-windows-ix86+x86_64, r-oldrel-osx-x86_64