CRAN Package Check Results for Package graphicsQC

Last updated on 2017-02-24 23:52:30.

Flavor Version Tinstall Tcheck Ttotal Status Flags
r-devel-linux-x86_64-debian-clang 1.0-8 1.09 33.36 34.45 OK
r-devel-linux-x86_64-debian-gcc 1.0-8 1.14 33.52 34.66 OK
r-devel-linux-x86_64-fedora-clang 1.0-8 73.46 OK --no-stop-on-test-error
r-devel-linux-x86_64-fedora-gcc 1.0-8 69.77 OK --no-stop-on-test-error
r-devel-macos-x86_64-clang 1.0-8 35.11 OK --no-stop-on-test-error
r-devel-windows-ix86+x86_64 1.0-8 4.00 86.00 90.00 NOTE
r-patched-linux-x86_64 1.0-8 0.97 30.34 31.31 OK
r-patched-solaris-sparc 1.0-8 270.50 NOTE
r-patched-solaris-x86 1.0-8 61.70 NOTE
r-release-linux-x86_64 1.0-8 1.02 30.23 31.25 OK
r-release-osx-x86_64-mavericks 1.0-8 NOTE
r-release-windows-ix86+x86_64 1.0-8 9.00 113.00 122.00 NOTE
r-oldrel-windows-ix86+x86_64 1.0-8 10.00 77.00 87.00 NOTE

Check Details

Version: 1.0-8
Check: package dependencies
Result: NOTE
    Package suggested but not available for checking: 'Sxslt'
Flavors: r-devel-windows-ix86+x86_64, r-patched-solaris-sparc, r-patched-solaris-x86, r-release-osx-x86_64-mavericks, r-release-windows-ix86+x86_64, r-oldrel-windows-ix86+x86_64