CRAN Package Check Results for Package graphicsQC

Last updated on 2014-12-22 06:48:37.

Flavor Version Tinstall Tcheck Ttotal Status Flags
r-devel-linux-x86_64-debian-clang 1.0-5 1.16 32.14 33.30 OK
r-devel-linux-x86_64-debian-gcc 1.0-5 1.09 31.40 32.50 OK
r-devel-linux-x86_64-fedora-clang 1.0-6 42.20 OK
r-devel-linux-x86_64-fedora-gcc 1.0-6 41.49 OK
r-devel-osx-x86_64-clang 1.0-6 44.78 OK
r-devel-windows-ix86+x86_64 1.0-5 5.00 28.00 33.00 NOTE --no-examples --no-tests --no-vignettes
r-patched-linux-x86_64 1.0-5 1.20 32.26 33.46 OK
r-patched-solaris-sparc 1.0-6 306.00 NOTE
r-patched-solaris-x86 1.0-6 58.90 NOTE
r-release-linux-ix86 1.0-5 1.64 44.17 45.81 OK
r-release-linux-x86_64 1.0-5 1.20 32.10 33.30 OK
r-release-osx-x86_64-mavericks 1.0-5 NOTE
r-release-osx-x86_64-snowleopard 1.0-5 NOTE
r-release-windows-ix86+x86_64 1.0-5 4.00 23.00 27.00 NOTE --no-examples --no-tests --no-vignettes
r-oldrel-windows-ix86+x86_64 1.0-5 4.00 23.00 27.00 NOTE --no-examples --no-tests --no-vignettes

Check Details

Version: 1.0-5
Flags: --no-examples --no-tests --no-vignettes
Check: package dependencies
Result: NOTE
    Package suggested but not available for checking: 'Sxslt'
Flavors: r-devel-windows-ix86+x86_64, r-release-windows-ix86+x86_64, r-oldrel-windows-ix86+x86_64

Version: 1.0-6
Check: package dependencies
Result: NOTE
    Package suggested but not available for checking: ‘Sxslt’
Flavors: r-patched-solaris-sparc, r-patched-solaris-x86

Version: 1.0-5
Check: package dependencies
Result: NOTE
    Package suggested but not available for checking: ‘Sxslt’
Flavors: r-release-osx-x86_64-mavericks, r-release-osx-x86_64-snowleopard