CRAN Package Check Results for Package graphicsQC

Last updated on 2014-04-25 09:52:15.

Flavor Version Tinstall Tcheck Ttotal Status Flags
r-devel-linux-x86_64-debian-clang 1.0-5 1.27 31.45 32.72 OK
r-devel-linux-x86_64-debian-gcc 1.0-5 1.28 30.18 31.46 OK
r-devel-linux-x86_64-fedora-clang 1.0-5 68.90 NOTE
r-devel-linux-x86_64-fedora-gcc 1.0-5 68.37 NOTE
r-devel-osx-x86_64-clang 1.0-5 38.84 NOTE
r-devel-osx-x86_64-gcc 1.0-5 ERROR
r-devel-windows-ix86+x86_64 1.0-5 4.00 23.00 27.00 NOTE --no-examples --no-tests --no-vignettes
r-patched-linux-x86_64 1.0-5 1.36 30.76 32.12 OK
r-patched-solaris-sparc 1.0-5 324.30 NOTE
r-patched-solaris-x86 1.0-5 82.40 NOTE
r-release-linux-ix86 1.0-5 2.00 64.00 66.00 OK
r-release-linux-x86_64 1.0-5 1.29 30.74 32.03 OK
r-release-osx-x86_64-mavericks 1.0-5 WARN
r-release-osx-x86_64-snowleopard 1.0-5 NOTE
r-release-windows-ix86+x86_64 1.0-5 8.00 23.00 31.00 NOTE --no-examples --no-tests --no-vignettes
r-oldrel-windows-ix86+x86_64 1.0-5 4.00 22.00 26.00 NOTE --no-examples --no-tests --no-vignettes

Check Details

Version: 1.0-5
Check: package dependencies
Result: NOTE
    Package suggested but not available for checking: ‘Sxslt’
Flavors: r-devel-linux-x86_64-fedora-clang, r-devel-linux-x86_64-fedora-gcc, r-devel-osx-x86_64-clang, r-patched-solaris-sparc, r-patched-solaris-x86, r-release-osx-x86_64-mavericks, r-release-osx-x86_64-snowleopard

Version: 1.0-5
Check: package dependencies
Result: ERROR
    Package required but not available: ‘XML’
    
    Package suggested but not available for checking: ‘Sxslt’
    
    See the information on DESCRIPTION files in the chapter ‘Creating R
    packages’ of the ‘Writing R Extensions’ manual.
Flavor: r-devel-osx-x86_64-gcc

Version: 1.0-5
Flags: --no-examples --no-tests --no-vignettes
Check: package dependencies
Result: NOTE
    Package suggested but not available for checking: 'Sxslt'
Flavors: r-devel-windows-ix86+x86_64, r-release-windows-ix86+x86_64, r-oldrel-windows-ix86+x86_64

Version: 1.0-5
Check: PDF version of manual
Result: WARNING
    LaTeX errors when creating PDF version.
    This typically indicates Rd problems.
    LaTeX errors found:
    ! LaTeX Error: File `upquote.sty' not found.
    
    Type X to quit or <RETURN> to proceed,
    or enter new name. (Default extension: sty)
    
    8364a0f/Rd2.tex:8: ==> Fatal error occurred, no output PDF file produced!
Flavor: r-release-osx-x86_64-mavericks