CRAN Package Check Results for Package graphicsQC

Last updated on 2016-09-30 08:49:08.

Flavor Version Tinstall Tcheck Ttotal Status Flags
r-devel-linux-x86_64-debian-clang 1.0-7 1.25 32.64 33.88 OK
r-devel-linux-x86_64-debian-gcc 1.0-7 1.36 32.80 34.16 OK
r-devel-linux-x86_64-fedora-clang 1.0-7 68.22 OK
r-devel-linux-x86_64-fedora-gcc 1.0-7 63.25 OK
r-devel-macos-x86_64-clang 1.0-7 30.18 OK
r-devel-windows-ix86+x86_64 1.0-7 7.00 82.00 89.00 NOTE
r-patched-linux-x86_64 1.0-7 1.05 30.52 31.57 OK
r-patched-solaris-sparc 1.0-7 247.00 NOTE
r-patched-solaris-x86 1.0-7 53.30 NOTE
r-release-linux-x86_64 1.0-7 1.03 31.25 32.28 OK
r-release-osx-x86_64-mavericks 1.0-7 NOTE
r-release-windows-ix86+x86_64 1.0-7 4.00 61.00 65.00 NOTE
r-oldrel-windows-ix86+x86_64 1.0-7 5.00 72.00 77.00 NOTE

Check Details

Version: 1.0-7
Check: package dependencies
Result: NOTE
    Package suggested but not available for checking: 'Sxslt'
Flavors: r-devel-windows-ix86+x86_64, r-patched-solaris-sparc, r-patched-solaris-x86, r-release-osx-x86_64-mavericks, r-release-windows-ix86+x86_64, r-oldrel-windows-ix86+x86_64