CRAN Package Check Results for Package graphicsQC

Last updated on 2014-09-21 03:49:03.

Flavor Version Tinstall Tcheck Ttotal Status Flags
r-devel-linux-x86_64-debian-clang 1.0-5 1.23 34.25 35.48 OK
r-devel-linux-x86_64-debian-gcc 1.0-5 1.11 34.17 35.28 OK
r-devel-linux-x86_64-fedora-clang 1.0-5 81.01 OK
r-devel-linux-x86_64-fedora-gcc 1.0-5 77.67 OK
r-devel-osx-x86_64-clang 1.0-5 43.64 OK
r-devel-windows-ix86+x86_64 1.0-5 5.00 22.00 27.00 NOTE --no-examples --no-tests --no-vignettes
r-patched-linux-x86_64 1.0-5 1.22 34.93 36.15 OK
r-patched-solaris-sparc 1.0-5 330.10 NOTE
r-patched-solaris-x86 1.0-5 69.80 NOTE
r-release-linux-ix86 1.0-5 1.66 46.07 47.73 OK
r-release-linux-x86_64 1.0-5 1.31 35.92 37.22 OK
r-release-osx-x86_64-mavericks 1.0-5 NOTE
r-release-osx-x86_64-snowleopard 1.0-5 NOTE
r-release-windows-ix86+x86_64 1.0-5 4.00 25.00 29.00 NOTE --no-examples --no-tests --no-vignettes
r-oldrel-windows-ix86+x86_64 1.0-5 7.00 24.00 31.00 NOTE --no-examples --no-tests --no-vignettes

Check Details

Version: 1.0-5
Flags: --no-examples --no-tests --no-vignettes
Check: package dependencies
Result: NOTE
    Package suggested but not available for checking: 'Sxslt'
Flavors: r-devel-windows-ix86+x86_64, r-release-windows-ix86+x86_64, r-oldrel-windows-ix86+x86_64

Version: 1.0-5
Check: package dependencies
Result: NOTE
    Package suggested but not available for checking: ‘Sxslt’
Flavors: r-patched-solaris-sparc, r-patched-solaris-x86, r-release-osx-x86_64-mavericks, r-release-osx-x86_64-snowleopard