CRAN Package Check Results for Package graphicsQC

Last updated on 2015-07-05 08:47:18.

Flavor Version Tinstall Tcheck Ttotal Status Flags
r-devel-linux-x86_64-debian-clang 1.0-6 1.06 31.09 32.15 NOTE
r-devel-linux-x86_64-debian-gcc 1.0-6 0.97 30.27 31.24 NOTE
r-devel-linux-x86_64-fedora-clang 1.0-6 67.14 NOTE
r-devel-linux-x86_64-fedora-gcc 1.0-6 65.04 NOTE
r-devel-osx-x86_64-clang 1.0-6 37.05 OK
r-devel-windows-ix86+x86_64 1.0-6 5.00 90.00 95.00 NOTE
r-patched-linux-x86_64 1.0-6 1.02 30.34 31.36 OK
r-patched-solaris-sparc 1.0-6 300.40 NOTE
r-patched-solaris-x86 1.0-6 65.80 NOTE
r-release-linux-x86_64 1.0-6 1.00 30.17 31.16 OK
r-release-osx-x86_64-mavericks 1.0-6 NOTE
r-release-windows-ix86+x86_64 1.0-6 5.00 51.00 56.00 NOTE
r-oldrel-windows-ix86+x86_64 1.0-6 5.00 25.00 30.00 ERROR

Check Details

Version: 1.0-6
Check: R code for possible problems
Result: NOTE
    evalPlotCode: no visible global function definition for ‘dev.off’
    generateBlankImages: no visible global function definition for ‘pdf’
    generateBlankImages: no visible global function definition for
     ‘dev.off’
    generateBlankImages: no visible global function definition for
     ‘postscript’
    writeReport: no visible global function definition for ‘browseURL’
    Undefined global functions or variables:
     browseURL dev.off pdf postscript
Flavors: r-devel-linux-x86_64-debian-clang, r-devel-linux-x86_64-debian-gcc, r-devel-linux-x86_64-fedora-clang, r-devel-linux-x86_64-fedora-gcc, r-devel-windows-ix86+x86_64

Version: 1.0-6
Check: package dependencies
Result: NOTE
    Package suggested but not available for checking: 'Sxslt'
Flavors: r-devel-windows-ix86+x86_64, r-patched-solaris-sparc, r-patched-solaris-x86, r-release-osx-x86_64-mavericks, r-release-windows-ix86+x86_64, r-oldrel-windows-ix86+x86_64

Version: 1.0-6
Check: tests
Result: ERROR
    Running the tests in 'tests/tests.R' failed.
    Last 13 lines of output:
     + c("pdf", "ps", "png"), "test1b/", "test", FALSE)
     > testA <- compare(test1a, test1b, erase = "none")
     Illegal option -r
     Error in file(con, "r") : cannot open the connection
     Calls: compare ... lapply -> FUN -> mapply -> <Anonymous> -> readLines -> file
     In addition: Warning messages:
     1: running command 'sh.exe -c compare -version' had status 2
     2: running command 'sh.exe -c diff d:/Rcompile/CRANpkg/local/3.1/graphicsQC.Rcheck/tests/test1a/test-1.pdf d:/Rcompile/CRANpkg/local/3.1/graphicsQC.Rcheck/tests/test1b/test-1.pdf > d:/Rcompile/CRANpkg/local/3.1/graphicsQC.Rcheck/tests/test1a/test-1-pdf+test-1-pdf.diff' had status 2
     3: In shell(cmd, intern = intern, ignore.stderr = ignore.stderr) :
     'diff d:/Rcompile/CRANpkg/local/3.1/graphicsQC.Rcheck/tests/test1a/test-1.pdf d:/Rcompile/CRANpkg/local/3.1/graphicsQC.Rcheck/tests/test1b/test-1.pdf > d:/Rcompile/CRANpkg/local/3.1/graphicsQC.Rcheck/tests/test1a/test-1-pdf+test-1-pdf.diff' execution failed with error code 2
     4: In file(con, "r") :
     cannot open file 'd:/Rcompile/CRANpkg/local/3.1/graphicsQC.Rcheck/tests/test1a/test-1-pdf+test-1-pdf.diff': No such file or directory
     Execution halted
Flavor: r-oldrel-windows-ix86+x86_64