CRAN Package Check Results for Package graphicsQC

Last updated on 2015-03-31 03:48:31.

Flavor Version Tinstall Tcheck Ttotal Status Flags
r-devel-linux-x86_64-debian-clang 1.0-6 1.08 30.84 31.92 OK
r-devel-linux-x86_64-debian-gcc 1.0-6 1.02 30.08 31.10 OK
r-devel-linux-x86_64-fedora-clang 1.0-6 66.93 OK
r-devel-linux-x86_64-fedora-gcc 1.0-6 68.66 OK
r-devel-osx-x86_64-clang 1.0-6 44.50 OK
r-prerel-windows-ix86+x86_64 1.0-6 6.00 52.00 58.00 NOTE
r-prerel-linux-x86_64 1.0-6 1.01 29.93 30.94 OK
r-prerel-solaris-sparc 1.0-6 288.00 NOTE
r-prerel-solaris-x86 1.0-6 66.80 NOTE
r-release-linux-x86_64 1.0-6 1.18 31.62 32.80 OK
r-release-osx-x86_64-mavericks 1.0-6 NOTE
r-release-osx-x86_64-snowleopard 1.0-6 NOTE
r-release-windows-ix86+x86_64 1.0-6 5.00 27.00 32.00 ERROR
r-oldrel-windows-ix86+x86_64 1.0-6 6.00 35.00 41.00 ERROR

Check Details

Version: 1.0-6
Check: package dependencies
Result: NOTE
    Package suggested but not available for checking: 'Sxslt'
Flavors: r-prerel-windows-ix86+x86_64, r-prerel-solaris-sparc, r-prerel-solaris-x86, r-release-osx-x86_64-mavericks, r-release-osx-x86_64-snowleopard, r-release-windows-ix86+x86_64, r-oldrel-windows-ix86+x86_64

Version: 1.0-6
Check: tests
Result: ERROR
    Running the tests in 'tests/tests.R' failed.
    Last 13 lines of output:
     + c("pdf", "ps", "png"), "test1b/", "test", FALSE)
     > testA <- compare(test1a, test1b, erase = "none")
     Illegal option -r
     Error in file(con, "r") : cannot open the connection
     Calls: compare ... lapply -> FUN -> mapply -> <Anonymous> -> readLines -> file
     In addition: Warning messages:
     1: running command 'sh.exe -c compare -version' had status 2
     2: running command 'sh.exe -c diff d:/Rcompile/CRANpkg/local/3.1/graphicsQC.Rcheck/tests/test1a/test-1.pdf d:/Rcompile/CRANpkg/local/3.1/graphicsQC.Rcheck/tests/test1b/test-1.pdf > d:/Rcompile/CRANpkg/local/3.1/graphicsQC.Rcheck/tests/test1a/test-1-pdf+test-1-pdf.diff' had status 2
     3: In shell(cmd, intern = intern, ignore.stderr = ignore.stderr) :
     'diff d:/Rcompile/CRANpkg/local/3.1/graphicsQC.Rcheck/tests/test1a/test-1.pdf d:/Rcompile/CRANpkg/local/3.1/graphicsQC.Rcheck/tests/test1b/test-1.pdf > d:/Rcompile/CRANpkg/local/3.1/graphicsQC.Rcheck/tests/test1a/test-1-pdf+test-1-pdf.diff' execution failed with error code 2
     4: In file(con, "r") :
     cannot open file 'd:/Rcompile/CRANpkg/local/3.1/graphicsQC.Rcheck/tests/test1a/test-1-pdf+test-1-pdf.diff': No such file or directory
     Execution halted
Flavor: r-release-windows-ix86+x86_64

Version: 1.0-6
Check: tests
Result: ERROR
    Running the tests in 'tests/tests.R' failed.
    Last 13 lines of output:
     + c("pdf", "ps", "png"), "test1b/", "test", FALSE)
     > testA <- compare(test1a, test1b, erase = "none")
     Illegal option -r
     Error in file(con, "r") : cannot open the connection
     Calls: compare ... lapply -> FUN -> mapply -> <Anonymous> -> readLines -> file
     In addition: Warning messages:
     1: running command 'sh.exe -c compare -version' had status 2
     2: running command 'sh.exe -c diff d:/Rcompile/CRANpkg/local/3.0/graphicsQC.Rcheck/tests/test1a/test-1.pdf d:/Rcompile/CRANpkg/local/3.0/graphicsQC.Rcheck/tests/test1b/test-1.pdf > d:/Rcompile/CRANpkg/local/3.0/graphicsQC.Rcheck/tests/test1a/test-1-pdf+test-1-pdf.diff' had status 2
     3: In shell(cmd, intern = intern, ignore.stderr = ignore.stderr) :
     'diff d:/Rcompile/CRANpkg/local/3.0/graphicsQC.Rcheck/tests/test1a/test-1.pdf d:/Rcompile/CRANpkg/local/3.0/graphicsQC.Rcheck/tests/test1b/test-1.pdf > d:/Rcompile/CRANpkg/local/3.0/graphicsQC.Rcheck/tests/test1a/test-1-pdf+test-1-pdf.diff' execution failed with error code 2
     4: In file(con, "r") :
     cannot open file 'd:/Rcompile/CRANpkg/local/3.0/graphicsQC.Rcheck/tests/test1a/test-1-pdf+test-1-pdf.diff': No such file or directory
     Execution halted
Flavor: r-oldrel-windows-ix86+x86_64