CRAN Package Check Results for Package graphicsQC

Last updated on 2017-03-27 18:49:48.

Flavor Version Tinstall Tcheck Ttotal Status Flags
r-devel-linux-x86_64-debian-clang 1.0-8 1.10 33.36 34.46 OK
r-devel-linux-x86_64-debian-gcc 1.0-8 1.05 32.48 33.54 OK
r-devel-linux-x86_64-fedora-clang 1.0-8 75.35 OK --no-stop-on-test-error
r-devel-linux-x86_64-fedora-gcc 1.0-8 73.33 OK --no-stop-on-test-error
r-devel-macos-x86_64-clang 1.0-8 34.75 OK --no-stop-on-test-error
r-devel-windows-ix86+x86_64 1.0-8 4.00 66.00 70.00 NOTE
r-patched-linux-x86_64 1.0-8 1.06 32.52 33.58 OK
r-patched-solaris-sparc 1.0-8 303.20 NOTE
r-patched-solaris-x86 1.0-8 67.40 NOTE
r-release-linux-x86_64 1.0-8 1.10 30.45 31.55 OK
r-release-osx-x86_64-mavericks 1.0-8 NOTE
r-release-windows-ix86+x86_64 1.0-8 9.00 113.00 122.00 NOTE
r-oldrel-windows-ix86+x86_64 1.0-8 10.00 77.00 87.00 NOTE

Check Details

Version: 1.0-8
Check: package dependencies
Result: NOTE
    Package suggested but not available for checking: 'Sxslt'
Flavors: r-devel-windows-ix86+x86_64, r-patched-solaris-sparc, r-patched-solaris-x86, r-release-osx-x86_64-mavericks, r-release-windows-ix86+x86_64, r-oldrel-windows-ix86+x86_64