CRAN Package Check Results for Package graphicsQC

Last updated on 2015-01-31 13:48:24.

Flavor Version Tinstall Tcheck Ttotal Status Flags
r-devel-linux-x86_64-debian-clang 1.0-6 1.28 30.43 31.71 OK
r-devel-linux-x86_64-debian-gcc 1.0-6 1.04 29.16 30.20 OK
r-devel-linux-x86_64-fedora-clang 1.0-6 67.27 OK
r-devel-linux-x86_64-fedora-gcc 1.0-6 64.57 OK
r-devel-osx-x86_64-clang 1.0-6 44.07 OK
r-devel-windows-ix86+x86_64 1.0-6 5.00 54.00 59.00 NOTE
r-patched-linux-x86_64 1.0-6 1.32 32.90 34.23 OK
r-patched-solaris-sparc 1.0-6 307.00 NOTE
r-patched-solaris-x86 1.0-6 85.90 NOTE
r-release-linux-ix86 1.0-6 1.56 56.36 57.92 OK
r-release-linux-x86_64 1.0-6 1.38 32.07 33.45 OK
r-release-osx-x86_64-mavericks 1.0-6 NOTE
r-release-osx-x86_64-snowleopard 1.0-6 NOTE
r-release-windows-ix86+x86_64 1.0-6 6.00 23.00 29.00 NOTE --no-examples --no-tests --no-vignettes
r-oldrel-windows-ix86+x86_64 1.0-6 6.00 24.00 30.00 NOTE --no-examples --no-tests --no-vignettes

Check Details

Version: 1.0-6
Check: package dependencies
Result: NOTE
    Package suggested but not available for checking: 'Sxslt'
Flavors: r-devel-windows-ix86+x86_64, r-patched-solaris-sparc, r-patched-solaris-x86, r-release-osx-x86_64-mavericks, r-release-osx-x86_64-snowleopard

Version: 1.0-6
Flags: --no-examples --no-tests --no-vignettes
Check: package dependencies
Result: NOTE
    Package suggested but not available for checking: 'Sxslt'
Flavors: r-release-windows-ix86+x86_64, r-oldrel-windows-ix86+x86_64