CRAN Package Check Results for Package graphicsQC

Last updated on 2015-09-02 22:47:50.

Flavor Version Tinstall Tcheck Ttotal Status Flags
r-devel-linux-x86_64-debian-clang 1.0-6 0.99 30.04 31.03 NOTE
r-devel-linux-x86_64-debian-gcc 1.0-6 0.90 29.44 30.34 NOTE
r-devel-linux-x86_64-fedora-clang 1.0-6 66.83 NOTE
r-devel-linux-x86_64-fedora-gcc 1.0-6 64.25 NOTE
r-devel-osx-x86_64-clang 1.0-6 35.85 OK
r-devel-windows-ix86+x86_64 1.0-6 4.00 79.00 83.00 NOTE
r-patched-linux-x86_64 1.0-6 1.04 30.18 31.22 OK
r-patched-solaris-sparc 1.0-6 283.40 NOTE
r-patched-solaris-x86 1.0-6 67.50 NOTE
r-release-linux-x86_64 1.0-6 1.06 30.42 31.48 OK
r-release-osx-x86_64-mavericks 1.0-6 NOTE
r-release-windows-ix86+x86_64 1.0-6 4.00 59.00 63.00 NOTE
r-oldrel-windows-ix86+x86_64 1.0-6 5.00 25.00 30.00 ERROR

Check Details

Version: 1.0-6
Check: R code for possible problems
Result: NOTE
    evalPlotCode: no visible global function definition for ‘dev.off’
    generateBlankImages: no visible global function definition for ‘pdf’
    generateBlankImages: no visible global function definition for
     ‘dev.off’
    generateBlankImages: no visible global function definition for
     ‘postscript’
    writeReport: no visible global function definition for ‘browseURL’
    Undefined global functions or variables:
     browseURL dev.off pdf postscript
    Consider adding
     importFrom("grDevices", "dev.off", "pdf", "postscript")
     importFrom("utils", "browseURL")
    to your NAMESPACE.
Flavors: r-devel-linux-x86_64-debian-clang, r-devel-linux-x86_64-debian-gcc, r-devel-linux-x86_64-fedora-clang, r-devel-linux-x86_64-fedora-gcc, r-devel-windows-ix86+x86_64

Version: 1.0-6
Check: package dependencies
Result: NOTE
    Package suggested but not available for checking: 'Sxslt'
Flavors: r-devel-windows-ix86+x86_64, r-patched-solaris-sparc, r-patched-solaris-x86, r-release-osx-x86_64-mavericks, r-release-windows-ix86+x86_64, r-oldrel-windows-ix86+x86_64

Version: 1.0-6
Check: tests
Result: ERROR
    Running the tests in 'tests/tests.R' failed.
    Last 13 lines of output:
     + c("pdf", "ps", "png"), "test1b/", "test", FALSE)
     > testA <- compare(test1a, test1b, erase = "none")
     Illegal option -r
     Error in file(con, "r") : cannot open the connection
     Calls: compare ... lapply -> FUN -> mapply -> <Anonymous> -> readLines -> file
     In addition: Warning messages:
     1: running command 'sh.exe -c compare -version' had status 2
     2: running command 'sh.exe -c diff d:/Rcompile/CRANpkg/local/3.1/graphicsQC.Rcheck/tests/test1a/test-1.pdf d:/Rcompile/CRANpkg/local/3.1/graphicsQC.Rcheck/tests/test1b/test-1.pdf > d:/Rcompile/CRANpkg/local/3.1/graphicsQC.Rcheck/tests/test1a/test-1-pdf+test-1-pdf.diff' had status 2
     3: In shell(cmd, intern = intern, ignore.stderr = ignore.stderr) :
     'diff d:/Rcompile/CRANpkg/local/3.1/graphicsQC.Rcheck/tests/test1a/test-1.pdf d:/Rcompile/CRANpkg/local/3.1/graphicsQC.Rcheck/tests/test1b/test-1.pdf > d:/Rcompile/CRANpkg/local/3.1/graphicsQC.Rcheck/tests/test1a/test-1-pdf+test-1-pdf.diff' execution failed with error code 2
     4: In file(con, "r") :
     cannot open file 'd:/Rcompile/CRANpkg/local/3.1/graphicsQC.Rcheck/tests/test1a/test-1-pdf+test-1-pdf.diff': No such file or directory
     Execution halted
Flavor: r-oldrel-windows-ix86+x86_64