CRAN Package Check Results for Package graphicsQC

Last updated on 2016-07-24 02:47:37.

Flavor Version Tinstall Tcheck Ttotal Status Flags
r-devel-linux-x86_64-debian-clang 1.0-7 1.18 37.44 38.63 OK
r-devel-linux-x86_64-debian-gcc 1.0-7 1.39 36.81 38.21 OK
r-devel-linux-x86_64-fedora-clang 1.0-7 52.02 NOTE
r-devel-linux-x86_64-fedora-gcc 1.0-7 49.60 NOTE
r-devel-osx-x86_64-clang 1.0-7 31.20 NOTE
r-devel-windows-ix86+x86_64 1.0-7 4.00 65.00 69.00 NOTE
r-patched-linux-x86_64 1.0-7 1.12 35.81 36.93 OK
r-patched-solaris-sparc 1.0-7 247.00 NOTE
r-patched-solaris-x86 1.0-7 53.50 NOTE
r-release-linux-x86_64 1.0-7 1.28 36.93 38.21 OK
r-release-osx-x86_64-mavericks 1.0-7 NOTE
r-release-windows-ix86+x86_64 1.0-7 4.00 84.00 88.00 NOTE
r-oldrel-windows-ix86+x86_64 1.0-7 5.00 72.00 77.00 NOTE

Check Details

Version: 1.0-7
Check: package dependencies
Result: NOTE
    Package suggested but not available for checking: ‘Sxslt’
Flavors: r-devel-linux-x86_64-fedora-clang, r-devel-linux-x86_64-fedora-gcc, r-devel-osx-x86_64-clang, r-devel-windows-ix86+x86_64, r-patched-solaris-sparc, r-patched-solaris-x86, r-release-osx-x86_64-mavericks, r-release-windows-ix86+x86_64, r-oldrel-windows-ix86+x86_64