CRAN Package Check Results for Package graphicsQC

Last updated on 2014-10-23 05:46:42.

Flavor Version Tinstall Tcheck Ttotal Status Flags
r-devel-linux-x86_64-debian-clang 1.0-5 1.21 35.79 37.00 OK
r-devel-linux-x86_64-debian-gcc 1.0-5 1.12 35.06 36.18 OK
r-devel-linux-x86_64-fedora-clang 1.0-5 82.41 OK
r-devel-linux-x86_64-fedora-gcc 1.0-5 78.96 OK
r-devel-osx-x86_64-clang 1.0-5 44.73 OK
r-devel-windows-ix86+x86_64 1.0-5 4.00 23.00 27.00 NOTE --no-examples --no-tests --no-vignettes
r-patched-linux-x86_64 1.0-5 1.22 35.74 36.97 OK
r-patched-solaris-sparc 1.0-5 330.10 NOTE
r-patched-solaris-x86 1.0-5 73.10 NOTE
r-release-linux-ix86 1.0-5 1.66 46.22 47.88 OK
r-release-linux-x86_64 1.0-5 1.32 35.51 36.83 OK
r-release-osx-x86_64-mavericks 1.0-5 NOTE
r-release-osx-x86_64-snowleopard 1.0-5 NOTE
r-release-windows-ix86+x86_64 1.0-5 4.00 25.00 29.00 NOTE --no-examples --no-tests --no-vignettes
r-oldrel-windows-ix86+x86_64 1.0-5 7.00 24.00 31.00 NOTE --no-examples --no-tests --no-vignettes

Check Details

Version: 1.0-5
Flags: --no-examples --no-tests --no-vignettes
Check: package dependencies
Result: NOTE
    Package suggested but not available for checking: 'Sxslt'
Flavors: r-devel-windows-ix86+x86_64, r-release-windows-ix86+x86_64, r-oldrel-windows-ix86+x86_64

Version: 1.0-5
Check: package dependencies
Result: NOTE
    Package suggested but not available for checking: ‘Sxslt’
Flavors: r-patched-solaris-sparc, r-patched-solaris-x86, r-release-osx-x86_64-mavericks, r-release-osx-x86_64-snowleopard