CRAN Package Check Results for Package graphicsQC

Last updated on 2014-07-23 09:49:49.

Flavor Version Tinstall Tcheck Ttotal Status Flags
r-devel-linux-x86_64-debian-clang 1.0-5 1.27 22.79 24.06 ERROR
r-devel-linux-x86_64-debian-gcc 1.0-5 1.16 22.28 23.44 ERROR
r-devel-linux-x86_64-fedora-clang 1.0-5 38.06 ERROR
r-devel-linux-x86_64-fedora-gcc 1.0-5 37.02 ERROR
r-devel-osx-x86_64-clang 1.0-5 19.43 ERROR
r-devel-windows-ix86+x86_64 1.0-5 4.00 23.00 27.00 NOTE --no-examples --no-tests --no-vignettes
r-patched-linux-x86_64 1.0-5 1.18 22.26 23.44 ERROR
r-patched-solaris-sparc 1.0-5 324.30 NOTE
r-patched-solaris-x86 1.0-5 88.10 NOTE
r-release-linux-ix86 1.0-5 1.62 34.36 35.99 ERROR
r-release-linux-x86_64 1.0-5 1.22 23.19 24.42 ERROR
r-release-osx-x86_64-mavericks 1.0-5 NOTE
r-release-osx-x86_64-snowleopard 1.0-5 NOTE
r-release-windows-ix86+x86_64 1.0-5 6.00 26.00 32.00 NOTE --no-examples --no-tests --no-vignettes
r-oldrel-windows-ix86+x86_64 1.0-5 4.00 22.00 26.00 NOTE --no-examples --no-tests --no-vignettes

Check Details

Version: 1.0-5
Check: tests
Result: ERROR
    Running the tests in ‘tests/tests.R’ failed.
    Last 13 lines of output:
     Internal error: Failed to evaluate the AVT of attribute 'href'.
     Error: 1: runtime error: file /home/hornik/tmp/R.check/r-devel-clang/Work/build/Packages/graphicsQC/xsl/plotExpr.xsl line 87 element a
     2: Internal error: Failed to evaluate the AVT of attribute 'href'.
     3: runtime error: file /home/hornik/tmp/R.check/r-devel-clang/Work/build/Packages/graphicsQC/xsl/plotExpr.xsl line 87 element a
     4: Internal error: Failed to evaluate the AVT of attribute 'href'.
     5: runtime error: file /home/hornik/tmp/R.check/r-devel-clang/Work/build/Packages/graphicsQC/xsl/plotExpr.xsl line 87 element a
     6: Internal error: Failed to evaluate the AVT of attribute 'href'.
     7: runtime error: file /home/hornik/tmp/R.check/r-devel-clang/Work/build/Packages/graphicsQC/xsl/plotExpr.xsl line 87 element a
     8: Internal error: Failed to evaluate the AVT of attribute 'href'.
     9: runtime error: file /home/hornik/tmp/R.check/r-devel-clang/Work/build/Packages/graphicsQC/xsl/plotExpr.xsl line 87 element a
     10: Internal error: Failed to evaluate the AVT of attribute 'href'.
     11: runtime erro
     Execution halted
Flavor: r-devel-linux-x86_64-debian-clang

Version: 1.0-5
Check: tests
Result: ERROR
    Running the tests in ‘tests/tests.R’ failed.
    Last 13 lines of output:
     Internal error: Failed to evaluate the AVT of attribute 'href'.
     Error: 1: runtime error: file /home/hornik/tmp/R.check/r-devel-gcc/Work/build/Packages/graphicsQC/xsl/plotExpr.xsl line 87 element a
     2: Internal error: Failed to evaluate the AVT of attribute 'href'.
     3: runtime error: file /home/hornik/tmp/R.check/r-devel-gcc/Work/build/Packages/graphicsQC/xsl/plotExpr.xsl line 87 element a
     4: Internal error: Failed to evaluate the AVT of attribute 'href'.
     5: runtime error: file /home/hornik/tmp/R.check/r-devel-gcc/Work/build/Packages/graphicsQC/xsl/plotExpr.xsl line 87 element a
     6: Internal error: Failed to evaluate the AVT of attribute 'href'.
     7: runtime error: file /home/hornik/tmp/R.check/r-devel-gcc/Work/build/Packages/graphicsQC/xsl/plotExpr.xsl line 87 element a
     8: Internal error: Failed to evaluate the AVT of attribute 'href'.
     9: runtime error: file /home/hornik/tmp/R.check/r-devel-gcc/Work/build/Packages/graphicsQC/xsl/plotExpr.xsl line 87 element a
     10: Internal error: Failed to evaluate the AVT of attribute 'href'.
     11: runtime error: file /h
     Execution halted
Flavor: r-devel-linux-x86_64-debian-gcc

Version: 1.0-5
Check: tests
Result: ERROR
    Running the tests in ‘tests/tests.R’ failed.
    Last 13 lines of output:
     Internal error: Failed to evaluate the AVT of attribute 'href'.
     Error: 1: runtime error: file /data/gannet/ripley/R/packages/tests-clang/graphicsQC.Rcheck/graphicsQC/xsl/plotExpr.xsl line 87 element a
     2: Internal error: Failed to evaluate the AVT of attribute 'href'.
     3: runtime error: file /data/gannet/ripley/R/packages/tests-clang/graphicsQC.Rcheck/graphicsQC/xsl/plotExpr.xsl line 87 element a
     4: Internal error: Failed to evaluate the AVT of attribute 'href'.
     5: runtime error: file /data/gannet/ripley/R/packages/tests-clang/graphicsQC.Rcheck/graphicsQC/xsl/plotExpr.xsl line 87 element a
     6: Internal error: Failed to evaluate the AVT of attribute 'href'.
     7: runtime error: file /data/gannet/ripley/R/packages/tests-clang/graphicsQC.Rcheck/graphicsQC/xsl/plotExpr.xsl line 87 element a
     8: Internal error: Failed to evaluate the AVT of attribute 'href'.
     9: runtime error: file /data/gannet/ripley/R/packages/tests-clang/graphicsQC.Rcheck/graphicsQC/xsl/plotExpr.xsl line 87 element a
     10: Internal error: Failed to evaluate the AVT of attribute 'href'.
     11: ru
     Execution halted
Flavor: r-devel-linux-x86_64-fedora-clang

Version: 1.0-5
Check: tests
Result: ERROR
    Running the tests in ‘tests/tests.R’ failed.
    Last 13 lines of output:
     Internal error: Failed to evaluate the AVT of attribute 'href'.
     Error: 1: runtime error: file /data/gannet/ripley/R/packages/tests-devel/graphicsQC.Rcheck/graphicsQC/xsl/plotExpr.xsl line 87 element a
     2: Internal error: Failed to evaluate the AVT of attribute 'href'.
     3: runtime error: file /data/gannet/ripley/R/packages/tests-devel/graphicsQC.Rcheck/graphicsQC/xsl/plotExpr.xsl line 87 element a
     4: Internal error: Failed to evaluate the AVT of attribute 'href'.
     5: runtime error: file /data/gannet/ripley/R/packages/tests-devel/graphicsQC.Rcheck/graphicsQC/xsl/plotExpr.xsl line 87 element a
     6: Internal error: Failed to evaluate the AVT of attribute 'href'.
     7: runtime error: file /data/gannet/ripley/R/packages/tests-devel/graphicsQC.Rcheck/graphicsQC/xsl/plotExpr.xsl line 87 element a
     8: Internal error: Failed to evaluate the AVT of attribute 'href'.
     9: runtime error: file /data/gannet/ripley/R/packages/tests-devel/graphicsQC.Rcheck/graphicsQC/xsl/plotExpr.xsl line 87 element a
     10: Internal error: Failed to evaluate the AVT of attribute 'href'.
     11: ru
     Execution halted
Flavor: r-devel-linux-x86_64-fedora-gcc

Version: 1.0-5
Check: tests
Result: ERROR
    Running the tests in ‘tests/tests.R’ failed.
    Last 13 lines of output:
     Internal error: Failed to evaluate the AVT of attribute 'href'.
     Error: 1: runtime error: file /Users/ripley/R/packages/tests-devel/graphicsQC.Rcheck/graphicsQC/xsl/plotExpr.xsl line 87 element a
     2: Internal error: Failed to evaluate the AVT of attribute 'href'.
     3: runtime error: file /Users/ripley/R/packages/tests-devel/graphicsQC.Rcheck/graphicsQC/xsl/plotExpr.xsl line 87 element a
     4: Internal error: Failed to evaluate the AVT of attribute 'href'.
     5: runtime error: file /Users/ripley/R/packages/tests-devel/graphicsQC.Rcheck/graphicsQC/xsl/plotExpr.xsl line 87 element a
     6: Internal error: Failed to evaluate the AVT of attribute 'href'.
     7: runtime error: file /Users/ripley/R/packages/tests-devel/graphicsQC.Rcheck/graphicsQC/xsl/plotExpr.xsl line 87 element a
     8: Internal error: Failed to evaluate the AVT of attribute 'href'.
     9: runtime error: file /Users/ripley/R/packages/tests-devel/graphicsQC.Rcheck/graphicsQC/xsl/plotExpr.xsl line 87 element a
     10: Internal error: Failed to evaluate the AVT of attribute 'href'.
     11: runtime error: file /Users/riple
     Execution halted
Flavor: r-devel-osx-x86_64-clang

Version: 1.0-5
Flags: --no-examples --no-tests --no-vignettes
Check: package dependencies
Result: NOTE
    Package suggested but not available for checking: 'Sxslt'
Flavors: r-devel-windows-ix86+x86_64, r-release-windows-ix86+x86_64, r-oldrel-windows-ix86+x86_64

Version: 1.0-5
Check: tests
Result: ERROR
    Running the tests in ‘tests/tests.R’ failed.
    Last 13 lines of output:
     Internal error: Failed to evaluate the AVT of attribute 'href'.
     Error: 1: runtime error: file /home/hornik/tmp/R.check/r-patched-gcc/Work/build/Packages/graphicsQC/xsl/plotExpr.xsl line 87 element a
     2: Internal error: Failed to evaluate the AVT of attribute 'href'.
     3: runtime error: file /home/hornik/tmp/R.check/r-patched-gcc/Work/build/Packages/graphicsQC/xsl/plotExpr.xsl line 87 element a
     4: Internal error: Failed to evaluate the AVT of attribute 'href'.
     5: runtime error: file /home/hornik/tmp/R.check/r-patched-gcc/Work/build/Packages/graphicsQC/xsl/plotExpr.xsl line 87 element a
     6: Internal error: Failed to evaluate the AVT of attribute 'href'.
     7: runtime error: file /home/hornik/tmp/R.check/r-patched-gcc/Work/build/Packages/graphicsQC/xsl/plotExpr.xsl line 87 element a
     8: Internal error: Failed to evaluate the AVT of attribute 'href'.
     9: runtime error: file /home/hornik/tmp/R.check/r-patched-gcc/Work/build/Packages/graphicsQC/xsl/plotExpr.xsl line 87 element a
     10: Internal error: Failed to evaluate the AVT of attribute 'href'.
     11: runtime erro
     Execution halted
Flavor: r-patched-linux-x86_64

Version: 1.0-5
Check: package dependencies
Result: NOTE
    Package suggested but not available for checking: ‘Sxslt’
Flavors: r-patched-solaris-sparc, r-patched-solaris-x86, r-release-osx-x86_64-mavericks, r-release-osx-x86_64-snowleopard

Version: 1.0-5
Check: tests
Result: ERROR
    Running the tests in ‘tests/tests.R’ failed.
    Last 13 lines of output:
     Internal error: Failed to evaluate the AVT of attribute 'href'.
     Error: 1: runtime error: file /home/hornik/tmp/R.check/r-release-gcc/Work/build/Packages/graphicsQC/xsl/plotExpr.xsl line 87 element a
     2: Internal error: Failed to evaluate the AVT of attribute 'href'.
     3: runtime error: file /home/hornik/tmp/R.check/r-release-gcc/Work/build/Packages/graphicsQC/xsl/plotExpr.xsl line 87 element a
     4: Internal error: Failed to evaluate the AVT of attribute 'href'.
     5: runtime error: file /home/hornik/tmp/R.check/r-release-gcc/Work/build/Packages/graphicsQC/xsl/plotExpr.xsl line 87 element a
     6: Internal error: Failed to evaluate the AVT of attribute 'href'.
     7: runtime error: file /home/hornik/tmp/R.check/r-release-gcc/Work/build/Packages/graphicsQC/xsl/plotExpr.xsl line 87 element a
     8: Internal error: Failed to evaluate the AVT of attribute 'href'.
     9: runtime error: file /home/hornik/tmp/R.check/r-release-gcc/Work/build/Packages/graphicsQC/xsl/plotExpr.xsl line 87 element a
     10: Internal error: Failed to evaluate the AVT of attribute 'href'.
     11: runtime erro
     Execution halted
Flavors: r-release-linux-ix86, r-release-linux-x86_64