CRAN Package Check Results for Package graphicsQC

Last updated on 2018-02-20 08:48:14 CET.

Flavor Version Tinstall Tcheck Ttotal Status Flags
r-devel-linux-x86_64-debian-clang 1.0-8 2.39 45.33 47.72 OK
r-devel-linux-x86_64-debian-gcc 1.0-8 2.06 40.13 42.19 OK
r-devel-linux-x86_64-fedora-clang 1.0-8 58.69 NOTE
r-devel-linux-x86_64-fedora-gcc 1.0-8 69.90 OK
r-devel-windows-ix86+x86_64 1.0-8 7.00 73.00 80.00 NOTE
r-patched-linux-x86_64 1.0-8 1.08 51.64 52.72 OK
r-patched-solaris-x86 1.0-8 59.30 NOTE
r-release-linux-x86_64 1.0-8 1.45 51.47 52.92 OK
r-release-windows-ix86+x86_64 1.0-8 4.00 101.00 105.00 NOTE
r-release-osx-x86_64 1.0-8 NOTE
r-oldrel-windows-ix86+x86_64 1.0-8 8.00 82.00 90.00 NOTE
r-oldrel-osx-x86_64 1.0-8 NOTE

Check Details

Version: 1.0-8
Check: package dependencies
Result: NOTE
    Package suggested but not available for checking: ‘Sxslt’
Flavors: r-devel-linux-x86_64-fedora-clang, r-devel-windows-ix86+x86_64, r-patched-solaris-x86, r-release-windows-ix86+x86_64, r-release-osx-x86_64, r-oldrel-windows-ix86+x86_64, r-oldrel-osx-x86_64