CRAN Package Check Results for Package graphicsQC

Last updated on 2017-10-20 04:47:11.

Flavor Version Tinstall Tcheck Ttotal Status Flags
r-devel-linux-x86_64-debian-clang 1.0-8 0.99 32.95 33.93 OK
r-devel-linux-x86_64-debian-gcc 1.0-8 0.98 35.85 36.83 OK
r-devel-linux-x86_64-fedora-clang 1.0-8 72.67 OK
r-devel-linux-x86_64-fedora-gcc 1.0-8 70.23 OK
r-devel-windows-ix86+x86_64 1.0-8 5.00 73.00 78.00 NOTE
r-patched-linux-x86_64 1.0-8 1.07 32.71 33.78 OK
r-patched-solaris-x86 1.0-8 69.60 NOTE
r-release-linux-x86_64 1.0-8 1.05 32.71 33.77 OK
r-release-windows-ix86+x86_64 1.0-8 4.00 66.00 70.00 NOTE
r-release-osx-x86_64 1.0-8 NOTE
r-oldrel-windows-ix86+x86_64 1.0-8 8.00 82.00 90.00 NOTE
r-oldrel-osx-x86_64 1.0-8 NOTE

Check Details

Version: 1.0-8
Check: package dependencies
Result: NOTE
    Package suggested but not available for checking: 'Sxslt'
Flavors: r-devel-windows-ix86+x86_64, r-patched-solaris-x86, r-release-windows-ix86+x86_64, r-release-osx-x86_64, r-oldrel-windows-ix86+x86_64, r-oldrel-osx-x86_64