CRAN Package Check Results for Package graphicsQC

Last updated on 2016-08-30 00:47:30.

Flavor Version Tinstall Tcheck Ttotal Status Flags
r-devel-linux-x86_64-debian-clang 1.0-7 1.10 31.55 32.65 OK
r-devel-linux-x86_64-debian-gcc 1.0-7 1.12 30.89 32.01 OK
r-devel-linux-x86_64-fedora-clang 1.0-7 66.14 OK
r-devel-linux-x86_64-fedora-gcc 1.0-7 63.52 OK
r-devel-osx-x86_64-clang 1.0-7 32.08 OK
r-devel-windows-ix86+x86_64 1.0-7 6.00 78.00 84.00 NOTE
r-patched-linux-x86_64 1.0-7 1.10 31.09 32.20 OK
r-patched-solaris-sparc 1.0-7 247.00 NOTE
r-patched-solaris-x86 1.0-7 53.80 NOTE
r-release-linux-x86_64 1.0-7 1.02 31.54 32.56 OK
r-release-osx-x86_64-mavericks 1.0-7 NOTE
r-release-windows-ix86+x86_64 1.0-7 4.00 84.00 88.00 NOTE
r-oldrel-windows-ix86+x86_64 1.0-7 5.00 72.00 77.00 NOTE

Check Details

Version: 1.0-7
Check: package dependencies
Result: NOTE
    Package suggested but not available for checking: 'Sxslt'
Flavors: r-devel-windows-ix86+x86_64, r-patched-solaris-sparc, r-patched-solaris-x86, r-release-osx-x86_64-mavericks, r-release-windows-ix86+x86_64, r-oldrel-windows-ix86+x86_64