Last updated on 2023-04-01 05:50:42 CEST.
Flavor | Version | Tinstall | Tcheck | Ttotal | Status | Flags |
---|---|---|---|---|---|---|
r-devel-linux-x86_64-debian-clang | 1.5.1 | 41.60 | 28.13 | 69.73 | NOTE | |
r-devel-linux-x86_64-debian-gcc | 1.5.1 | 34.69 | 23.14 | 57.83 | NOTE | |
r-devel-linux-x86_64-fedora-clang | 1.5.1 | 111.59 | NOTE | |||
r-devel-linux-x86_64-fedora-gcc | 1.5.1 | 103.00 | NOTE | |||
r-devel-windows-x86_64 | 1.5.1 | 55.00 | 0.00 | 55.00 | NOTE | |
r-patched-linux-x86_64 | 1.5.1 | 41.12 | 27.81 | 68.93 | NOTE | |
r-release-linux-x86_64 | 1.5.1 | 42.73 | 30.03 | 72.76 | OK | |
r-release-macos-arm64 | 1.5.1 | 40.00 | OK | |||
r-release-macos-x86_64 | 1.5.1 | 47.00 | OK | |||
r-release-windows-x86_64 | 1.5.1 | 51.00 | 84.00 | 135.00 | OK | |
r-oldrel-macos-arm64 | 1.5.1 | 39.00 | OK | |||
r-oldrel-macos-x86_64 | 1.5.1 | 51.00 | OK | |||
r-oldrel-windows-ix86+x86_64 | 1.5.1 | 109.00 | 86.00 | 195.00 | OK |
Version: 1.5.1
Check: C++ specification
Result: NOTE
Specified C++11: please drop specification unless essential
Flavors: r-devel-linux-x86_64-debian-clang, r-devel-linux-x86_64-debian-gcc, r-devel-linux-x86_64-fedora-clang, r-devel-linux-x86_64-fedora-gcc, r-devel-windows-x86_64, r-patched-linux-x86_64