CRAN Package Check Results for Package graphseg

Last updated on 2023-12-10 17:49:12 CET.

Flavor Version Tinstall Tcheck Ttotal Status Flags
r-devel-linux-x86_64-debian-clang 0.1.1 9.74 102.01 111.75 OK
r-devel-linux-x86_64-debian-gcc 0.1.1 10.25 77.16 87.41 OK
r-devel-linux-x86_64-fedora-clang 0.1.1 137.29 NOTE
r-devel-linux-x86_64-fedora-gcc 0.1.1 138.31 NOTE
r-devel-windows-x86_64 0.1.1 13.00 87.00 100.00 OK
r-patched-linux-x86_64 0.1.1 12.48 99.10 111.58 OK
r-release-linux-x86_64 0.1.1 11.74 98.14 109.88 OK
r-release-macos-arm64 0.1.1 48.00 OK
r-release-macos-x86_64 0.1.1 104.00 OK
r-release-windows-x86_64 0.1.1 16.00 104.00 120.00 OK
r-oldrel-macos-arm64 0.1.1 46.00 OK
r-oldrel-macos-x86_64 0.1.1 68.00 OK
r-oldrel-windows-x86_64 0.1.1 17.00 109.00 126.00 OK

Check Details

Version: 0.1.1
Check: data for non-ASCII characters
Result: NOTE Note: found 14768 marked UTF-8 strings Flavors: r-devel-linux-x86_64-fedora-clang, r-devel-linux-x86_64-fedora-gcc