CRAN Package Check Results for Package grattan

Last updated on 2022-05-25 05:53:39 CEST.

Flavor Version Tinstall Tcheck Ttotal Status Flags
r-devel-linux-x86_64-debian-clang 1.9.0.10 98.35 111.40 209.75 NOTE
r-devel-linux-x86_64-debian-gcc 1.9.0.10 77.34 80.37 157.71 NOTE
r-devel-linux-x86_64-fedora-clang 1.9.0.10 292.36 NOTE
r-devel-linux-x86_64-fedora-gcc 1.9.0.10 247.65 NOTE
r-devel-windows-x86_64 1.9.0.10 138.00 138.00 276.00 NOTE
r-patched-linux-x86_64 1.9.0.10 81.29 101.81 183.10 NOTE
r-release-linux-x86_64 1.9.0.10 NOTE
r-release-macos-arm64 1.9.0.10 64.00 NOTE
r-release-macos-x86_64 1.9.0.10 109.00 NOTE
r-release-windows-x86_64 1.9.0.10 173.00 142.00 315.00 NOTE
r-oldrel-macos-arm64 1.9.0.10 66.00 NOTE
r-oldrel-macos-x86_64 1.9.0.10 86.00 NOTE
r-oldrel-windows-ix86+x86_64 1.9.0.10 242.00 175.00 417.00 NOTE

Check Details

Version: 1.9.0.10
Check: package dependencies
Result: NOTE
    Packages suggested but not available for checking:
     'taxstats', 'taxstats1516'
Flavors: r-devel-linux-x86_64-debian-clang, r-devel-linux-x86_64-debian-gcc, r-devel-linux-x86_64-fedora-clang, r-devel-linux-x86_64-fedora-gcc, r-devel-windows-x86_64, r-patched-linux-x86_64, r-release-linux-x86_64, r-release-macos-arm64, r-release-macos-x86_64, r-release-windows-x86_64, r-oldrel-macos-arm64, r-oldrel-macos-x86_64, r-oldrel-windows-ix86+x86_64