CRAN Package Check Results for Package gregmisc

Last updated on 2014-04-16 06:47:54.

Flavor Version Tinstall Tcheck Ttotal Status Flags
r-devel-linux-x86_64-debian-clang 2.1.5 1.07 10.82 11.89 OK
r-devel-linux-x86_64-debian-gcc 2.1.5 0.98 11.11 12.10 OK
r-devel-linux-x86_64-fedora-clang 2.1.5 24.25 OK
r-devel-linux-x86_64-fedora-gcc 2.1.5 22.43 OK
r-devel-macosx-x86_64-clang 2.1.5 25.88 OK
r-devel-macosx-x86_64-gcc 2.1.5 OK
r-devel-windows-ix86+x86_64 2.1.5 5.00 20.00 25.00 OK
r-patched-linux-x86_64 2.1.5 1.00 10.99 11.98 OK
r-patched-solaris-sparc 2.1.5 132.40 OK
r-patched-solaris-x86 2.1.5 31.10 OK
r-release-linux-ix86 2.1.5 3.00 22.00 25.00 OK
r-release-linux-x86_64 2.1.5 1.12 11.00 12.12 OK
r-release-macosx-x86_64 2.1.5 ERROR
r-release-windows-ix86+x86_64 2.1.5 5.00 19.00 24.00 OK
r-oldrel-windows-ix86+x86_64 2.1.5 5.00 22.00 27.00 OK

Check Details

Version: 2.1.5
Check: whether package can be installed
Result: ERROR
    Installation failed.
    See ‘/Volumes/XT3/Builds/R-dev-web/QA/Simon/packages/snowleopard-x86_64/results/3.1/gregmisc.Rcheck/00install.out’ for details.
Flavor: r-release-macosx-x86_64