CRAN Package Check Results for Package gremlin

Last updated on 2024-02-21 01:49:21 CET.

Flavor Version Tinstall Tcheck Ttotal Status Flags
r-devel-linux-x86_64-debian-clang 1.0.1 NOTE
r-devel-linux-x86_64-debian-gcc 1.0.1 18.47 60.43 78.90 NOTE
r-devel-linux-x86_64-fedora-clang 1.0.1 125.78 OK
r-devel-linux-x86_64-fedora-gcc 1.0.1 129.89 OK
r-devel-windows-x86_64 1.0.1 25.00 96.00 121.00 OK
r-patched-linux-x86_64 1.0.1 21.71 77.65 99.36 OK
r-release-linux-x86_64 1.0.1 23.00 77.41 100.41 OK
r-release-macos-arm64 1.0.1 42.00 OK
r-release-macos-x86_64 1.0.1 67.00 OK
r-release-windows-x86_64 1.0.1 31.00 112.00 143.00 OK
r-oldrel-macos-arm64 1.0.1 46.00 OK
r-oldrel-windows-x86_64 1.0.1 28.00 105.00 133.00 OK

Check Details

Version: 1.0.1
Check: Rd files
Result: NOTE checkRd: (-1) covFun.Rd:89-90: Lost braces in \itemize; meant \describe ? checkRd: (-1) covFun.Rd:91-92: Lost braces in \itemize; meant \describe ? checkRd: (-1) covFun.Rd:93-95: Lost braces in \itemize; meant \describe ? checkRd: (-1) covFun.Rd:96-97: Lost braces in \itemize; meant \describe ? checkRd: (-1) covFun.Rd:98-99: Lost braces in \itemize; meant \describe ? checkRd: (-1) covFun.Rd:100-103: Lost braces in \itemize; meant \describe ? checkRd: (-1) covFun.Rd:104-106: Lost braces in \itemize; meant \describe ? checkRd: (-1) covFun.Rd:107-109: Lost braces in \itemize; meant \describe ? checkRd: (-1) covFun.Rd:110-111: Lost braces in \itemize; meant \describe ? checkRd: (-1) covFun.Rd:112-113: Lost braces in \itemize; meant \describe ? checkRd: (-1) covFun.Rd:114-115: Lost braces in \itemize; meant \describe ? checkRd: (-1) covFun.Rd:116-117: Lost braces in \itemize; meant \describe ? Flavors: r-devel-linux-x86_64-debian-clang, r-devel-linux-x86_64-debian-gcc