Last updated on 2022-05-21 16:49:03 CEST.
Flavor | Version | Tinstall | Tcheck | Ttotal | Status | Flags |
---|---|---|---|---|---|---|
r-devel-linux-x86_64-debian-clang | 0.7-2 | 19.14 | 148.13 | 167.27 | NOTE | |
r-devel-linux-x86_64-debian-gcc | 0.7-2 | 14.12 | 108.66 | 122.78 | NOTE | |
r-devel-linux-x86_64-fedora-clang | 0.7-2 | 195.73 | NOTE | |||
r-devel-linux-x86_64-fedora-gcc | 0.7-2 | 186.10 | NOTE | |||
r-devel-windows-x86_64 | 0.7-2 | 27.00 | 150.00 | 177.00 | NOTE | |
r-patched-linux-x86_64 | 0.7-2 | 11.06 | 135.91 | 146.97 | NOTE | |
r-release-linux-x86_64 | 0.7-2 | 11.23 | 139.19 | 150.42 | NOTE | |
r-release-macos-arm64 | 0.7-2 | 58.00 | NOTE | |||
r-release-macos-x86_64 | 0.7-2 | 83.00 | NOTE | |||
r-release-windows-x86_64 | 0.7-2 | 33.00 | 155.00 | 188.00 | NOTE | |
r-oldrel-macos-arm64 | 0.7-2 | 56.00 | NOTE | |||
r-oldrel-macos-x86_64 | 0.7-2 | 101.00 | NOTE | |||
r-oldrel-windows-ix86+x86_64 | 0.7-2 | 38.00 | 150.00 | 188.00 | NOTE |
Version: 0.7-2
Check: R code for possible problems
Result: NOTE
accrualReport: multiple local function definitions for 'gg' with
different formal arguments
Flavors: r-devel-linux-x86_64-debian-clang, r-devel-linux-x86_64-debian-gcc, r-devel-linux-x86_64-fedora-clang, r-devel-linux-x86_64-fedora-gcc, r-devel-windows-x86_64, r-patched-linux-x86_64, r-release-linux-x86_64, r-release-macos-arm64, r-release-macos-x86_64, r-release-windows-x86_64, r-oldrel-macos-arm64, r-oldrel-macos-x86_64, r-oldrel-windows-ix86+x86_64