Last updated on 2023-09-28 18:57:39 CEST.
Flavor | Version | Tinstall | Tcheck | Ttotal | Status | Flags |
---|---|---|---|---|---|---|
r-devel-linux-x86_64-debian-clang | 2.0.0 | 62.25 | 149.19 | 211.44 | OK | |
r-devel-linux-x86_64-debian-gcc | 2.0.0 | 46.64 | 109.69 | 156.33 | OK | |
r-devel-linux-x86_64-fedora-clang | 2.0.0 | 271.28 | OK | |||
r-devel-linux-x86_64-fedora-gcc | 2.0.0 | 226.36 | OK | |||
r-devel-windows-x86_64 | 2.0.0 | 47.00 | 141.00 | 188.00 | NOTE | |
r-patched-linux-x86_64 | 2.0.0 | 48.63 | 145.87 | 194.50 | OK | |
r-release-linux-x86_64 | 2.0.0 | 43.29 | 158.37 | 201.66 | OK | |
r-release-macos-arm64 | 2.0.0 | 80.00 | NOTE | |||
r-release-macos-x86_64 | 2.0.0 | 198.00 | NOTE | |||
r-release-windows-x86_64 | 2.0.0 | 70.00 | 181.00 | 251.00 | NOTE | |
r-oldrel-macos-arm64 | 2.0.0 | 83.00 | NOTE | |||
r-oldrel-macos-x86_64 | 2.0.0 | 106.00 | OK | |||
r-oldrel-windows-x86_64 | 2.0.0 | 67.00 | 165.00 | 232.00 | NOTE |
Version: 2.0.0
Check: package dependencies
Result: NOTE
Package suggested but not available for checking: 'doMC'
Flavors: r-devel-windows-x86_64, r-release-windows-x86_64, r-oldrel-windows-x86_64
Version: 2.0.0
Check: installed package size
Result: NOTE
installed size is 5.1Mb
sub-directories of 1Mb or more:
R 1.2Mb
doc 2.7Mb
Flavors: r-devel-windows-x86_64, r-release-macos-arm64, r-release-macos-x86_64, r-release-windows-x86_64, r-oldrel-macos-arm64, r-oldrel-windows-x86_64