CRAN Package Check Results for Package grf

Last updated on 2018-04-25 12:46:54 CEST.

Flavor Version Tinstall Tcheck Ttotal Status Flags
r-devel-linux-x86_64-debian-clang 0.9.6 140.98 55.01 195.99 NOTE
r-devel-linux-x86_64-debian-gcc 0.9.6 111.01 44.84 155.85 NOTE
r-devel-linux-x86_64-fedora-clang 0.9.6 284.84 NOTE
r-devel-linux-x86_64-fedora-gcc 0.9.6 255.65 NOTE
r-devel-windows-ix86+x86_64 0.9.6 414.00 91.00 505.00 NOTE
r-patched-linux-x86_64 0.9.6 143.30 54.77 198.07 NOTE
r-patched-solaris-x86 0.9.6 258.90 NOTE
r-release-linux-x86_64 0.9.6 145.36 55.12 200.48 NOTE
r-release-windows-ix86+x86_64 0.9.6 414.00 91.00 505.00 NOTE
r-release-osx-x86_64 0.9.6 NOTE
r-oldrel-windows-ix86+x86_64 0.9.6 306.00 120.00 426.00 NOTE
r-oldrel-osx-x86_64 0.9.6 NOTE

Check Details

Version: 0.9.6
Check: for GNU extensions in Makefiles
Result: NOTE
    GNU make is a SystemRequirements.
Flavors: r-devel-linux-x86_64-debian-clang, r-devel-linux-x86_64-debian-gcc, r-devel-linux-x86_64-fedora-clang, r-devel-linux-x86_64-fedora-gcc, r-devel-windows-ix86+x86_64, r-patched-linux-x86_64, r-patched-solaris-x86, r-release-linux-x86_64, r-release-windows-ix86+x86_64, r-release-osx-x86_64, r-oldrel-windows-ix86+x86_64, r-oldrel-osx-x86_64

Version: 0.9.6
Check: installed package size
Result: NOTE
     installed size is 16.9Mb
     sub-directories of 1Mb or more:
     libs 16.7Mb
Flavors: r-devel-linux-x86_64-fedora-clang, r-devel-linux-x86_64-fedora-gcc, r-release-osx-x86_64, r-oldrel-osx-x86_64