CRAN Package Check Results for Package grf

Last updated on 2018-10-22 01:50:42 CEST.

Flavor Version Tinstall Tcheck Ttotal Status Flags
r-devel-linux-x86_64-debian-clang 0.10.1 133.65 69.17 202.82 NOTE
r-devel-linux-x86_64-debian-gcc 0.10.1 111.46 54.89 166.35 NOTE
r-devel-linux-x86_64-fedora-clang 0.10.1 326.12 NOTE
r-devel-linux-x86_64-fedora-gcc 0.10.1 273.92 NOTE
r-devel-windows-ix86+x86_64 0.10.1 425.00 152.00 577.00 NOTE
r-patched-linux-x86_64 0.10.1 132.60 57.72 190.32 NOTE
r-patched-solaris-x86 0.10.1 268.40 NOTE
r-release-linux-x86_64 0.10.1 0.51 1.87 2.38 ERROR
r-release-windows-ix86+x86_64 0.10.1 455.00 136.00 591.00 NOTE
r-release-osx-x86_64 0.10.1 NOTE
r-oldrel-windows-ix86+x86_64 0.10.1 325.00 121.00 446.00 NOTE
r-oldrel-osx-x86_64 0.10.1 NOTE

Check Details

Version: 0.10.1
Check: for GNU extensions in Makefiles
Result: NOTE
    GNU make is a SystemRequirements.
Flavors: r-devel-linux-x86_64-debian-clang, r-devel-linux-x86_64-debian-gcc, r-devel-linux-x86_64-fedora-clang, r-devel-linux-x86_64-fedora-gcc, r-devel-windows-ix86+x86_64, r-patched-linux-x86_64, r-patched-solaris-x86, r-release-windows-ix86+x86_64, r-release-osx-x86_64, r-oldrel-windows-ix86+x86_64, r-oldrel-osx-x86_64

Version: 0.10.1
Check: installed package size
Result: NOTE
     installed size is 12.6Mb
     sub-directories of 1Mb or more:
     libs 12.3Mb
Flavors: r-devel-linux-x86_64-fedora-clang, r-release-osx-x86_64, r-oldrel-osx-x86_64

Version: 0.10.1
Check: package dependencies
Result: ERROR
    Package required but not available: ‘DiagrammeR’
    
    See section ‘The DESCRIPTION file’ in the ‘Writing R Extensions’
    manual.
Flavor: r-release-linux-x86_64