CRAN Package Check Results for Package grf

Last updated on 2018-07-22 03:48:27 CEST.

Flavor Version Tinstall Tcheck Ttotal Status Flags
r-devel-linux-x86_64-debian-clang 0.10.0 138.49 64.88 203.37 NOTE
r-devel-linux-x86_64-debian-gcc 0.10.0 113.59 51.42 165.01 NOTE
r-devel-linux-x86_64-fedora-clang 0.10.0 289.90 NOTE
r-devel-linux-x86_64-fedora-gcc 0.10.0 269.41 NOTE
r-devel-windows-ix86+x86_64 0.10.0 423.00 99.00 522.00 NOTE
r-patched-linux-x86_64 0.10.0 NOTE
r-patched-solaris-x86 0.10.0 269.10 NOTE
r-release-linux-x86_64 0.10.0 142.41 55.80 198.21 NOTE
r-release-windows-ix86+x86_64 0.10.0 428.00 129.00 557.00 NOTE
r-release-osx-x86_64 0.10.0 NOTE
r-oldrel-windows-ix86+x86_64 0.10.0 332.00 145.00 477.00 NOTE
r-oldrel-osx-x86_64 0.10.0 NOTE

Check Details

Version: 0.10.0
Check: for GNU extensions in Makefiles
Result: NOTE
    GNU make is a SystemRequirements.
Flavors: r-devel-linux-x86_64-debian-clang, r-devel-linux-x86_64-debian-gcc, r-devel-linux-x86_64-fedora-clang, r-devel-linux-x86_64-fedora-gcc, r-devel-windows-ix86+x86_64, r-patched-linux-x86_64, r-patched-solaris-x86, r-release-linux-x86_64, r-release-windows-ix86+x86_64, r-release-osx-x86_64, r-oldrel-windows-ix86+x86_64, r-oldrel-osx-x86_64

Version: 0.10.0
Check: installed package size
Result: NOTE
     installed size is 16.9Mb
     sub-directories of 1Mb or more:
     libs 16.7Mb
Flavors: r-devel-linux-x86_64-fedora-clang, r-release-osx-x86_64, r-oldrel-osx-x86_64