CRAN Package Check Results for Package grf

Last updated on 2019-01-17 20:47:05 CET.

Flavor Version Tinstall Tcheck Ttotal Status Flags
r-devel-linux-x86_64-debian-clang 0.10.2 145.22 61.43 206.65 NOTE
r-devel-linux-x86_64-debian-gcc 0.10.2 129.80 50.60 180.40 NOTE
r-devel-linux-x86_64-fedora-clang 0.10.2 335.42 NOTE
r-devel-linux-x86_64-fedora-gcc 0.10.2 266.75 NOTE
r-devel-windows-ix86+x86_64 0.10.2 477.00 128.00 605.00 NOTE
r-patched-linux-x86_64 0.10.2 148.00 58.28 206.28 NOTE
r-patched-solaris-x86 0.10.2 297.30 NOTE
r-release-linux-x86_64 0.10.2 157.20 58.67 215.87 NOTE
r-release-windows-ix86+x86_64 0.10.2 443.00 141.00 584.00 NOTE
r-release-osx-x86_64 0.10.2 NOTE
r-oldrel-windows-ix86+x86_64 0.10.2 338.00 134.00 472.00 NOTE
r-oldrel-osx-x86_64 0.10.2 NOTE

Check Details

Version: 0.10.2
Check: for GNU extensions in Makefiles
Result: NOTE
    GNU make is a SystemRequirements.
Flavors: r-devel-linux-x86_64-debian-clang, r-devel-linux-x86_64-debian-gcc, r-devel-linux-x86_64-fedora-clang, r-devel-linux-x86_64-fedora-gcc, r-devel-windows-ix86+x86_64, r-patched-linux-x86_64, r-patched-solaris-x86, r-release-linux-x86_64, r-release-windows-ix86+x86_64, r-release-osx-x86_64, r-oldrel-windows-ix86+x86_64, r-oldrel-osx-x86_64

Version: 0.10.2
Check: installed package size
Result: NOTE
     installed size is 14.2Mb
     sub-directories of 1Mb or more:
     libs 14.0Mb
Flavors: r-devel-linux-x86_64-fedora-clang, r-release-osx-x86_64, r-oldrel-osx-x86_64