CRAN Package Check Results for Package gridBase

Last updated on 2016-09-27 03:50:51.

Flavor Version Tinstall Tcheck Ttotal Status Flags
r-devel-linux-x86_64-debian-clang 0.4-7 0.70 11.59 12.28 NOTE
r-devel-linux-x86_64-debian-gcc 0.4-7 0.64 11.54 12.17 NOTE
r-devel-linux-x86_64-fedora-clang 0.4-7 21.03 NOTE
r-devel-linux-x86_64-fedora-gcc 0.4-7 19.78 NOTE
r-devel-macos-x86_64-clang 0.4-7 19.06 NOTE
r-devel-windows-ix86+x86_64 0.4-7 3.00 40.00 43.00 NOTE
r-patched-linux-x86_64 0.4-7 0.58 11.69 12.27 NOTE
r-patched-solaris-sparc 0.4-7 117.30 NOTE
r-patched-solaris-x86 0.4-7 28.50 NOTE
r-release-linux-x86_64 0.4-7 0.67 11.59 12.25 NOTE
r-release-osx-x86_64-mavericks 0.4-7 NOTE
r-release-windows-ix86+x86_64 0.4-7 4.00 44.00 48.00 NOTE
r-oldrel-windows-ix86+x86_64 0.4-7 7.00 39.00 46.00 NOTE

Check Details

Version: 0.4-7
Check: DESCRIPTION meta-information
Result: NOTE
    Malformed Description field: should contain one or more complete sentences.
Flavors: r-devel-linux-x86_64-debian-clang, r-devel-linux-x86_64-debian-gcc, r-devel-linux-x86_64-fedora-clang, r-devel-linux-x86_64-fedora-gcc, r-devel-macos-x86_64-clang, r-devel-windows-ix86+x86_64, r-patched-linux-x86_64, r-patched-solaris-sparc, r-patched-solaris-x86, r-release-linux-x86_64, r-release-osx-x86_64-mavericks, r-release-windows-ix86+x86_64, r-oldrel-windows-ix86+x86_64