CRAN Package Check Results for Package gridBase

Last updated on 2017-10-16 23:47:28.

Flavor Version Tinstall Tcheck Ttotal Status Flags
r-devel-linux-x86_64-debian-clang 0.4-7 0.69 16.78 17.47 NOTE
r-devel-linux-x86_64-debian-gcc 0.4-7 0.90 16.82 17.72 NOTE
r-devel-linux-x86_64-fedora-clang 0.4-7 26.30 NOTE
r-devel-linux-x86_64-fedora-gcc 0.4-7 24.97 NOTE
r-devel-windows-ix86+x86_64 0.4-7 4.00 36.00 40.00 NOTE
r-patched-linux-x86_64 0.4-7 0.68 15.73 16.41 NOTE
r-patched-solaris-x86 0.4-7 34.10 NOTE
r-release-linux-x86_64 0.4-7 0.67 15.33 16.00 NOTE
r-release-windows-ix86+x86_64 0.4-7 2.00 34.00 36.00 NOTE
r-release-osx-x86_64 0.4-7 NOTE
r-oldrel-windows-ix86+x86_64 0.4-7 4.00 41.00 45.00 NOTE
r-oldrel-osx-x86_64 0.4-7 NOTE

Check Details

Version: 0.4-7
Check: DESCRIPTION meta-information
Result: NOTE
    Malformed Description field: should contain one or more complete sentences.
Flavors: r-devel-linux-x86_64-debian-clang, r-devel-linux-x86_64-debian-gcc, r-devel-linux-x86_64-fedora-clang, r-devel-linux-x86_64-fedora-gcc, r-devel-windows-ix86+x86_64, r-patched-linux-x86_64, r-patched-solaris-x86, r-release-linux-x86_64, r-release-windows-ix86+x86_64, r-release-osx-x86_64, r-oldrel-windows-ix86+x86_64, r-oldrel-osx-x86_64