CRAN Package Check Results for Package gridBase

Last updated on 2015-03-01 00:49:38.

Flavor Version Tinstall Tcheck Ttotal Status Flags
r-devel-linux-x86_64-debian-clang 0.4-7 0.55 12.04 12.59 NOTE
r-devel-linux-x86_64-debian-gcc 0.4-7 0.54 11.62 12.16 NOTE
r-devel-linux-x86_64-fedora-clang 0.4-7 25.65 NOTE
r-devel-linux-x86_64-fedora-gcc 0.4-7 25.26 NOTE
r-devel-osx-x86_64-clang 0.4-7 31.78 NOTE
r-devel-windows-ix86+x86_64 0.4-7 4.00 21.00 25.00 NOTE
r-patched-linux-x86_64 0.4-7 0.59 13.08 13.67 OK
r-patched-solaris-sparc 0.4-7 161.30 OK
r-patched-solaris-x86 0.4-7 40.50 OK
r-release-linux-ix86 0.4-7 0.89 20.81 21.70 OK
r-release-linux-x86_64 0.4-7 0.62 12.94 13.56 OK
r-release-osx-x86_64-mavericks 0.4-7 OK
r-release-osx-x86_64-snowleopard 0.4-7 OK
r-release-windows-ix86+x86_64 0.4-7 3.00 22.00 25.00 OK
r-oldrel-windows-ix86+x86_64 0.4-7 3.00 24.00 27.00 OK

Check Details

Version: 0.4-7
Check: DESCRIPTION meta-information
Result: NOTE
    Malformed Description field: should contain one or more complete sentences.
Flavors: r-devel-linux-x86_64-debian-clang, r-devel-linux-x86_64-debian-gcc, r-devel-linux-x86_64-fedora-clang, r-devel-linux-x86_64-fedora-gcc, r-devel-osx-x86_64-clang, r-devel-windows-ix86+x86_64