CRAN Package Check Results for Package gridBase

Last updated on 2017-08-18 17:47:44.

Flavor Version Tinstall Tcheck Ttotal Status Flags
r-devel-linux-x86_64-debian-clang 0.4-7 0.72 15.74 16.46 NOTE
r-devel-linux-x86_64-debian-gcc 0.4-7 0.68 15.53 16.21 NOTE
r-devel-linux-x86_64-fedora-clang 0.4-7 24.74 NOTE
r-devel-linux-x86_64-fedora-gcc 0.4-7 24.14 NOTE
r-devel-windows-ix86+x86_64 0.4-7 2.00 41.00 43.00 NOTE
r-patched-linux-x86_64 0.4-7 0.60 15.41 16.01 NOTE
r-patched-solaris-x86 0.4-7 33.80 NOTE
r-release-linux-x86_64 0.4-7 0.60 15.93 16.53 NOTE
r-release-windows-ix86+x86_64 0.4-7 3.00 49.00 52.00 NOTE
r-release-osx-x86_64 0.4-7 NOTE
r-oldrel-windows-ix86+x86_64 0.4-7 3.00 43.00 46.00 NOTE
r-oldrel-osx-x86_64 0.4-7 NOTE

Check Details

Version: 0.4-7
Check: DESCRIPTION meta-information
Result: NOTE
    Malformed Description field: should contain one or more complete sentences.
Flavors: r-devel-linux-x86_64-debian-clang, r-devel-linux-x86_64-debian-gcc, r-devel-linux-x86_64-fedora-clang, r-devel-linux-x86_64-fedora-gcc, r-devel-windows-ix86+x86_64, r-patched-linux-x86_64, r-patched-solaris-x86, r-release-linux-x86_64, r-release-windows-ix86+x86_64, r-release-osx-x86_64, r-oldrel-windows-ix86+x86_64, r-oldrel-osx-x86_64