CRAN Package Check Results for Package gridBase

Last updated on 2015-04-01 03:49:17.

Flavor Version Tinstall Tcheck Ttotal Status Flags
r-devel-linux-x86_64-debian-clang 0.4-7 0.70 12.43 13.13 NOTE
r-devel-linux-x86_64-debian-gcc 0.4-7 0.55 12.69 13.24 NOTE
r-devel-linux-x86_64-fedora-clang 0.4-7 25.45 NOTE
r-devel-linux-x86_64-fedora-gcc 0.4-7 25.00 NOTE
r-devel-osx-x86_64-clang 0.4-7 35.76 NOTE
r-prerel-windows-ix86+x86_64 0.4-7 4.00 20.00 24.00 NOTE
r-prerel-linux-x86_64 0.4-7 0.54 11.80 12.34 NOTE
r-prerel-solaris-sparc 0.4-7 141.80 NOTE
r-prerel-solaris-x86 0.4-7 35.10 NOTE
r-release-linux-x86_64 0.4-7 0.62 12.84 13.46 OK
r-release-osx-x86_64-mavericks 0.4-7 OK
r-release-osx-x86_64-snowleopard 0.4-7 OK
r-release-windows-ix86+x86_64 0.4-7 2.00 24.00 26.00 OK
r-oldrel-windows-ix86+x86_64 0.4-7 3.00 22.00 25.00 OK

Check Details

Version: 0.4-7
Check: DESCRIPTION meta-information
Result: NOTE
    Malformed Description field: should contain one or more complete sentences.
Flavors: r-devel-linux-x86_64-debian-clang, r-devel-linux-x86_64-debian-gcc, r-devel-linux-x86_64-fedora-clang, r-devel-linux-x86_64-fedora-gcc, r-devel-osx-x86_64-clang, r-prerel-windows-ix86+x86_64, r-prerel-linux-x86_64, r-prerel-solaris-sparc, r-prerel-solaris-x86