CRAN Package Check Results for Package gridBase

Last updated on 2017-06-25 22:47:54.

Flavor Version Tinstall Tcheck Ttotal Status Flags
r-devel-linux-x86_64-debian-clang 0.4-7 0.66 16.02 16.68 NOTE
r-devel-linux-x86_64-debian-gcc 0.4-7 0.64 15.33 15.97 NOTE
r-devel-linux-x86_64-fedora-clang 0.4-7 25.12 NOTE
r-devel-linux-x86_64-fedora-gcc 0.4-7 23.40 NOTE
r-devel-windows-ix86+x86_64 0.4-7 4.00 37.00 41.00 NOTE
r-patched-linux-x86_64 0.4-7 0.66 15.20 15.86 NOTE
r-patched-solaris-sparc 0.4-7 141.10 NOTE
r-patched-solaris-x86 0.4-7 34.60 NOTE
r-release-linux-x86_64 0.4-7 0.60 15.72 16.32 NOTE
r-release-windows-ix86+x86_64 0.4-7 2.00 50.00 52.00 NOTE
r-release-osx-x86_64 0.4-7 NOTE
r-oldrel-windows-ix86+x86_64 0.4-7 2.00 40.00 42.00 NOTE
r-oldrel-osx-x86_64 0.4-7 NOTE

Check Details

Version: 0.4-7
Check: DESCRIPTION meta-information
Result: NOTE
    Malformed Description field: should contain one or more complete sentences.
Flavors: r-devel-linux-x86_64-debian-clang, r-devel-linux-x86_64-debian-gcc, r-devel-linux-x86_64-fedora-clang, r-devel-linux-x86_64-fedora-gcc, r-devel-windows-ix86+x86_64, r-patched-linux-x86_64, r-patched-solaris-sparc, r-patched-solaris-x86, r-release-linux-x86_64, r-release-windows-ix86+x86_64, r-release-osx-x86_64, r-oldrel-windows-ix86+x86_64, r-oldrel-osx-x86_64