CRAN Package Check Results for Package gridBase

Last updated on 2016-02-09 01:48:05.

Flavor Version Tinstall Tcheck Ttotal Status Flags
r-devel-linux-x86_64-debian-gcc 0.4-7 0.61 10.41 11.02 NOTE
r-devel-linux-x86_64-fedora-clang 0.4-7 20.50 NOTE
r-devel-linux-x86_64-fedora-gcc 0.4-7 19.14 NOTE
r-devel-osx-x86_64-clang 0.4-7 25.18 NOTE
r-devel-windows-ix86+x86_64 0.4-7 4.00 23.00 27.00 NOTE
r-patched-linux-x86_64 0.4-7 0.62 11.78 12.41 NOTE
r-patched-solaris-sparc 0.4-7 132.90 NOTE
r-patched-solaris-x86 0.4-7 31.70 NOTE
r-release-linux-x86_64 0.4-7 0.58 11.76 12.34 NOTE
r-release-osx-x86_64-mavericks 0.4-7 NOTE
r-release-windows-ix86+x86_64 0.4-7 5.00 21.00 26.00 NOTE
r-oldrel-windows-ix86+x86_64 0.4-7 4.00 22.00 26.00 OK

Check Details

Version: 0.4-7
Check: DESCRIPTION meta-information
Result: NOTE
    Malformed Description field: should contain one or more complete sentences.
Flavors: r-devel-linux-x86_64-debian-gcc, r-devel-linux-x86_64-fedora-clang, r-devel-linux-x86_64-fedora-gcc, r-devel-osx-x86_64-clang, r-devel-windows-ix86+x86_64, r-patched-linux-x86_64, r-patched-solaris-sparc, r-patched-solaris-x86, r-release-linux-x86_64, r-release-osx-x86_64-mavericks, r-release-windows-ix86+x86_64