CRAN Package Check Results for Package gridBase

Last updated on 2016-05-24 15:46:43.

Flavor Version Tinstall Tcheck Ttotal Status Flags
r-devel-linux-x86_64-debian-gcc 0.4-7 0.60 11.51 12.12 NOTE
r-devel-linux-x86_64-fedora-clang 0.4-7 22.96 NOTE
r-devel-linux-x86_64-fedora-gcc 0.4-7 19.03 NOTE
r-devel-osx-x86_64-clang 0.4-7 24.85 NOTE
r-devel-windows-ix86+x86_64 0.4-7 2.00 43.00 45.00 NOTE
r-patched-linux-x86_64 0.4-7 0.64 11.60 12.24 NOTE
r-patched-solaris-sparc 0.4-7 117.70 NOTE
r-patched-solaris-x86 0.4-7 29.80 NOTE
r-release-linux-x86_64 0.4-7 0.58 11.35 11.93 NOTE
r-release-osx-x86_64-mavericks 0.4-7 NOTE
r-release-windows-ix86+x86_64 0.4-7 2.00 43.00 45.00 NOTE
r-oldrel-windows-ix86+x86_64 0.4-7 3.00 29.00 32.00 NOTE

Check Details

Version: 0.4-7
Check: DESCRIPTION meta-information
Result: NOTE
    Malformed Description field: should contain one or more complete sentences.
Flavors: r-devel-linux-x86_64-debian-gcc, r-devel-linux-x86_64-fedora-clang, r-devel-linux-x86_64-fedora-gcc, r-devel-osx-x86_64-clang, r-devel-windows-ix86+x86_64, r-patched-linux-x86_64, r-patched-solaris-sparc, r-patched-solaris-x86, r-release-linux-x86_64, r-release-osx-x86_64-mavericks, r-release-windows-ix86+x86_64, r-oldrel-windows-ix86+x86_64