CRAN Package Check Results for Package gridBase

Last updated on 2017-05-25 06:47:51.

Flavor Version Tinstall Tcheck Ttotal Status Flags
r-devel-linux-x86_64-debian-clang 0.4-7 0.62 15.95 16.58 NOTE
r-devel-linux-x86_64-debian-gcc 0.4-7 0.68 15.35 16.03 NOTE
r-devel-linux-x86_64-fedora-clang 0.4-7 24.76 NOTE --no-stop-on-test-error
r-devel-linux-x86_64-fedora-gcc 0.4-7 23.68 NOTE --no-stop-on-test-error
r-devel-windows-ix86+x86_64 0.4-7 2.00 58.00 60.00 NOTE
r-patched-linux-x86_64 0.4-7 0.74 15.58 16.32 NOTE
r-patched-solaris-sparc 0.4-7 141.10 NOTE
r-patched-solaris-x86 0.4-7 34.20 NOTE
r-release-linux-x86_64 0.4-7 0.67 15.35 16.02 NOTE
r-release-windows-ix86+x86_64 0.4-7 2.00 206.00 208.00 NOTE
r-release-osx-x86_64 0.4-7 NOTE
r-oldrel-windows-ix86+x86_64 0.4-7 3.00 49.00 52.00 NOTE
r-oldrel-osx-x86_64 0.4-7 NOTE

Check Details

Version: 0.4-7
Check: DESCRIPTION meta-information
Result: NOTE
    Malformed Description field: should contain one or more complete sentences.
Flavors: r-devel-linux-x86_64-debian-clang, r-devel-linux-x86_64-debian-gcc, r-devel-windows-ix86+x86_64, r-patched-linux-x86_64, r-patched-solaris-sparc, r-patched-solaris-x86, r-release-linux-x86_64, r-release-windows-ix86+x86_64, r-release-osx-x86_64, r-oldrel-windows-ix86+x86_64, r-oldrel-osx-x86_64

Version: 0.4-7
Flags: --no-stop-on-test-error
Check: DESCRIPTION meta-information
Result: NOTE
    Malformed Description field: should contain one or more complete sentences.
Flavors: r-devel-linux-x86_64-fedora-clang, r-devel-linux-x86_64-fedora-gcc