CRAN Package Check Results for Package gridBase

Last updated on 2017-01-20 07:49:40.

Flavor Version Tinstall Tcheck Ttotal Status Flags
r-devel-linux-x86_64-debian-clang 0.4-7 0.68 15.24 15.92 NOTE
r-devel-linux-x86_64-debian-gcc 0.4-7 0.60 15.27 15.87 NOTE
r-devel-linux-x86_64-fedora-clang 0.4-7 24.59 NOTE --no-stop-on-test-error
r-devel-linux-x86_64-fedora-gcc 0.4-7 22.87 NOTE --no-stop-on-test-error
r-devel-macos-x86_64-clang 0.4-7 21.44 NOTE --no-stop-on-test-error
r-devel-windows-ix86+x86_64 0.4-7 4.00 80.00 84.00 NOTE
r-patched-linux-x86_64 0.4-7 0.56 11.48 12.04 NOTE
r-patched-solaris-sparc 0.4-7 121.30 NOTE
r-patched-solaris-x86 0.4-7 29.50 NOTE
r-release-linux-x86_64 0.4-7 0.55 11.20 11.75 NOTE
r-release-osx-x86_64-mavericks 0.4-7 NOTE
r-release-windows-ix86+x86_64 0.4-7 2.00 40.00 42.00 NOTE
r-oldrel-windows-ix86+x86_64 0.4-7 3.00 39.00 42.00 NOTE

Check Details

Version: 0.4-7
Check: DESCRIPTION meta-information
Result: NOTE
    Malformed Description field: should contain one or more complete sentences.
Flavors: r-devel-linux-x86_64-debian-clang, r-devel-linux-x86_64-debian-gcc, r-devel-windows-ix86+x86_64, r-patched-linux-x86_64, r-patched-solaris-sparc, r-patched-solaris-x86, r-release-linux-x86_64, r-release-osx-x86_64-mavericks, r-release-windows-ix86+x86_64, r-oldrel-windows-ix86+x86_64

Version: 0.4-7
Flags: --no-stop-on-test-error
Check: DESCRIPTION meta-information
Result: NOTE
    Malformed Description field: should contain one or more complete sentences.
Flavors: r-devel-linux-x86_64-fedora-clang, r-devel-linux-x86_64-fedora-gcc, r-devel-macos-x86_64-clang