CRAN Package Check Results for Package gridBase

Last updated on 2014-04-23 17:47:45.

Flavor Version Tinstall Tcheck Ttotal Status Flags
r-devel-linux-x86_64-debian-clang 0.4-7 0.60 12.59 13.19 OK
r-devel-linux-x86_64-debian-gcc 0.4-7 0.64 12.45 13.09 OK
r-devel-linux-x86_64-fedora-clang 0.4-7 27.89 OK
r-devel-linux-x86_64-fedora-gcc 0.4-7 26.74 OK
r-devel-osx-x86_64-clang 0.4-7 28.99 OK
r-devel-osx-x86_64-gcc 0.4-7 OK
r-devel-windows-ix86+x86_64 0.4-7 2.00 20.00 22.00 OK
r-patched-linux-x86_64 0.4-7 0.59 12.49 13.08 OK
r-patched-solaris-sparc 0.4-7 169.20 OK
r-patched-solaris-x86 0.4-7 41.10 OK
r-release-linux-ix86 0.4-7 2.00 28.00 30.00 OK
r-release-linux-x86_64 0.4-7 0.66 12.42 13.08 OK
r-release-osx-x86_64-mavericks 0.4-7 WARN
r-release-osx-x86_64-snowleopard 0.4-7 OK
r-release-windows-ix86+x86_64 0.4-7 2.00 19.00 21.00 OK
r-oldrel-windows-ix86+x86_64 0.4-7 2.00 21.00 23.00 OK

Check Details

Version: 0.4-7
Check: PDF version of manual
Result: WARNING
    LaTeX errors when creating PDF version.
    This typically indicates Rd problems.
    LaTeX errors found:
    ! LaTeX Error: File `upquote.sty' not found.
    
    Type X to quit or <RETURN> to proceed,
    or enter new name. (Default extension: sty)
    
    8f22ae3/Rd2.tex:8: ==> Fatal error occurred, no output PDF file produced!
Flavor: r-release-osx-x86_64-mavericks