CRAN Package Check Results for Package gridBase

Last updated on 2015-05-24 22:47:02.

Flavor Version Tinstall Tcheck Ttotal Status Flags
r-devel-linux-x86_64-debian-clang 0.4-7 0.56 12.00 12.57 NOTE
r-devel-linux-x86_64-debian-gcc 0.4-7 0.55 12.31 12.86 NOTE
r-devel-linux-x86_64-fedora-clang 0.4-7 25.20 NOTE
r-devel-linux-x86_64-fedora-gcc 0.4-7 24.85 NOTE
r-devel-osx-x86_64-clang 0.4-7 31.83 NOTE
r-devel-windows-ix86+x86_64 0.4-7 3.00 21.00 24.00 NOTE
r-patched-linux-x86_64 0.4-7 0.73 11.79 12.52 NOTE
r-patched-solaris-sparc 0.4-7 150.50 NOTE
r-patched-solaris-x86 0.4-7 35.50 NOTE
r-release-linux-x86_64 0.4-7 0.56 12.39 12.95 NOTE
r-release-osx-x86_64-mavericks 0.4-7 NOTE
r-release-osx-x86_64-snowleopard 0.4-7 NOTE
r-release-windows-ix86+x86_64 0.4-7 3.00 19.00 22.00 NOTE
r-oldrel-windows-ix86+x86_64 0.4-7 3.00 33.00 36.00 OK

Check Details

Version: 0.4-7
Check: DESCRIPTION meta-information
Result: NOTE
    Malformed Description field: should contain one or more complete sentences.
Flavors: r-devel-linux-x86_64-debian-clang, r-devel-linux-x86_64-debian-gcc, r-devel-linux-x86_64-fedora-clang, r-devel-linux-x86_64-fedora-gcc, r-devel-osx-x86_64-clang, r-devel-windows-ix86+x86_64, r-patched-linux-x86_64, r-patched-solaris-sparc, r-patched-solaris-x86, r-release-linux-x86_64, r-release-osx-x86_64-mavericks, r-release-osx-x86_64-snowleopard, r-release-windows-ix86+x86_64