CRAN Package Check Results for Package gridBase

Last updated on 2018-02-25 17:48:49 CET.

Flavor Version Tinstall Tcheck Ttotal Status Flags
r-devel-linux-x86_64-debian-clang 0.4-7 0.82 20.75 21.57 NOTE
r-devel-linux-x86_64-debian-gcc 0.4-7 0.67 16.59 17.26 NOTE
r-devel-linux-x86_64-fedora-clang 0.4-7 27.05 NOTE
r-devel-linux-x86_64-fedora-gcc 0.4-7 26.09 NOTE
r-devel-windows-ix86+x86_64 0.4-7 3.00 54.00 57.00 NOTE
r-patched-linux-x86_64 0.4-7 0.64 23.24 23.88 NOTE
r-patched-solaris-x86 0.4-7 34.10 NOTE
r-release-linux-x86_64 0.4-7 0.74 23.23 23.97 NOTE
r-release-windows-ix86+x86_64 0.4-7 3.00 49.00 52.00 NOTE
r-release-osx-x86_64 0.4-7 NOTE
r-oldrel-windows-ix86+x86_64 0.4-7 2.00 48.00 50.00 NOTE
r-oldrel-osx-x86_64 0.4-7 NOTE

Check Details

Version: 0.4-7
Check: DESCRIPTION meta-information
Result: NOTE
    Malformed Description field: should contain one or more complete sentences.
Flavors: r-devel-linux-x86_64-debian-clang, r-devel-linux-x86_64-debian-gcc, r-devel-linux-x86_64-fedora-clang, r-devel-linux-x86_64-fedora-gcc, r-devel-windows-ix86+x86_64, r-patched-linux-x86_64, r-patched-solaris-x86, r-release-linux-x86_64, r-release-windows-ix86+x86_64, r-release-osx-x86_64, r-oldrel-windows-ix86+x86_64, r-oldrel-osx-x86_64