CRAN Package Check Results for Package gridBase

Last updated on 2016-06-30 17:51:38.

Flavor Version Tinstall Tcheck Ttotal Status Flags
r-devel-linux-x86_64-debian-gcc 0.4-7 0.66 12.71 13.38 NOTE
r-devel-linux-x86_64-fedora-clang 0.4-7 20.74 NOTE
r-devel-linux-x86_64-fedora-gcc 0.4-7 19.14 NOTE
r-devel-osx-x86_64-clang 0.4-7 18.75 NOTE
r-devel-windows-ix86+x86_64 0.4-7 2.00 46.00 48.00 NOTE
r-patched-linux-x86_64 0.4-7 0.67 13.48 14.15 NOTE
r-patched-solaris-sparc 0.4-7 117.30 NOTE
r-patched-solaris-x86 0.4-7 29.40 NOTE
r-release-linux-x86_64 0.4-7 0.65 12.49 13.15 NOTE
r-release-osx-x86_64-mavericks 0.4-7 NOTE
r-release-windows-ix86+x86_64 0.4-7 4.00 31.00 35.00 NOTE
r-oldrel-windows-ix86+x86_64 0.4-7 5.00 39.00 44.00 NOTE

Check Details

Version: 0.4-7
Check: DESCRIPTION meta-information
Result: NOTE
    Malformed Description field: should contain one or more complete sentences.
Flavors: r-devel-linux-x86_64-debian-gcc, r-devel-linux-x86_64-fedora-clang, r-devel-linux-x86_64-fedora-gcc, r-devel-osx-x86_64-clang, r-devel-windows-ix86+x86_64, r-patched-linux-x86_64, r-patched-solaris-sparc, r-patched-solaris-x86, r-release-linux-x86_64, r-release-osx-x86_64-mavericks, r-release-windows-ix86+x86_64, r-oldrel-windows-ix86+x86_64