CRAN Package Check Results for Package gridBase

Last updated on 2016-08-29 19:48:19.

Flavor Version Tinstall Tcheck Ttotal Status Flags
r-devel-linux-x86_64-debian-clang 0.4-7 1.51 11.67 13.19 NOTE
r-devel-linux-x86_64-debian-gcc 0.4-7 0.66 11.51 12.17 NOTE
r-devel-linux-x86_64-fedora-clang 0.4-7 20.87 NOTE
r-devel-linux-x86_64-fedora-gcc 0.4-7 19.48 NOTE
r-devel-osx-x86_64-clang 0.4-7 18.92 NOTE
r-devel-windows-ix86+x86_64 0.4-7 7.00 31.00 38.00 NOTE
r-patched-linux-x86_64 0.4-7 0.56 11.55 12.11 NOTE
r-patched-solaris-sparc 0.4-7 117.30 NOTE
r-patched-solaris-x86 0.4-7 28.00 NOTE
r-release-linux-x86_64 0.4-7 0.69 11.65 12.34 NOTE
r-release-osx-x86_64-mavericks 0.4-7 NOTE
r-release-windows-ix86+x86_64 0.4-7 3.00 47.00 50.00 NOTE
r-oldrel-windows-ix86+x86_64 0.4-7 5.00 39.00 44.00 NOTE

Check Details

Version: 0.4-7
Check: DESCRIPTION meta-information
Result: NOTE
    Malformed Description field: should contain one or more complete sentences.
Flavors: r-devel-linux-x86_64-debian-clang, r-devel-linux-x86_64-debian-gcc, r-devel-linux-x86_64-fedora-clang, r-devel-linux-x86_64-fedora-gcc, r-devel-osx-x86_64-clang, r-devel-windows-ix86+x86_64, r-patched-linux-x86_64, r-patched-solaris-sparc, r-patched-solaris-x86, r-release-linux-x86_64, r-release-osx-x86_64-mavericks, r-release-windows-ix86+x86_64, r-oldrel-windows-ix86+x86_64