CRAN Package Check Results for Package gridBase

Last updated on 2017-12-14 15:48:25 CET.

Flavor Version Tinstall Tcheck Ttotal Status Flags
r-devel-linux-x86_64-debian-clang 0.4-7 0.64 21.58 22.22 NOTE
r-devel-linux-x86_64-debian-gcc 0.4-7 0.58 20.28 20.86 NOTE
r-devel-linux-x86_64-fedora-clang 0.4-7 26.18 NOTE
r-devel-linux-x86_64-fedora-gcc 0.4-7 24.67 NOTE
r-devel-windows-ix86+x86_64 0.4-7 6.00 36.00 42.00 NOTE
r-patched-linux-x86_64 0.4-7 0.71 22.35 23.06 NOTE
r-patched-solaris-x86 0.4-7 35.60 NOTE
r-release-linux-x86_64 0.4-7 0.58 22.80 23.38 NOTE
r-release-windows-ix86+x86_64 0.4-7 2.00 52.00 54.00 NOTE
r-release-osx-x86_64 0.4-7 NOTE
r-oldrel-windows-ix86+x86_64 0.4-7 3.00 42.00 45.00 NOTE
r-oldrel-osx-x86_64 0.4-7 NOTE

Check Details

Version: 0.4-7
Check: DESCRIPTION meta-information
Result: NOTE
    Malformed Description field: should contain one or more complete sentences.
Flavors: r-devel-linux-x86_64-debian-clang, r-devel-linux-x86_64-debian-gcc, r-devel-linux-x86_64-fedora-clang, r-devel-linux-x86_64-fedora-gcc, r-devel-windows-ix86+x86_64, r-patched-linux-x86_64, r-patched-solaris-x86, r-release-linux-x86_64, r-release-windows-ix86+x86_64, r-release-osx-x86_64, r-oldrel-windows-ix86+x86_64, r-oldrel-osx-x86_64