CRAN Package Check Results for Package gridBase

Last updated on 2018-04-24 10:47:04 CEST.

Flavor Version Tinstall Tcheck Ttotal Status Flags
r-devel-linux-x86_64-debian-clang 0.4-7 0.92 18.82 19.74 NOTE
r-devel-linux-x86_64-debian-gcc 0.4-7 0.82 16.80 17.62 NOTE
r-devel-linux-x86_64-fedora-clang 0.4-7 26.75 NOTE
r-devel-linux-x86_64-fedora-gcc 0.4-7 25.25 NOTE
r-devel-windows-ix86+x86_64 0.4-7 4.00 35.00 39.00 NOTE
r-patched-linux-x86_64 0.4-7 1.04 20.63 21.67 NOTE
r-patched-solaris-x86 0.4-7 39.90 NOTE
r-release-linux-x86_64 0.4-7 0.71 20.55 21.26 NOTE
r-release-windows-ix86+x86_64 0.4-7 4.00 35.00 39.00 NOTE
r-release-osx-x86_64 0.4-7 NOTE
r-oldrel-windows-ix86+x86_64 0.4-7 3.00 51.00 54.00 NOTE
r-oldrel-osx-x86_64 0.4-7 NOTE

Check Details

Version: 0.4-7
Check: DESCRIPTION meta-information
Result: NOTE
    Malformed Description field: should contain one or more complete sentences.
Flavors: r-devel-linux-x86_64-debian-clang, r-devel-linux-x86_64-debian-gcc, r-devel-linux-x86_64-fedora-clang, r-devel-linux-x86_64-fedora-gcc, r-devel-windows-ix86+x86_64, r-patched-linux-x86_64, r-patched-solaris-x86, r-release-linux-x86_64, r-release-windows-ix86+x86_64, r-release-osx-x86_64, r-oldrel-windows-ix86+x86_64, r-oldrel-osx-x86_64