CRAN Package Check Results for Package gridBase

Last updated on 2016-07-23 16:46:52.

Flavor Version Tinstall Tcheck Ttotal Status Flags
r-devel-linux-x86_64-debian-clang 0.4-7 0.68 13.24 13.92 NOTE
r-devel-linux-x86_64-debian-gcc 0.4-7 0.70 13.23 13.94 NOTE
r-devel-linux-x86_64-fedora-clang 0.4-7 20.82 NOTE
r-devel-linux-x86_64-fedora-gcc 0.4-7 19.49 NOTE
r-devel-osx-x86_64-clang 0.4-7 19.02 NOTE
r-devel-windows-ix86+x86_64 0.4-7 2.00 42.00 44.00 NOTE
r-patched-linux-x86_64 0.4-7 0.62 12.80 13.42 NOTE
r-patched-solaris-sparc 0.4-7 117.30 NOTE
r-patched-solaris-x86 0.4-7 28.60 NOTE
r-release-linux-x86_64 0.4-7 0.71 13.53 14.24 NOTE
r-release-osx-x86_64-mavericks 0.4-7 NOTE
r-release-windows-ix86+x86_64 0.4-7 2.00 46.00 48.00 NOTE
r-oldrel-windows-ix86+x86_64 0.4-7 4.00 28.00 32.00 NOTE

Check Details

Version: 0.4-7
Check: DESCRIPTION meta-information
Result: NOTE
    Malformed Description field: should contain one or more complete sentences.
Flavors: r-devel-linux-x86_64-debian-clang, r-devel-linux-x86_64-debian-gcc, r-devel-linux-x86_64-fedora-clang, r-devel-linux-x86_64-fedora-gcc, r-devel-osx-x86_64-clang, r-devel-windows-ix86+x86_64, r-patched-linux-x86_64, r-patched-solaris-sparc, r-patched-solaris-x86, r-release-linux-x86_64, r-release-osx-x86_64-mavericks, r-release-windows-ix86+x86_64, r-oldrel-windows-ix86+x86_64