CRAN Package Check Results for Package gridBase

Last updated on 2018-06-21 23:50:23 CEST.

Flavor Version Tinstall Tcheck Ttotal Status Flags
r-devel-linux-x86_64-debian-clang 0.4-7 0.96 20.15 21.11 NOTE
r-devel-linux-x86_64-debian-gcc 0.4-7 0.84 17.78 18.62 NOTE
r-devel-linux-x86_64-fedora-clang 0.4-7 28.28 NOTE
r-devel-linux-x86_64-fedora-gcc 0.4-7 26.78 NOTE
r-devel-windows-ix86+x86_64 0.4-7 5.00 54.00 59.00 NOTE
r-patched-linux-x86_64 0.4-7 0.99 21.14 22.13 NOTE
r-patched-solaris-x86 0.4-7 40.60 NOTE
r-release-linux-x86_64 0.4-7 0.96 20.77 21.73 NOTE
r-release-windows-ix86+x86_64 0.4-7 2.00 48.00 50.00 NOTE
r-release-osx-x86_64 0.4-7 NOTE
r-oldrel-windows-ix86+x86_64 0.4-7 3.00 36.00 39.00 NOTE
r-oldrel-osx-x86_64 0.4-7 NOTE

Check Details

Version: 0.4-7
Check: DESCRIPTION meta-information
Result: NOTE
    Malformed Description field: should contain one or more complete sentences.
Flavors: r-devel-linux-x86_64-debian-clang, r-devel-linux-x86_64-debian-gcc, r-devel-linux-x86_64-fedora-clang, r-devel-linux-x86_64-fedora-gcc, r-devel-windows-ix86+x86_64, r-patched-linux-x86_64, r-patched-solaris-x86, r-release-linux-x86_64, r-release-windows-ix86+x86_64, r-release-osx-x86_64, r-oldrel-windows-ix86+x86_64, r-oldrel-osx-x86_64