CRAN Package Check Results for Package gridBase

Last updated on 2015-07-28 03:48:16.

Flavor Version Tinstall Tcheck Ttotal Status Flags
r-devel-linux-x86_64-debian-clang 0.4-7 0.62 12.30 12.92 NOTE
r-devel-linux-x86_64-debian-gcc 0.4-7 0.60 11.45 12.05 NOTE
r-devel-linux-x86_64-fedora-clang 0.4-7 24.39 NOTE
r-devel-linux-x86_64-fedora-gcc 0.4-7 22.79 NOTE
r-devel-osx-x86_64-clang 0.4-7 26.05 NOTE
r-devel-windows-ix86+x86_64 0.4-7 2.00 20.00 22.00 NOTE
r-patched-linux-x86_64 0.4-7 0.56 11.82 12.38 NOTE
r-patched-solaris-sparc 0.4-7 146.80 NOTE
r-patched-solaris-x86 0.4-7 35.70 NOTE
r-release-linux-x86_64 0.4-7 0.56 11.89 12.44 NOTE
r-release-osx-x86_64-mavericks 0.4-7 NOTE
r-release-windows-ix86+x86_64 0.4-7 3.00 28.00 31.00 NOTE
r-oldrel-windows-ix86+x86_64 0.4-7 3.00 24.00 27.00 OK

Check Details

Version: 0.4-7
Check: DESCRIPTION meta-information
Result: NOTE
    Malformed Description field: should contain one or more complete sentences.
Flavors: r-devel-linux-x86_64-debian-clang, r-devel-linux-x86_64-debian-gcc, r-devel-linux-x86_64-fedora-clang, r-devel-linux-x86_64-fedora-gcc, r-devel-osx-x86_64-clang, r-devel-windows-ix86+x86_64, r-patched-linux-x86_64, r-patched-solaris-sparc, r-patched-solaris-x86, r-release-linux-x86_64, r-release-osx-x86_64-mavericks, r-release-windows-ix86+x86_64