CRAN Package Check Results for Package gridBase

Last updated on 2016-12-08 18:47:02.

Flavor Version Tinstall Tcheck Ttotal Status Flags
r-devel-linux-x86_64-debian-clang 0.4-7 0.61 14.90 15.51 NOTE
r-devel-linux-x86_64-debian-gcc 0.4-7 0.70 14.87 15.57 NOTE
r-devel-linux-x86_64-fedora-clang 0.4-7 25.55 NOTE --no-stop-on-test-error
r-devel-linux-x86_64-fedora-gcc 0.4-7 23.87 NOTE --no-stop-on-test-error
r-devel-macos-x86_64-clang 0.4-7 22.32 NOTE
r-devel-windows-ix86+x86_64 0.4-7 2.00 47.00 49.00 NOTE
r-patched-linux-x86_64 0.4-7 0.66 11.25 11.91 NOTE
r-patched-solaris-sparc 0.4-7 117.30 NOTE
r-patched-solaris-x86 0.4-7 27.90 NOTE
r-release-linux-x86_64 0.4-7 0.62 11.29 11.91 NOTE
r-release-osx-x86_64-mavericks 0.4-7 NOTE
r-release-windows-ix86+x86_64 0.4-7 2.00 46.00 48.00 NOTE
r-oldrel-windows-ix86+x86_64 0.4-7 5.00 31.00 36.00 NOTE

Check Details

Version: 0.4-7
Check: DESCRIPTION meta-information
Result: NOTE
    Malformed Description field: should contain one or more complete sentences.
Flavors: r-devel-linux-x86_64-debian-clang, r-devel-linux-x86_64-debian-gcc, r-devel-macos-x86_64-clang, r-devel-windows-ix86+x86_64, r-patched-linux-x86_64, r-patched-solaris-sparc, r-patched-solaris-x86, r-release-linux-x86_64, r-release-osx-x86_64-mavericks, r-release-windows-ix86+x86_64, r-oldrel-windows-ix86+x86_64

Version: 0.4-7
Flags: --no-stop-on-test-error
Check: DESCRIPTION meta-information
Result: NOTE
    Malformed Description field: should contain one or more complete sentences.
Flavors: r-devel-linux-x86_64-fedora-clang, r-devel-linux-x86_64-fedora-gcc