CRAN Package Check Results for Package gridBase

Last updated on 2017-03-28 23:50:25.

Flavor Version Tinstall Tcheck Ttotal Status Flags
r-devel-linux-x86_64-debian-clang 0.4-7 0.63 15.87 16.50 NOTE
r-devel-linux-x86_64-debian-gcc 0.4-7 0.65 14.99 15.64 NOTE
r-devel-linux-x86_64-fedora-clang 0.4-7 27.38 NOTE --no-stop-on-test-error
r-devel-linux-x86_64-fedora-gcc 0.4-7 25.62 NOTE --no-stop-on-test-error
r-devel-macos-x86_64-clang 0.4-7 21.89 NOTE --no-stop-on-test-error
r-devel-windows-ix86+x86_64 0.4-7 3.00 31.00 34.00 NOTE
r-patched-linux-x86_64 0.4-7 0.65 15.33 15.98 NOTE
r-patched-solaris-sparc 0.4-7 141.10 NOTE
r-patched-solaris-x86 0.4-7 34.70 NOTE
r-release-linux-x86_64 0.4-7 0.67 11.67 12.34 NOTE
r-release-osx-x86_64-mavericks 0.4-7 NOTE
r-release-windows-ix86+x86_64 0.4-7 3.00 38.00 41.00 NOTE
r-oldrel-windows-ix86+x86_64 0.4-7 3.00 30.00 33.00 NOTE

Check Details

Version: 0.4-7
Check: DESCRIPTION meta-information
Result: NOTE
    Malformed Description field: should contain one or more complete sentences.
Flavors: r-devel-linux-x86_64-debian-clang, r-devel-linux-x86_64-debian-gcc, r-devel-windows-ix86+x86_64, r-patched-linux-x86_64, r-patched-solaris-sparc, r-patched-solaris-x86, r-release-linux-x86_64, r-release-osx-x86_64-mavericks, r-release-windows-ix86+x86_64, r-oldrel-windows-ix86+x86_64

Version: 0.4-7
Flags: --no-stop-on-test-error
Check: DESCRIPTION meta-information
Result: NOTE
    Malformed Description field: should contain one or more complete sentences.
Flavors: r-devel-linux-x86_64-fedora-clang, r-devel-linux-x86_64-fedora-gcc, r-devel-macos-x86_64-clang