CRAN Package Check Results for Package gridDebug

Last updated on 2014-04-23 20:47:13.

Flavor Version Tinstall Tcheck Ttotal Status Flags
r-devel-linux-x86_64-debian-clang 0.4-0 2.38 30.48 32.86 NOTE
r-devel-linux-x86_64-debian-gcc 0.4-0 2.45 29.19 31.64 NOTE
r-devel-linux-x86_64-fedora-clang 0.4-0 68.91 NOTE
r-devel-linux-x86_64-fedora-gcc 0.4-0 66.98 NOTE
r-devel-osx-x86_64-clang 0.4-0 56.61 NOTE
r-devel-osx-x86_64-gcc 0.4-0 ERROR
r-devel-windows-ix86+x86_64 0.4-0 6.00 46.00 52.00 NOTE
r-patched-linux-x86_64 0.4-0 2.36 29.44 31.80 NOTE
r-patched-solaris-sparc 0.4-0 364.80 NOTE
r-patched-solaris-x86 0.4-0 94.10 NOTE
r-release-linux-ix86 0.4-0 4.00 50.00 54.00 NOTE
r-release-linux-x86_64 0.4-0 2.37 30.04 32.40 NOTE
r-release-osx-x86_64-mavericks 0.4-0 ERROR
r-release-osx-x86_64-snowleopard 0.4-0 ERROR
r-release-windows-ix86+x86_64 0.4-0 7.00 41.00 48.00 NOTE
r-oldrel-windows-ix86+x86_64 0.4-0 8.00 45.00 53.00 NOTE

Check Details

Version: 0.4-0
Check: dependencies in R code
Result: NOTE
    'library' or 'require' call to ‘gridSVG’ which was already attached by Depends.
     Please remove these calls from your code.
    Unexported object imported by a ':::' call: ‘grid:::splinegrob’
     See the note in ?`:::` about the use of this operator.
    See the information on DESCRIPTION files in the chapter ‘Creating R
    packages’ of the ‘Writing R Extensions’ manual.
Flavors: r-devel-linux-x86_64-debian-clang, r-devel-linux-x86_64-debian-gcc, r-devel-linux-x86_64-fedora-clang, r-devel-linux-x86_64-fedora-gcc, r-devel-osx-x86_64-clang, r-devel-windows-ix86+x86_64, r-patched-linux-x86_64, r-patched-solaris-sparc, r-patched-solaris-x86, r-release-linux-ix86, r-release-linux-x86_64, r-release-windows-ix86+x86_64, r-oldrel-windows-ix86+x86_64

Version: 0.4-0
Check: R code for possible problems
Result: NOTE
    getObjectList: warning in grid.ls(view = TRUE, print = FALSE): partial
     argument match of 'view' to 'viewports'
Flavors: r-devel-linux-x86_64-debian-clang, r-devel-linux-x86_64-debian-gcc, r-devel-linux-x86_64-fedora-clang, r-devel-linux-x86_64-fedora-gcc, r-devel-osx-x86_64-clang, r-devel-windows-ix86+x86_64, r-patched-linux-x86_64, r-patched-solaris-sparc, r-patched-solaris-x86, r-release-linux-ix86, r-release-linux-x86_64, r-release-windows-ix86+x86_64, r-oldrel-windows-ix86+x86_64

Version: 0.4-0
Check: package dependencies
Result: ERROR
    Packages required but not available: ‘gridGraphviz’ ‘gridSVG’
    
    Package suggested but not available for checking: ‘ggplot2’
    
    See the information on DESCRIPTION files in the chapter ‘Creating R
    packages’ of the ‘Writing R Extensions’ manual.
Flavor: r-devel-osx-x86_64-gcc

Version: 0.4-0
Check: package dependencies
Result: ERROR
    Package required but not available: ‘gridGraphviz’
    
    See the information on DESCRIPTION files in the chapter ‘Creating R
    packages’ of the ‘Writing R Extensions’ manual.
Flavors: r-release-osx-x86_64-mavericks, r-release-osx-x86_64-snowleopard