CRAN Package Check Results for Package gridDebug

Last updated on 2014-07-23 05:49:05.

Flavor Version Tinstall Tcheck Ttotal Status Flags
r-devel-linux-x86_64-debian-clang 0.4-0 2.28 28.90 31.18 NOTE
r-devel-linux-x86_64-debian-gcc 0.4-0 2.22 27.90 30.12 NOTE
r-devel-linux-x86_64-fedora-clang 0.4-0 70.36 NOTE
r-devel-linux-x86_64-fedora-gcc 0.4-0 69.48 NOTE
r-devel-osx-x86_64-clang 0.4-0 59.15 NOTE
r-devel-windows-ix86+x86_64 0.4-0 8.00 46.00 54.00 NOTE
r-patched-linux-x86_64 0.4-0 2.23 28.27 30.50 NOTE
r-patched-solaris-sparc 0.4-0 364.80 NOTE
r-patched-solaris-x86 0.4-0 91.60 NOTE
r-release-linux-ix86 0.4-0 3.24 36.72 39.96 NOTE
r-release-linux-x86_64 0.4-0 2.46 29.24 31.70 NOTE
r-release-osx-x86_64-mavericks 0.4-0 NOTE
r-release-osx-x86_64-snowleopard 0.4-0 NOTE
r-release-windows-ix86+x86_64 0.4-0 8.00 45.00 53.00 NOTE
r-oldrel-windows-ix86+x86_64 0.4-0 8.00 44.00 52.00 NOTE

Check Details

Version: 0.4-0
Check: dependencies in R code
Result: NOTE
    'library' or 'require' call to ‘gridSVG’ which was already attached by Depends.
     Please remove these calls from your code.
    Unexported object imported by a ':::' call: ‘grid:::splinegrob’
     See the note in ?`:::` about the use of this operator.
    See the information on DESCRIPTION files in the chapter ‘Creating R
    packages’ of the ‘Writing R Extensions’ manual.
Flavors: r-devel-linux-x86_64-debian-clang, r-devel-linux-x86_64-debian-gcc, r-devel-linux-x86_64-fedora-clang, r-devel-linux-x86_64-fedora-gcc, r-devel-osx-x86_64-clang, r-devel-windows-ix86+x86_64, r-patched-linux-x86_64, r-patched-solaris-sparc, r-patched-solaris-x86, r-release-linux-ix86, r-release-linux-x86_64, r-release-osx-x86_64-mavericks, r-release-osx-x86_64-snowleopard, r-release-windows-ix86+x86_64, r-oldrel-windows-ix86+x86_64

Version: 0.4-0
Check: R code for possible problems
Result: NOTE
    getObjectList: warning in grid.ls(view = TRUE, print = FALSE): partial
     argument match of 'view' to 'viewports'
Flavors: r-devel-linux-x86_64-debian-clang, r-devel-linux-x86_64-debian-gcc, r-devel-linux-x86_64-fedora-clang, r-devel-linux-x86_64-fedora-gcc, r-devel-osx-x86_64-clang, r-devel-windows-ix86+x86_64, r-patched-linux-x86_64, r-patched-solaris-sparc, r-patched-solaris-x86, r-release-linux-ix86, r-release-linux-x86_64, r-release-osx-x86_64-mavericks, r-release-osx-x86_64-snowleopard, r-release-windows-ix86+x86_64, r-oldrel-windows-ix86+x86_64