CRAN Package Check Results for Package gridDebug

Last updated on 2015-04-27 14:46:46.

Flavor Version Tinstall Tcheck Ttotal Status Flags
r-devel-linux-x86_64-debian-clang 0.4-0 1.93 23.10 25.03 NOTE
r-devel-linux-x86_64-debian-gcc 0.4-0 2.00 23.39 25.38 NOTE
r-devel-linux-x86_64-fedora-clang 0.4-0 51.89 NOTE
r-devel-linux-x86_64-fedora-gcc 0.4-0 48.62 NOTE
r-devel-osx-x86_64-clang 0.4-0 48.73 NOTE
r-devel-windows-ix86+x86_64 0.4-0 6.00 37.00 43.00 NOTE
r-patched-linux-x86_64 0.4-0 1.86 22.72 24.59 NOTE
r-patched-solaris-sparc 0.4-0 299.50 NOTE
r-patched-solaris-x86 0.4-0 71.60 NOTE
r-release-linux-x86_64 0.4-0 1.87 23.97 25.84 NOTE
r-release-osx-x86_64-mavericks 0.4-0 NOTE
r-release-osx-x86_64-snowleopard 0.4-0 ERROR
r-release-windows-ix86+x86_64 0.4-0 7.00 52.00 59.00 NOTE
r-oldrel-windows-ix86+x86_64 0.4-0 7.00 43.00 50.00 NOTE

Check Details

Version: 0.4-0
Check: dependencies in R code
Result: NOTE
    'library' or 'require' call to ‘gridSVG’ which was already attached by Depends.
     Please remove these calls from your code.
    Unexported object imported by a ':::' call: ‘grid:::splinegrob’
     See the note in ?`:::` about the use of this operator.
Flavors: r-devel-linux-x86_64-debian-clang, r-devel-linux-x86_64-debian-gcc, r-devel-linux-x86_64-fedora-clang, r-devel-linux-x86_64-fedora-gcc, r-devel-osx-x86_64-clang, r-devel-windows-ix86+x86_64, r-patched-solaris-sparc, r-patched-solaris-x86, r-release-linux-x86_64, r-release-osx-x86_64-mavericks, r-release-windows-ix86+x86_64, r-oldrel-windows-ix86+x86_64

Version: 0.4-0
Check: R code for possible problems
Result: NOTE
    getObjectList: warning in grid.ls(view = TRUE, print = FALSE): partial
     argument match of ‘view’ to ‘viewports’
    makeRaGraph: no visible global function definition for ‘edges’
    makeRaGraph: no visible global function definition for ‘edgeNames’
    makeRaGraph: no visible global function definition for ‘agopen’
    primToDev.edgegrob: no visible global function definition for ‘color’
    primToDev.edgegrob: no visible global function definition for
     ‘pointList’
    primToDev.edgegrob: no visible global function definition for ‘getX’
    primToDev.edgegrob: no visible global function definition for ‘ep’
    primToDev.edgegrob: no visible global function definition for ‘getY’
Flavors: r-devel-linux-x86_64-debian-clang, r-devel-linux-x86_64-debian-gcc, r-devel-linux-x86_64-fedora-clang, r-devel-linux-x86_64-fedora-gcc, r-devel-osx-x86_64-clang, r-devel-windows-ix86+x86_64, r-patched-solaris-sparc, r-patched-solaris-x86, r-release-linux-x86_64, r-release-osx-x86_64-mavericks, r-release-windows-ix86+x86_64, r-oldrel-windows-ix86+x86_64

Version: 0.4-0
Check: package dependencies
Result: ERROR
    Packages required but not available: ‘gridGraphviz’ ‘gridSVG’
    
    Package suggested but not available for checking: ‘ggplot2’
    
    See section ‘The DESCRIPTION file’ in the ‘Writing R Extensions’
    manual.
Flavor: r-release-osx-x86_64-snowleopard