CRAN Package Check Results for Package gridDebug

Last updated on 2014-11-26 10:47:35.

Flavor Version Tinstall Tcheck Ttotal Status Flags
r-devel-linux-x86_64-debian-clang 0.4-0 2.34 27.60 29.94 NOTE
r-devel-linux-x86_64-debian-gcc 0.4-0 2.14 26.54 28.68 NOTE
r-devel-linux-x86_64-fedora-clang 0.4-0 70.20 NOTE
r-devel-linux-x86_64-fedora-gcc 0.4-0 65.34 NOTE
r-devel-osx-x86_64-clang 0.4-0 59.41 NOTE
r-devel-windows-ix86+x86_64 0.4-0 7.00 42.00 49.00 NOTE
r-patched-linux-x86_64 0.4-0 2.22 27.76 29.98 NOTE
r-patched-solaris-sparc 0.4-0 375.20 NOTE
r-patched-solaris-x86 0.4-0 90.10 NOTE
r-release-linux-ix86 0.4-0 2.76 35.08 37.84 NOTE
r-release-linux-x86_64 0.4-0 2.27 28.22 30.48 NOTE
r-release-osx-x86_64-mavericks 0.4-0 NOTE
r-release-osx-x86_64-snowleopard 0.4-0 NOTE
r-release-windows-ix86+x86_64 0.4-0 7.00 43.00 50.00 NOTE
r-oldrel-windows-ix86+x86_64 0.4-0 7.00 46.00 53.00 NOTE

Check Details

Version: 0.4-0
Check: dependencies in R code
Result: NOTE
    'library' or 'require' call to ‘gridSVG’ which was already attached by Depends.
     Please remove these calls from your code.
    Unexported object imported by a ':::' call: ‘grid:::splinegrob’
     See the note in ?`:::` about the use of this operator.
    See the information on DESCRIPTION files in the chapter ‘Creating R
    packages’ of the ‘Writing R Extensions’ manual.
Flavors: r-devel-linux-x86_64-debian-clang, r-devel-linux-x86_64-debian-gcc, r-devel-linux-x86_64-fedora-clang, r-devel-linux-x86_64-fedora-gcc, r-devel-osx-x86_64-clang, r-devel-windows-ix86+x86_64, r-patched-linux-x86_64, r-patched-solaris-sparc, r-patched-solaris-x86, r-release-linux-ix86, r-release-linux-x86_64, r-release-osx-x86_64-mavericks, r-release-osx-x86_64-snowleopard, r-release-windows-ix86+x86_64, r-oldrel-windows-ix86+x86_64

Version: 0.4-0
Check: R code for possible problems
Result: NOTE
    getObjectList: warning in grid.ls(view = TRUE, print = FALSE): partial
     argument match of ‘view’ to ‘viewports’
    makeRaGraph: no visible global function definition for ‘edges’
    makeRaGraph: no visible global function definition for ‘edgeNames’
    makeRaGraph: no visible global function definition for ‘agopen’
    primToDev.edgegrob: no visible global function definition for ‘color’
    primToDev.edgegrob: no visible global function definition for
     ‘pointList’
    primToDev.edgegrob: no visible global function definition for ‘getX’
    primToDev.edgegrob: no visible global function definition for ‘ep’
    primToDev.edgegrob: no visible global function definition for ‘getY’
Flavors: r-devel-linux-x86_64-debian-clang, r-devel-linux-x86_64-debian-gcc, r-devel-linux-x86_64-fedora-clang, r-devel-linux-x86_64-fedora-gcc, r-devel-osx-x86_64-clang, r-devel-windows-ix86+x86_64, r-patched-linux-x86_64, r-patched-solaris-sparc, r-patched-solaris-x86, r-release-linux-ix86, r-release-linux-x86_64, r-release-windows-ix86+x86_64

Version: 0.4-0
Check: R code for possible problems
Result: NOTE
    getObjectList: warning in grid.ls(view = TRUE, print = FALSE): partial
     argument match of 'view' to 'viewports'
Flavors: r-release-osx-x86_64-mavericks, r-release-osx-x86_64-snowleopard, r-oldrel-windows-ix86+x86_64