CRAN Package Check Results for Package gridDebug

Last updated on 2017-06-23 04:47:04.

Flavor Version Tinstall Tcheck Ttotal Status Flags
r-devel-linux-x86_64-debian-clang 0.5-0 2.14 28.91 31.05 OK
r-devel-linux-x86_64-debian-gcc 0.5-0 1.88 26.48 28.36 OK
r-devel-linux-x86_64-fedora-clang 0.5-0 53.79 OK
r-devel-linux-x86_64-fedora-gcc 0.5-0 52.67 OK
r-devel-windows-ix86+x86_64 0.5-0 7.00 56.00 63.00 OK
r-patched-linux-x86_64 0.5-0 1.99 27.50 29.49 OK
r-patched-solaris-sparc 0.5-0 314.00 OK
r-patched-solaris-x86 0.5-0 72.20 OK
r-release-linux-x86_64 0.5-0 1.84 26.76 28.60 OK
r-release-windows-ix86+x86_64 0.5-0 7.00 52.00 59.00 OK
r-release-osx-x86_64 0.5-0 ERROR
r-oldrel-windows-ix86+x86_64 0.5-0 8.00 49.00 57.00 OK
r-oldrel-osx-x86_64 0.5-0 OK

Check Details

Version: 0.5-0
Check: package dependencies
Result: ERROR
    Packages required but not available: ‘graph’ ‘gridGraphviz’
    
    See section ‘The DESCRIPTION file’ in the ‘Writing R Extensions’
    manual.
Flavor: r-release-osx-x86_64