CRAN Package Check Results for Package gridDebug

Last updated on 2017-10-17 01:47:58.

Flavor Version Tinstall Tcheck Ttotal Status Flags
r-devel-linux-x86_64-debian-clang 0.5-0 1.75 29.39 31.14 OK
r-devel-linux-x86_64-debian-gcc 0.5-0 1.92 31.46 33.37 OK
r-devel-linux-x86_64-fedora-clang 0.5-0 56.39 OK
r-devel-linux-x86_64-fedora-gcc 0.5-0 55.17 OK
r-devel-windows-ix86+x86_64 0.5-0 6.00 58.00 64.00 OK
r-patched-linux-x86_64 0.5-0 1.82 28.44 30.26 OK
r-patched-solaris-x86 0.5-0 75.80 OK
r-release-linux-x86_64 0.5-0 1.87 28.83 30.70 OK
r-release-windows-ix86+x86_64 0.5-0 8.00 69.00 77.00 OK
r-release-osx-x86_64 0.5-0 ERROR
r-oldrel-windows-ix86+x86_64 0.5-0 6.00 74.00 80.00 OK
r-oldrel-osx-x86_64 0.5-0 OK

Check Details

Version: 0.5-0
Check: package dependencies
Result: ERROR
    Packages required but not available: ‘graph’ ‘gridGraphviz’
    
    See section ‘The DESCRIPTION file’ in the ‘Writing R Extensions’
    manual.
Flavor: r-release-osx-x86_64