CRAN Package Check Results for Package gridDebug

Last updated on 2017-04-28 23:52:21.

Flavor Version Tinstall Tcheck Ttotal Status Flags
r-devel-linux-x86_64-debian-clang 0.5-0 1.91 27.08 28.99 OK
r-devel-linux-x86_64-debian-gcc 0.5-0 1.80 27.10 28.89 OK
r-devel-linux-x86_64-fedora-clang 0.5-0 54.22 OK --no-stop-on-test-error
r-devel-linux-x86_64-fedora-gcc 0.5-0 52.93 OK --no-stop-on-test-error
r-devel-windows-ix86+x86_64 0.5-0 6.00 71.00 77.00 OK
r-patched-linux-x86_64 0.5-0 1.79 28.00 29.79 OK
r-patched-solaris-sparc 0.5-0 314.00 OK
r-patched-solaris-x86 0.5-0 74.10 OK
r-release-linux-x86_64 0.5-0 1.82 28.48 30.30 OK
r-release-windows-ix86+x86_64 0.5-0 8.00 74.00 82.00 OK
r-release-osx-x86_64 0.5-0 ERROR
r-oldrel-windows-ix86+x86_64 0.5-0 7.00 47.00 54.00 OK
r-oldrel-osx-x86_64 0.5-0 OK

Check Details

Version: 0.5-0
Check: package dependencies
Result: ERROR
    Packages required but not available: ‘graph’ ‘gridGraphviz’
    
    See section ‘The DESCRIPTION file’ in the ‘Writing R Extensions’
    manual.
Flavor: r-release-osx-x86_64