CRAN Package Check Results for Package gridDebug

Last updated on 2015-07-30 15:48:13.

Flavor Version Tinstall Tcheck Ttotal Status Flags
r-devel-linux-x86_64-debian-clang 0.4-0 1.91 25.10 27.01 NOTE
r-devel-linux-x86_64-debian-gcc 0.4-0 1.90 24.66 26.56 NOTE
r-devel-linux-x86_64-fedora-clang 0.4-0 54.75 NOTE
r-devel-linux-x86_64-fedora-gcc 0.4-0 51.32 NOTE
r-devel-osx-x86_64-clang 0.4-0 46.49 NOTE
r-devel-windows-ix86+x86_64 0.4-0 8.00 41.00 49.00 NOTE
r-patched-linux-x86_64 0.4-0 2.20 25.36 27.57 NOTE
r-patched-solaris-sparc 0.4-0 322.40 NOTE
r-patched-solaris-x86 0.4-0 76.60 NOTE
r-release-linux-x86_64 0.4-0 1.89 24.62 26.51 NOTE
r-release-osx-x86_64-mavericks 0.4-0 NOTE
r-release-windows-ix86+x86_64 0.4-0 8.00 40.00 48.00 NOTE
r-oldrel-windows-ix86+x86_64 0.4-0 12.00 57.00 69.00 NOTE

Check Details

Version: 0.4-0
Check: dependencies in R code
Result: NOTE
    'library' or 'require' call to ‘gridSVG’ which was already attached by Depends.
     Please remove these calls from your code.
    Missing object imported by a ':::' call: ‘gridGraphviz:::curveGrob’
    Unexported object imported by a ':::' call: ‘grid:::splinegrob’
     See the note in ?`:::` about the use of this operator.
Flavors: r-devel-linux-x86_64-debian-clang, r-devel-linux-x86_64-debian-gcc, r-devel-linux-x86_64-fedora-clang, r-devel-linux-x86_64-fedora-gcc, r-devel-osx-x86_64-clang, r-devel-windows-ix86+x86_64, r-patched-linux-x86_64, r-patched-solaris-sparc, r-patched-solaris-x86, r-release-linux-x86_64, r-release-windows-ix86+x86_64, r-oldrel-windows-ix86+x86_64

Version: 0.4-0
Check: R code for possible problems
Result: NOTE
    getObjectList: warning in grid.ls(view = TRUE, print = FALSE): partial
     argument match of ‘view’ to ‘viewports’
    gridTree: no visible global function definition for ‘plot’
    makeGraph: no visible global function definition for ‘new’
    makeRaGraph: no visible global function definition for ‘edges’
    makeRaGraph: no visible global function definition for ‘edgeNames’
    makeRaGraph: no visible global function definition for ‘agopen’
    primToDev.edgegrob: no visible global function definition for ‘color’
    primToDev.edgegrob: no visible global function definition for
     ‘pointList’
    primToDev.edgegrob: no visible global function definition for ‘getX’
    primToDev.edgegrob: no visible global function definition for ‘ep’
    primToDev.edgegrob: no visible global function definition for ‘getY’
    Undefined global functions or variables:
     agopen color edgeNames edges ep getX getY new plot pointList
    Consider adding
     importFrom("graphics", "plot")
     importFrom("methods", "new")
    to your NAMESPACE.
Flavors: r-devel-linux-x86_64-debian-clang, r-devel-linux-x86_64-debian-gcc, r-devel-linux-x86_64-fedora-clang, r-devel-linux-x86_64-fedora-gcc, r-devel-windows-ix86+x86_64

Version: 0.4-0
Check: R code for possible problems
Result: NOTE
    getObjectList: warning in grid.ls(view = TRUE, print = FALSE): partial
     argument match of 'view' to 'viewports'
    makeRaGraph: no visible global function definition for ‘edges’
    makeRaGraph: no visible global function definition for ‘edgeNames’
    makeRaGraph: no visible global function definition for ‘agopen’
    primToDev.edgegrob: no visible global function definition for ‘color’
    primToDev.edgegrob: no visible global function definition for
     ‘pointList’
    primToDev.edgegrob: no visible global function definition for ‘getX’
    primToDev.edgegrob: no visible global function definition for ‘ep’
    primToDev.edgegrob: no visible global function definition for ‘getY’
    Undefined global functions or variables:
     agopen color edgeNames edges ep getX getY pointList
Flavor: r-devel-osx-x86_64-clang

Version: 0.4-0
Check: R code for possible problems
Result: NOTE
    getObjectList: warning in grid.ls(view = TRUE, print = FALSE): partial
     argument match of ‘view’ to ‘viewports’
    makeRaGraph: no visible global function definition for ‘edges’
    makeRaGraph: no visible global function definition for ‘edgeNames’
    makeRaGraph: no visible global function definition for ‘agopen’
    primToDev.edgegrob: no visible global function definition for ‘color’
    primToDev.edgegrob: no visible global function definition for
     ‘pointList’
    primToDev.edgegrob: no visible global function definition for ‘getX’
    primToDev.edgegrob: no visible global function definition for ‘ep’
    primToDev.edgegrob: no visible global function definition for ‘getY’
Flavors: r-patched-linux-x86_64, r-patched-solaris-sparc, r-patched-solaris-x86, r-release-linux-x86_64, r-release-osx-x86_64-mavericks, r-release-windows-ix86+x86_64, r-oldrel-windows-ix86+x86_64

Version: 0.4-0
Check: dependencies in R code
Result: NOTE
    'library' or 'require' call to ‘gridSVG’ which was already attached by Depends.
     Please remove these calls from your code.
    Unexported object imported by a ':::' call: ‘grid:::splinegrob’
     See the note in ?`:::` about the use of this operator.
Flavor: r-release-osx-x86_64-mavericks