CRAN Package Check Results for Package gridDebug

Last updated on 2015-01-25 09:51:29.

Flavor Version Tinstall Tcheck Ttotal Status Flags
r-devel-linux-x86_64-debian-clang 0.4-0 2.12 27.16 29.27 NOTE
r-devel-linux-x86_64-debian-gcc 0.4-0 2.09 26.34 28.42 NOTE
r-devel-linux-x86_64-fedora-clang 0.4-0 69.43 NOTE
r-devel-linux-x86_64-fedora-gcc 0.4-0 65.16 NOTE
r-devel-osx-x86_64-clang 0.4-0 60.97 NOTE
r-devel-windows-ix86+x86_64 0.4-0 7.00 46.00 53.00 NOTE
r-patched-linux-x86_64 0.4-0 3.12 28.40 31.53 NOTE
r-patched-solaris-sparc 0.4-0 371.30 NOTE
r-patched-solaris-x86 0.4-0 91.70 NOTE
r-release-linux-ix86 0.4-0 2.81 35.16 37.97 NOTE
r-release-linux-x86_64 0.4-0 2.21 27.53 29.74 NOTE
r-release-osx-x86_64-mavericks 0.4-0 NOTE
r-release-osx-x86_64-snowleopard 0.4-0 NOTE
r-release-windows-ix86+x86_64 0.4-0 9.00 44.00 53.00 NOTE
r-oldrel-windows-ix86+x86_64 0.4-0 8.00 47.00 55.00 NOTE

Check Details

Version: 0.4-0
Check: dependencies in R code
Result: NOTE
    'library' or 'require' call to ‘gridSVG’ which was already attached by Depends.
     Please remove these calls from your code.
    Unexported object imported by a ':::' call: ‘grid:::splinegrob’
     See the note in ?`:::` about the use of this operator.
Flavors: r-devel-linux-x86_64-debian-clang, r-devel-linux-x86_64-debian-gcc, r-devel-linux-x86_64-fedora-clang, r-devel-linux-x86_64-fedora-gcc, r-devel-osx-x86_64-clang, r-devel-windows-ix86+x86_64

Version: 0.4-0
Check: R code for possible problems
Result: NOTE
    getObjectList: warning in grid.ls(view = TRUE, print = FALSE): partial
     argument match of ‘view’ to ‘viewports’
    makeRaGraph: no visible global function definition for ‘edges’
    makeRaGraph: no visible global function definition for ‘edgeNames’
    makeRaGraph: no visible global function definition for ‘agopen’
    primToDev.edgegrob: no visible global function definition for ‘color’
    primToDev.edgegrob: no visible global function definition for
     ‘pointList’
    primToDev.edgegrob: no visible global function definition for ‘getX’
    primToDev.edgegrob: no visible global function definition for ‘ep’
    primToDev.edgegrob: no visible global function definition for ‘getY’
Flavors: r-devel-linux-x86_64-debian-clang, r-devel-linux-x86_64-debian-gcc, r-devel-linux-x86_64-fedora-clang, r-devel-linux-x86_64-fedora-gcc, r-devel-osx-x86_64-clang, r-devel-windows-ix86+x86_64, r-patched-linux-x86_64, r-patched-solaris-sparc, r-patched-solaris-x86, r-release-linux-ix86, r-release-linux-x86_64, r-release-osx-x86_64-mavericks, r-release-windows-ix86+x86_64

Version: 0.4-0
Check: dependencies in R code
Result: NOTE
    'library' or 'require' call to ‘gridSVG’ which was already attached by Depends.
     Please remove these calls from your code.
    Unexported object imported by a ':::' call: ‘grid:::splinegrob’
     See the note in ?`:::` about the use of this operator.
    See the information on DESCRIPTION files in the chapter ‘Creating R
    packages’ of the ‘Writing R Extensions’ manual.
Flavors: r-patched-linux-x86_64, r-patched-solaris-sparc, r-patched-solaris-x86, r-release-linux-ix86, r-release-linux-x86_64, r-release-osx-x86_64-mavericks, r-release-osx-x86_64-snowleopard, r-release-windows-ix86+x86_64, r-oldrel-windows-ix86+x86_64

Version: 0.4-0
Check: R code for possible problems
Result: NOTE
    getObjectList: warning in grid.ls(view = TRUE, print = FALSE): partial
     argument match of 'view' to 'viewports'
Flavors: r-release-osx-x86_64-snowleopard, r-oldrel-windows-ix86+x86_64