CRAN Package Check Results for Package gridDebug

Last updated on 2017-08-18 04:46:43.

Flavor Version Tinstall Tcheck Ttotal Status Flags
r-devel-linux-x86_64-debian-clang 0.5-0 1.73 29.35 31.08 OK
r-devel-linux-x86_64-debian-gcc 0.5-0 1.76 27.73 29.49 OK
r-devel-linux-x86_64-fedora-clang 0.5-0 52.81 OK
r-devel-linux-x86_64-fedora-gcc 0.5-0 52.52 OK
r-devel-windows-ix86+x86_64 0.5-0 6.00 74.00 80.00 OK
r-patched-linux-x86_64 0.5-0 1.84 28.29 30.13 OK
r-patched-solaris-x86 0.5-0 73.20 OK
r-release-linux-x86_64 0.5-0 1.86 28.62 30.48 OK
r-release-windows-ix86+x86_64 0.5-0 5.00 57.00 62.00 OK
r-release-osx-x86_64 0.5-0 ERROR
r-oldrel-windows-ix86+x86_64 0.5-0 6.00 78.00 84.00 OK
r-oldrel-osx-x86_64 0.5-0 OK

Check Details

Version: 0.5-0
Check: package dependencies
Result: ERROR
    Packages required but not available: ‘graph’ ‘gridGraphviz’
    
    See section ‘The DESCRIPTION file’ in the ‘Writing R Extensions’
    manual.
Flavor: r-release-osx-x86_64