CRAN Package Check Results for Package gridGraphviz

Last updated on 2014-04-24 21:47:41.

Flavor Version Tinstall Tcheck Ttotal Status Flags
r-devel-linux-x86_64-debian-clang 0.1 1.73 20.52 22.26 NOTE
r-devel-linux-x86_64-debian-gcc 0.1 1.66 20.34 22.00 NOTE
r-devel-linux-x86_64-fedora-clang 0.1 46.36 NOTE
r-devel-linux-x86_64-fedora-gcc 0.1 45.31 NOTE
r-devel-osx-x86_64-clang 0.1 39.73 NOTE
r-devel-osx-x86_64-gcc 0.1 ERROR
r-devel-windows-ix86+x86_64 0.1 5.00 29.00 34.00 NOTE
r-patched-linux-x86_64 0.1 1.65 20.77 22.42 NOTE
r-patched-solaris-sparc 0.1 250.60 NOTE
r-patched-solaris-x86 0.1 65.30 NOTE
r-release-linux-ix86 0.1 3.00 37.00 40.00 NOTE
r-release-linux-x86_64 0.1 1.62 20.32 21.95 NOTE
r-release-osx-x86_64-mavericks 0.1 ERROR
r-release-osx-x86_64-snowleopard 0.1 NOTE
r-release-windows-ix86+x86_64 0.1 5.00 32.00 37.00 NOTE
r-oldrel-windows-ix86+x86_64 0.1 6.00 32.00 38.00 NOTE

Check Details

Version: 0.1
Check: dependencies in R code
Result: NOTE
    Packages in Depends field not imported from:
     ‘Rgraphviz’ ‘graph’
     These packages need to be imported from (in the NAMESPACE file)
     for when this namespace is loaded but not attached.
    See the information on DESCRIPTION files in the chapter ‘Creating R
    packages’ of the ‘Writing R Extensions’ manual.
Flavors: r-devel-linux-x86_64-debian-clang, r-devel-linux-x86_64-debian-gcc, r-devel-linux-x86_64-fedora-clang, r-devel-linux-x86_64-fedora-gcc, r-devel-osx-x86_64-clang, r-devel-windows-ix86+x86_64, r-patched-linux-x86_64, r-patched-solaris-sparc, r-patched-solaris-x86, r-release-linux-ix86, r-release-linux-x86_64, r-release-osx-x86_64-snowleopard, r-release-windows-ix86+x86_64, r-oldrel-windows-ix86+x86_64

Version: 0.1
Check: R code for possible problems
Result: NOTE
    grid.graph: warning in grid.layout(1, 1, width = (getX(upRight(bb)) -
     getX(botLeft(bb)))/(getY(upRight(bb)) - getY(botLeft(bb))), respect =
     TRUE): partial argument match of 'width' to 'widths'
Flavors: r-devel-linux-x86_64-debian-clang, r-devel-linux-x86_64-debian-gcc, r-devel-linux-x86_64-fedora-clang, r-devel-linux-x86_64-fedora-gcc, r-devel-osx-x86_64-clang, r-devel-windows-ix86+x86_64, r-patched-linux-x86_64, r-patched-solaris-sparc, r-patched-solaris-x86, r-release-linux-ix86, r-release-linux-x86_64, r-release-osx-x86_64-snowleopard, r-release-windows-ix86+x86_64, r-oldrel-windows-ix86+x86_64

Version: 0.1
Check: package dependencies
Result: ERROR
    Packages required but not available: ‘graph’ ‘Rgraphviz’
    
    Package suggested but not available for checking: ‘gridSVG’
    
    See the information on DESCRIPTION files in the chapter ‘Creating R
    packages’ of the ‘Writing R Extensions’ manual.
Flavor: r-devel-osx-x86_64-gcc

Version: 0.1
Check: package dependencies
Result: ERROR
    Packages required but not available: ‘graph’ ‘Rgraphviz’
    
    See the information on DESCRIPTION files in the chapter ‘Creating R
    packages’ of the ‘Writing R Extensions’ manual.
Flavor: r-release-osx-x86_64-mavericks