CRAN Package Check Results for Package gridGraphviz

Last updated on 2016-05-03 06:48:11.

Flavor Version Tinstall Tcheck Ttotal Status Flags
r-devel-linux-x86_64-debian-gcc 0.3 1.37 18.75 20.12 NOTE
r-devel-linux-x86_64-fedora-clang 0.3 37.30 NOTE
r-devel-linux-x86_64-fedora-gcc 0.3 34.80 NOTE
r-devel-osx-x86_64-clang 0.3 37.93 NOTE
r-devel-windows-ix86+x86_64 0.3 4.00 38.00 42.00 NOTE
r-patched-linux-x86_64 0.3 1.36 18.48 19.84 NOTE
r-patched-solaris-sparc 0.3 223.50 NOTE
r-patched-solaris-x86 0.3 54.10 NOTE
r-release-linux-x86_64 0.3 1.44 20.38 21.82 OK
r-release-osx-x86_64-mavericks 0.3 OK
r-release-windows-ix86+x86_64 0.3 4.00 47.00 51.00 OK
r-oldrel-windows-ix86+x86_64 0.3 9.00 39.00 48.00 OK

Check Details

Version: 0.3
Check: R code for possible problems
Result: NOTE
    grid.graph: no visible global function definition for ‘is’
    Undefined global functions or variables:
     is
    Consider adding
     importFrom("methods", "is")
    to your NAMESPACE file (and ensure that your DESCRIPTION Imports field
    contains 'methods').
Flavors: r-devel-linux-x86_64-debian-gcc, r-devel-linux-x86_64-fedora-clang, r-devel-linux-x86_64-fedora-gcc, r-devel-osx-x86_64-clang, r-devel-windows-ix86+x86_64, r-patched-linux-x86_64, r-patched-solaris-sparc, r-patched-solaris-x86