CRAN Package Check Results for Package gridGraphviz

Last updated on 2017-04-24 20:47:17.

Flavor Version Tinstall Tcheck Ttotal Status Flags
r-devel-linux-x86_64-debian-clang 0.3 1.53 21.34 22.87 NOTE
r-devel-linux-x86_64-debian-gcc 0.3 1.52 21.05 22.57 NOTE
r-devel-linux-x86_64-fedora-clang 0.3 42.75 NOTE --no-stop-on-test-error
r-devel-linux-x86_64-fedora-gcc 0.3 41.67 NOTE --no-stop-on-test-error
r-devel-windows-ix86+x86_64 0.3 NOTE
r-patched-linux-x86_64 0.3 1.47 22.33 23.80 NOTE
r-patched-solaris-sparc 0.3 248.30 NOTE
r-patched-solaris-x86 0.3 61.10 NOTE
r-release-linux-x86_64 0.3 1.46 22.22 23.68 NOTE
r-release-windows-ix86+x86_64 0.3 5.00 45.00 50.00 NOTE
r-release-osx-x86_64 0.3 ERROR
r-oldrel-windows-ix86+x86_64 0.3 5.00 41.00 46.00 NOTE
r-oldrel-osx-x86_64 0.3 NOTE

Check Details

Version: 0.3
Check: R code for possible problems
Result: NOTE
    grid.graph: no visible global function definition for ‘is’
    Undefined global functions or variables:
     is
    Consider adding
     importFrom("methods", "is")
    to your NAMESPACE file (and ensure that your DESCRIPTION Imports field
    contains 'methods').
Flavors: r-devel-linux-x86_64-debian-clang, r-devel-linux-x86_64-debian-gcc, r-devel-windows-ix86+x86_64, r-patched-linux-x86_64, r-patched-solaris-sparc, r-patched-solaris-x86, r-release-linux-x86_64, r-release-windows-ix86+x86_64, r-oldrel-windows-ix86+x86_64, r-oldrel-osx-x86_64

Version: 0.3
Flags: --no-stop-on-test-error
Check: R code for possible problems
Result: NOTE
    grid.graph: no visible global function definition for ‘is’
    Undefined global functions or variables:
     is
    Consider adding
     importFrom("methods", "is")
    to your NAMESPACE file (and ensure that your DESCRIPTION Imports field
    contains 'methods').
Flavors: r-devel-linux-x86_64-fedora-clang, r-devel-linux-x86_64-fedora-gcc

Version: 0.3
Check: package dependencies
Result: ERROR
    Packages required but not available: ‘graph’ ‘Rgraphviz’
    
    See section ‘The DESCRIPTION file’ in the ‘Writing R Extensions’
    manual.
Flavor: r-release-osx-x86_64