CRAN Package Check Results for Package gridGraphviz

Last updated on 2016-02-07 23:48:13.

Flavor Version Tinstall Tcheck Ttotal Status Flags
r-devel-linux-x86_64-debian-gcc 0.3 1.38 17.87 19.25 NOTE
r-devel-linux-x86_64-fedora-clang 0.3 36.48 NOTE
r-devel-linux-x86_64-fedora-gcc 0.3 35.75 NOTE
r-devel-osx-x86_64-clang 0.3 41.86 NOTE
r-devel-windows-ix86+x86_64 0.3 7.00 37.00 44.00 NOTE
r-patched-linux-x86_64 0.3 1.56 19.28 20.83 OK
r-patched-solaris-sparc 0.3 235.50 OK
r-patched-solaris-x86 0.3 54.80 OK
r-release-linux-x86_64 0.3 1.44 19.57 21.01 OK
r-release-osx-x86_64-mavericks 0.3 OK
r-release-windows-ix86+x86_64 0.3 6.00 34.00 40.00 OK
r-oldrel-windows-ix86+x86_64 0.3 8.00 49.00 57.00 OK

Check Details

Version: 0.3
Check: R code for possible problems
Result: NOTE
    grid.graph: no visible global function definition for ‘is’
    Undefined global functions or variables:
     is
    Consider adding
     importFrom("methods", "is")
    to your NAMESPACE file (and ensure that your DESCRIPTION Imports field
    contains 'methods').
Flavors: r-devel-linux-x86_64-debian-gcc, r-devel-linux-x86_64-fedora-clang, r-devel-linux-x86_64-fedora-gcc, r-devel-osx-x86_64-clang, r-devel-windows-ix86+x86_64