CRAN Package Check Results for Package gridGraphviz

Last updated on 2014-10-24 14:47:23.

Flavor Version Tinstall Tcheck Ttotal Status Flags
r-devel-linux-x86_64-debian-clang 0.1 1.52 18.91 20.43 NOTE
r-devel-linux-x86_64-debian-gcc 0.1 1.51 19.08 20.59 NOTE
r-devel-linux-x86_64-fedora-clang 0.1 45.72 NOTE
r-devel-linux-x86_64-fedora-gcc 0.1 42.73 NOTE
r-devel-osx-x86_64-clang 0.1 41.58 NOTE
r-devel-windows-ix86+x86_64 0.1 5.00 30.00 35.00 NOTE
r-patched-linux-x86_64 0.1 1.52 19.52 21.04 NOTE
r-patched-solaris-sparc 0.1 245.60 NOTE
r-patched-solaris-x86 0.1 63.20 NOTE
r-release-linux-ix86 0.1 2.03 26.75 28.78 NOTE
r-release-linux-x86_64 0.1 1.58 20.48 22.06 NOTE
r-release-osx-x86_64-mavericks 0.1 NOTE
r-release-osx-x86_64-snowleopard 0.1 NOTE
r-release-windows-ix86+x86_64 0.1 6.00 32.00 38.00 NOTE
r-oldrel-windows-ix86+x86_64 0.1 6.00 30.00 36.00 NOTE

Check Details

Version: 0.1
Check: dependencies in R code
Result: NOTE
    Packages in Depends field not imported from:
     ‘Rgraphviz’ ‘graph’
     These packages need to be imported from (in the NAMESPACE file)
     for when this namespace is loaded but not attached.
    See the information on DESCRIPTION files in the chapter ‘Creating R
    packages’ of the ‘Writing R Extensions’ manual.
Flavors: r-devel-linux-x86_64-debian-clang, r-devel-linux-x86_64-debian-gcc, r-devel-linux-x86_64-fedora-clang, r-devel-linux-x86_64-fedora-gcc, r-devel-osx-x86_64-clang, r-devel-windows-ix86+x86_64, r-patched-linux-x86_64, r-patched-solaris-sparc, r-patched-solaris-x86, r-release-linux-ix86, r-release-linux-x86_64, r-release-osx-x86_64-mavericks, r-release-osx-x86_64-snowleopard, r-release-windows-ix86+x86_64, r-oldrel-windows-ix86+x86_64

Version: 0.1
Check: R code for possible problems
Result: NOTE
    curveGrob: no visible global function definition for ‘pointList’
    curveGrob: no visible global function definition for ‘bezierGrob’
    curveGrob: no visible global function definition for ‘unit’
    curveGrob: no visible global function definition for ‘gpar’
    drawCurve: no visible global function definition for ‘grid.draw’
    drawDetails.edgegrob: no visible global function definition for ‘color’
    drawDetails.edgegrob: no visible global function definition for
     ‘pointList’
    drawDetails.edgegrob: no visible global function definition for
     ‘grid.segments’
    drawDetails.edgegrob: no visible global function definition for ‘getX’
    drawDetails.edgegrob: no visible global function definition for ‘ep’
    drawDetails.edgegrob: no visible global function definition for ‘getY’
    drawDetails.edgegrob: no visible global function definition for ‘gpar’
    drawEdge: no visible global function definition for ‘grid.draw’
    drawEdge: no visible global function definition for ‘grob’
    drawNode: no visible global function definition for ‘getNodeHeight’
    drawNode: no visible global function definition for ‘getNodeLW’
    drawNode: no visible global function definition for ‘getNodeRW’
    drawNode: no visible global function definition for ‘color’
    drawNode: no visible global function definition for ‘fillcolor’
    drawNode: no visible global function definition for ‘labelColor’
    drawNode: no visible global function definition for ‘txtLabel’
    drawNode: no visible global function definition for ‘labelFontsize’
    drawNode: no visible global function definition for ‘labelText’
    drawNode: no visible global function definition for ‘getNodeXY’
    drawNode: no visible global function definition for ‘grid.draw’
    drawNode: no visible global function definition for ‘unit’
    grid.graph: no visible global function definition for ‘laidout’
    grid.graph: no visible global function definition for ‘grid.newpage’
    grid.graph: no visible global function definition for ‘boundBox’
    grid.graph: no visible global function definition for ‘unit’
    grid.graph: no visible global function definition for ‘getX’
    grid.graph: no visible global function definition for ‘upRight’
    grid.graph: no visible global function definition for ‘botLeft’
    grid.graph: no visible global function definition for ‘getY’
    grid.graph: no visible global function definition for ‘pushViewport’
    grid.graph: no visible global function definition for ‘viewport’
    grid.graph: no visible global function definition for ‘grid.layout’
    grid.graph: no visible global function definition for ‘AgEdge’
    grid.graph: no visible global function definition for ‘AgNode’
    grid.graph: no visible global function definition for ‘upViewport’
    grobX.node: no visible global function definition for ‘grobX’
    grobX.node: no visible global function definition for ‘getGrob’
    grobY.node: no visible global function definition for ‘grobY’
    grobY.node: no visible global function definition for ‘getGrob’
    node: no visible global function definition for ‘convertWidth’
    node: no visible global function definition for ‘grobWidth’
    node: no visible global function definition for ‘textGrob’
    node: no visible global function definition for ‘gpar’
    node: no visible global function definition for ‘convertHeight’
    node: no visible global function definition for ‘grobHeight’
    node: no visible global function definition for ‘circleGrob’
    node: no visible global function definition for ‘rectGrob’
    node: no visible global function definition for ‘gTree’
    node: no visible global function definition for ‘gList’
Flavors: r-devel-linux-x86_64-debian-clang, r-devel-linux-x86_64-debian-gcc, r-devel-linux-x86_64-fedora-clang, r-devel-linux-x86_64-fedora-gcc, r-devel-osx-x86_64-clang, r-devel-windows-ix86+x86_64, r-patched-linux-x86_64, r-patched-solaris-sparc, r-patched-solaris-x86

Version: 0.1
Check: R code for possible problems
Result: NOTE
    grid.graph: warning in grid.layout(1, 1, width = (getX(upRight(bb)) -
     getX(botLeft(bb)))/(getY(upRight(bb)) - getY(botLeft(bb))), respect =
     TRUE): partial argument match of 'width' to 'widths'
Flavors: r-release-linux-ix86, r-release-linux-x86_64, r-release-osx-x86_64-mavericks, r-release-osx-x86_64-snowleopard, r-release-windows-ix86+x86_64, r-oldrel-windows-ix86+x86_64