CRAN Package Check Results for Package gridGraphviz

Last updated on 2018-02-17 21:49:22 CET.

Flavor Version Tinstall Tcheck Ttotal Status Flags
r-devel-linux-x86_64-debian-clang 0.3 2.62 33.72 36.34 NOTE
r-devel-linux-x86_64-debian-gcc 0.3 2.32 27.11 29.43 NOTE
r-devel-linux-x86_64-fedora-clang 0.3 43.67 NOTE
r-devel-linux-x86_64-fedora-gcc 0.3 41.22 NOTE
r-devel-windows-ix86+x86_64 0.3 5.00 44.00 49.00 NOTE
r-patched-linux-x86_64 0.3 2.37 32.93 35.30 NOTE
r-patched-solaris-x86 0.3 59.50 NOTE
r-release-linux-x86_64 0.3 1.63 32.74 34.37 NOTE
r-release-windows-ix86+x86_64 0.3 6.00 68.00 74.00 NOTE
r-release-osx-x86_64 0.3 NOTE
r-oldrel-windows-ix86+x86_64 0.3 4.00 54.00 58.00 NOTE
r-oldrel-osx-x86_64 0.3 NOTE

Check Details

Version: 0.3
Check: R code for possible problems
Result: NOTE
    grid.graph: no visible global function definition for ‘is’
    Undefined global functions or variables:
     is
    Consider adding
     importFrom("methods", "is")
    to your NAMESPACE file (and ensure that your DESCRIPTION Imports field
    contains 'methods').
Flavors: r-devel-linux-x86_64-debian-clang, r-devel-linux-x86_64-debian-gcc, r-devel-linux-x86_64-fedora-clang, r-devel-linux-x86_64-fedora-gcc, r-devel-windows-ix86+x86_64, r-patched-linux-x86_64, r-patched-solaris-x86, r-release-linux-x86_64, r-release-windows-ix86+x86_64, r-release-osx-x86_64, r-oldrel-windows-ix86+x86_64, r-oldrel-osx-x86_64