CRAN Package Check Results for Package gridGraphviz

Last updated on 2024-07-15 12:51:58 CEST.

Flavor Version Tinstall Tcheck Ttotal Status Flags
r-devel-linux-x86_64-debian-clang 0.3-1 4.84 44.55 49.39 OK
r-devel-linux-x86_64-debian-gcc 0.3-1 4.29 33.25 37.54 OK
r-devel-linux-x86_64-fedora-clang 0.3-1 61.40 OK
r-devel-linux-x86_64-fedora-gcc 0.3-1 57.97 OK
r-devel-windows-x86_64 0.3-1 5.00 52.00 57.00 NOTE
r-patched-linux-x86_64 0.3-1 6.59 41.34 47.93 OK
r-release-linux-x86_64 0.3-1 4.14 42.26 46.40 OK
r-release-macos-arm64 0.3-1 20.00 OK
r-release-macos-x86_64 0.3-1 35.00 OK
r-release-windows-x86_64 0.3-1 5.00 54.00 59.00 OK
r-oldrel-macos-arm64 0.3-1 21.00 OK
r-oldrel-macos-x86_64 0.3-1 38.00 OK
r-oldrel-windows-x86_64 0.3-1 5.00 58.00 63.00 OK

Check Details

Version: 0.3-1
Check: Rd cross-references
Result: NOTE Found the following Rd file(s) with Rd \link{} targets missing package anchors: agopenTrue.Rd: agopen graphWidth.Rd: Ragraph Please provide package anchors for all Rd \link{} targets not in the package itself and the base packages. Flavor: r-devel-windows-x86_64