CRAN Package Check Results for Package gridGraphviz

Last updated on 2017-11-25 09:49:31 CET.

Flavor Version Tinstall Tcheck Ttotal Status Flags
r-devel-linux-x86_64-debian-clang 0.3 2.17 51.02 53.18 NOTE
r-devel-linux-x86_64-debian-gcc 0.3 1.65 50.16 51.82 NOTE
r-devel-linux-x86_64-fedora-clang 0.3 38.73 NOTE
r-devel-linux-x86_64-fedora-gcc 0.3 37.47 NOTE
r-devel-windows-ix86+x86_64 0.3 5.00 64.00 69.00 NOTE
r-patched-linux-x86_64 0.3 1.93 55.22 57.16 NOTE
r-patched-solaris-x86 0.3 59.10 NOTE
r-release-linux-x86_64 0.3 1.99 54.88 56.87 NOTE
r-release-windows-ix86+x86_64 0.3 5.00 56.00 61.00 NOTE
r-release-osx-x86_64 0.3 NOTE
r-oldrel-windows-ix86+x86_64 0.3 4.00 67.00 71.00 NOTE
r-oldrel-osx-x86_64 0.3 NOTE

Check Details

Version: 0.3
Check: R code for possible problems
Result: NOTE
    grid.graph: no visible global function definition for ‘is’
    Undefined global functions or variables:
     is
    Consider adding
     importFrom("methods", "is")
    to your NAMESPACE file (and ensure that your DESCRIPTION Imports field
    contains 'methods').
Flavors: r-devel-linux-x86_64-debian-clang, r-devel-linux-x86_64-debian-gcc, r-devel-linux-x86_64-fedora-clang, r-devel-linux-x86_64-fedora-gcc, r-devel-windows-ix86+x86_64, r-patched-linux-x86_64, r-patched-solaris-x86, r-release-linux-x86_64, r-release-windows-ix86+x86_64, r-release-osx-x86_64, r-oldrel-windows-ix86+x86_64, r-oldrel-osx-x86_64