CRAN Package Check Results for Package gridGraphviz

Last updated on 2015-07-27 23:47:58.

Flavor Version Tinstall Tcheck Ttotal Status Flags
r-devel-linux-x86_64-debian-clang 0.3 1.38 19.33 20.71 NOTE
r-devel-linux-x86_64-debian-gcc 0.3 1.36 18.86 20.21 NOTE
r-devel-linux-x86_64-fedora-clang 0.3 41.12 NOTE
r-devel-linux-x86_64-fedora-gcc 0.3 38.43 NOTE
r-devel-osx-x86_64-clang 0.3 35.47 OK
r-devel-windows-ix86+x86_64 0.3 5.00 49.00 54.00 NOTE
r-patched-linux-x86_64 0.3 1.68 18.97 20.64 OK
r-patched-solaris-sparc 0.3 250.70 OK
r-patched-solaris-x86 0.3 59.70 OK
r-release-linux-x86_64 0.3 1.36 19.93 21.29 OK
r-release-osx-x86_64-mavericks 0.3 OK
r-release-windows-ix86+x86_64 0.3 7.00 46.00 53.00 OK
r-oldrel-windows-ix86+x86_64 0.3 9.00 38.00 47.00 OK

Check Details

Version: 0.3
Check: R code for possible problems
Result: NOTE
    grid.graph: no visible global function definition for ‘is’
    Undefined global functions or variables:
     is
    Consider adding
     importFrom("methods", "is")
    to your NAMESPACE.
Flavors: r-devel-linux-x86_64-debian-clang, r-devel-linux-x86_64-debian-gcc, r-devel-linux-x86_64-fedora-clang, r-devel-linux-x86_64-fedora-gcc, r-devel-windows-ix86+x86_64