CRAN Package Check Results for Package gridGraphviz

Last updated on 2017-02-22 07:48:17.

Flavor Version Tinstall Tcheck Ttotal Status Flags
r-devel-linux-x86_64-debian-clang 0.3 1.47 21.33 22.80 NOTE
r-devel-linux-x86_64-debian-gcc 0.3 1.52 21.09 22.61 NOTE
r-devel-linux-x86_64-fedora-clang 0.3 41.93 NOTE --no-stop-on-test-error
r-devel-linux-x86_64-fedora-gcc 0.3 40.84 NOTE --no-stop-on-test-error
r-devel-macos-x86_64-clang 0.3 34.92 NOTE --no-stop-on-test-error
r-devel-windows-ix86+x86_64 0.3 8.00 96.00 104.00 NOTE
r-patched-linux-x86_64 0.3 1.48 18.77 20.25 NOTE
r-patched-solaris-sparc 0.3 229.50 NOTE
r-patched-solaris-x86 0.3 52.30 NOTE
r-release-linux-x86_64 0.3 1.32 18.58 19.90 NOTE
r-release-osx-x86_64-mavericks 0.3 NOTE
r-release-windows-ix86+x86_64 0.3 11.00 52.00 63.00 NOTE
r-oldrel-windows-ix86+x86_64 0.3 10.00 51.00 61.00 OK

Check Details

Version: 0.3
Check: R code for possible problems
Result: NOTE
    grid.graph: no visible global function definition for ‘is’
    Undefined global functions or variables:
     is
    Consider adding
     importFrom("methods", "is")
    to your NAMESPACE file (and ensure that your DESCRIPTION Imports field
    contains 'methods').
Flavors: r-devel-linux-x86_64-debian-clang, r-devel-linux-x86_64-debian-gcc, r-devel-windows-ix86+x86_64, r-patched-linux-x86_64, r-patched-solaris-sparc, r-patched-solaris-x86, r-release-linux-x86_64, r-release-osx-x86_64-mavericks, r-release-windows-ix86+x86_64

Version: 0.3
Flags: --no-stop-on-test-error
Check: R code for possible problems
Result: NOTE
    grid.graph: no visible global function definition for ‘is’
    Undefined global functions or variables:
     is
    Consider adding
     importFrom("methods", "is")
    to your NAMESPACE file (and ensure that your DESCRIPTION Imports field
    contains 'methods').
Flavors: r-devel-linux-x86_64-fedora-clang, r-devel-linux-x86_64-fedora-gcc, r-devel-macos-x86_64-clang