CRAN Package Check Results for Package gridGraphviz

Last updated on 2017-05-30 02:46:37.

Flavor Version Tinstall Tcheck Ttotal Status Flags
r-devel-linux-x86_64-debian-clang 0.3 1.48 21.45 22.92 NOTE
r-devel-linux-x86_64-debian-gcc 0.3 1.57 21.15 22.72 NOTE
r-devel-linux-x86_64-fedora-clang 0.3 42.99 NOTE
r-devel-linux-x86_64-fedora-gcc 0.3 42.28 NOTE
r-devel-windows-ix86+x86_64 0.3 5.00 62.00 67.00 NOTE
r-patched-linux-x86_64 0.3 1.55 21.27 22.82 NOTE
r-patched-solaris-sparc 0.3 248.30 NOTE
r-patched-solaris-x86 0.3 59.80 NOTE
r-release-linux-x86_64 0.3 1.63 21.59 23.23 NOTE
r-release-windows-ix86+x86_64 0.3 7.00 42.00 49.00 NOTE
r-release-osx-x86_64 0.3 ERROR
r-oldrel-windows-ix86+x86_64 0.3 4.00 40.00 44.00 NOTE
r-oldrel-osx-x86_64 0.3 NOTE

Check Details

Version: 0.3
Check: R code for possible problems
Result: NOTE
    grid.graph: no visible global function definition for ‘is’
    Undefined global functions or variables:
     is
    Consider adding
     importFrom("methods", "is")
    to your NAMESPACE file (and ensure that your DESCRIPTION Imports field
    contains 'methods').
Flavors: r-devel-linux-x86_64-debian-clang, r-devel-linux-x86_64-debian-gcc, r-devel-linux-x86_64-fedora-clang, r-devel-linux-x86_64-fedora-gcc, r-devel-windows-ix86+x86_64, r-patched-linux-x86_64, r-patched-solaris-sparc, r-patched-solaris-x86, r-release-linux-x86_64, r-release-windows-ix86+x86_64, r-oldrel-windows-ix86+x86_64, r-oldrel-osx-x86_64

Version: 0.3
Check: package dependencies
Result: ERROR
    Packages required but not available: ‘graph’ ‘Rgraphviz’
    
    See section ‘The DESCRIPTION file’ in the ‘Writing R Extensions’
    manual.
Flavor: r-release-osx-x86_64