CRAN Package Check Results for Package gridGraphviz

Last updated on 2017-07-21 23:49:34.

Flavor Version Tinstall Tcheck Ttotal Status Flags
r-devel-linux-x86_64-debian-clang 0.3 1.46 30.42 31.87 NOTE
r-devel-linux-x86_64-debian-gcc 0.3 1.42 29.75 31.17 NOTE
r-devel-linux-x86_64-fedora-clang 0.3 42.79 NOTE
r-devel-linux-x86_64-fedora-gcc 0.3 41.86 NOTE
r-devel-windows-ix86+x86_64 0.3 9.00 48.00 57.00 NOTE
r-patched-linux-x86_64 0.3 1.44 30.35 31.79 NOTE
r-patched-solaris-x86 0.3 66.00 NOTE
r-release-linux-x86_64 0.3 1.62 31.08 32.70 NOTE
r-release-windows-ix86+x86_64 0.3 5.00 129.00 134.00 NOTE
r-release-osx-x86_64 0.3 ERROR
r-oldrel-windows-ix86+x86_64 0.3 5.00 52.00 57.00 NOTE
r-oldrel-osx-x86_64 0.3 NOTE

Check Details

Version: 0.3
Check: R code for possible problems
Result: NOTE
    grid.graph: no visible global function definition for ‘is’
    Undefined global functions or variables:
     is
    Consider adding
     importFrom("methods", "is")
    to your NAMESPACE file (and ensure that your DESCRIPTION Imports field
    contains 'methods').
Flavors: r-devel-linux-x86_64-debian-clang, r-devel-linux-x86_64-debian-gcc, r-devel-linux-x86_64-fedora-clang, r-devel-linux-x86_64-fedora-gcc, r-devel-windows-ix86+x86_64, r-patched-linux-x86_64, r-patched-solaris-x86, r-release-linux-x86_64, r-release-windows-ix86+x86_64, r-oldrel-windows-ix86+x86_64, r-oldrel-osx-x86_64

Version: 0.3
Check: package dependencies
Result: ERROR
    Packages required but not available: ‘graph’ ‘Rgraphviz’
    
    See section ‘The DESCRIPTION file’ in the ‘Writing R Extensions’
    manual.
Flavor: r-release-osx-x86_64