CRAN Package Check Results for Package gridGraphviz

Last updated on 2015-04-28 06:46:35.

Flavor Version Tinstall Tcheck Ttotal Status Flags
r-devel-linux-x86_64-debian-clang 0.1 1.32 16.96 18.28 NOTE
r-devel-linux-x86_64-debian-gcc 0.1 1.31 16.35 17.66 NOTE
r-devel-linux-x86_64-fedora-clang 0.1 36.70 NOTE
r-devel-linux-x86_64-fedora-gcc 0.1 34.00 NOTE
r-devel-osx-x86_64-clang 0.1 35.43 NOTE
r-devel-windows-ix86+x86_64 0.1 5.00 26.00 31.00 NOTE
r-patched-linux-x86_64 0.1 1.32 16.79 18.12 NOTE
r-patched-solaris-sparc 0.1 224.10 NOTE
r-patched-solaris-x86 0.1 52.30 NOTE
r-release-linux-x86_64 0.1 1.32 17.22 18.53 NOTE
r-release-osx-x86_64-mavericks 0.1 NOTE
r-release-osx-x86_64-snowleopard 0.1 ERROR
r-release-windows-ix86+x86_64 0.1 7.00 28.00 35.00 NOTE
r-oldrel-windows-ix86+x86_64 0.1 5.00 37.00 42.00 NOTE

Check Details

Version: 0.1
Check: dependencies in R code
Result: NOTE
    Packages in Depends field not imported from:
     ‘Rgraphviz’ ‘graph’
     These packages need to be imported from (in the NAMESPACE file)
     for when this namespace is loaded but not attached.
Flavors: r-devel-linux-x86_64-debian-clang, r-devel-linux-x86_64-debian-gcc, r-devel-linux-x86_64-fedora-clang, r-devel-linux-x86_64-fedora-gcc, r-devel-osx-x86_64-clang, r-devel-windows-ix86+x86_64, r-patched-solaris-sparc, r-patched-solaris-x86, r-release-linux-x86_64, r-release-osx-x86_64-mavericks, r-release-windows-ix86+x86_64, r-oldrel-windows-ix86+x86_64

Version: 0.1
Check: R code for possible problems
Result: NOTE
    curveGrob: no visible global function definition for ‘pointList’
    curveGrob: no visible global function definition for ‘bezierGrob’
    curveGrob: no visible global function definition for ‘unit’
    curveGrob: no visible global function definition for ‘gpar’
    drawCurve: no visible global function definition for ‘grid.draw’
    drawDetails.edgegrob: no visible global function definition for ‘color’
    drawDetails.edgegrob: no visible global function definition for
     ‘pointList’
    drawDetails.edgegrob: no visible global function definition for
     ‘grid.segments’
    drawDetails.edgegrob: no visible global function definition for ‘getX’
    drawDetails.edgegrob: no visible global function definition for ‘ep’
    drawDetails.edgegrob: no visible global function definition for ‘getY’
    drawDetails.edgegrob: no visible global function definition for ‘gpar’
    drawEdge: no visible global function definition for ‘grid.draw’
    drawEdge: no visible global function definition for ‘grob’
    drawNode: no visible global function definition for ‘getNodeHeight’
    drawNode: no visible global function definition for ‘getNodeLW’
    drawNode: no visible global function definition for ‘getNodeRW’
    drawNode: no visible global function definition for ‘color’
    drawNode: no visible global function definition for ‘fillcolor’
    drawNode: no visible global function definition for ‘labelColor’
    drawNode: no visible global function definition for ‘txtLabel’
    drawNode: no visible global function definition for ‘labelFontsize’
    drawNode: no visible global function definition for ‘labelText’
    drawNode: no visible global function definition for ‘getNodeXY’
    drawNode: no visible global function definition for ‘grid.draw’
    drawNode: no visible global function definition for ‘unit’
    grid.graph: no visible global function definition for ‘laidout’
    grid.graph: no visible global function definition for ‘grid.newpage’
    grid.graph: no visible global function definition for ‘boundBox’
    grid.graph: no visible global function definition for ‘unit’
    grid.graph: no visible global function definition for ‘getX’
    grid.graph: no visible global function definition for ‘upRight’
    grid.graph: no visible global function definition for ‘botLeft’
    grid.graph: no visible global function definition for ‘getY’
    grid.graph: no visible global function definition for ‘pushViewport’
    grid.graph: no visible global function definition for ‘viewport’
    grid.graph: no visible global function definition for ‘grid.layout’
    grid.graph: no visible global function definition for ‘AgEdge’
    grid.graph: no visible global function definition for ‘AgNode’
    grid.graph: no visible global function definition for ‘upViewport’
    grobX.node: no visible global function definition for ‘grobX’
    grobX.node: no visible global function definition for ‘getGrob’
    grobY.node: no visible global function definition for ‘grobY’
    grobY.node: no visible global function definition for ‘getGrob’
    node: no visible global function definition for ‘convertWidth’
    node: no visible global function definition for ‘grobWidth’
    node: no visible global function definition for ‘textGrob’
    node: no visible global function definition for ‘gpar’
    node: no visible global function definition for ‘convertHeight’
    node: no visible global function definition for ‘grobHeight’
    node: no visible global function definition for ‘circleGrob’
    node: no visible global function definition for ‘rectGrob’
    node: no visible global function definition for ‘gTree’
    node: no visible global function definition for ‘gList’
Flavors: r-devel-linux-x86_64-debian-clang, r-devel-linux-x86_64-debian-gcc, r-devel-linux-x86_64-fedora-clang, r-devel-linux-x86_64-fedora-gcc, r-devel-osx-x86_64-clang, r-devel-windows-ix86+x86_64, r-patched-solaris-sparc, r-patched-solaris-x86, r-release-linux-x86_64, r-release-osx-x86_64-mavericks, r-release-windows-ix86+x86_64, r-oldrel-windows-ix86+x86_64

Version: 0.1
Check: package dependencies
Result: ERROR
    Packages required but not available: ‘graph’ ‘Rgraphviz’
    
    Package suggested but not available for checking: ‘gridSVG’
    
    See section ‘The DESCRIPTION file’ in the ‘Writing R Extensions’
    manual.
Flavor: r-release-osx-x86_64-snowleopard