CRAN Package Check Results for Package gridGraphviz

Last updated on 2015-08-30 17:48:14.

Flavor Version Tinstall Tcheck Ttotal Status Flags
r-devel-linux-x86_64-debian-clang 0.3 1.30 18.23 19.53 NOTE
r-devel-linux-x86_64-debian-gcc 0.3 1.23 17.75 18.98 NOTE
r-devel-linux-x86_64-fedora-clang 0.3 39.24 NOTE
r-devel-linux-x86_64-fedora-gcc 0.3 36.98 NOTE
r-devel-osx-x86_64-clang 0.3 35.02 OK
r-devel-windows-ix86+x86_64 0.3 8.00 35.00 43.00 NOTE
r-patched-linux-x86_64 0.3 1.46 18.96 20.41 OK
r-patched-solaris-sparc 0.3 250.70 OK
r-patched-solaris-x86 0.3 61.00 OK
r-release-linux-x86_64 0.3 1.39 19.02 20.42 OK
r-release-osx-x86_64-mavericks 0.3 OK
r-release-windows-ix86+x86_64 0.3 6.00 35.00 41.00 OK
r-oldrel-windows-ix86+x86_64 0.3 8.00 36.00 44.00 OK

Check Details

Version: 0.3
Check: R code for possible problems
Result: NOTE
    grid.graph: no visible global function definition for ‘is’
    Undefined global functions or variables:
     is
    Consider adding
     importFrom("methods", "is")
    to your NAMESPACE (and ensure that your DESCRIPTION Imports field
    contains 'methods').
Flavors: r-devel-linux-x86_64-debian-clang, r-devel-linux-x86_64-debian-gcc, r-devel-linux-x86_64-fedora-clang, r-devel-linux-x86_64-fedora-gcc, r-devel-windows-ix86+x86_64