CRAN Package Check Results for Package gridGraphviz

Last updated on 2014-07-24 17:49:01.

Flavor Version Tinstall Tcheck Ttotal Status Flags
r-devel-linux-x86_64-debian-clang 0.1 1.60 20.02 21.61 NOTE
r-devel-linux-x86_64-debian-gcc 0.1 1.54 19.29 20.83 NOTE
r-devel-linux-x86_64-fedora-clang 0.1 48.55 NOTE
r-devel-linux-x86_64-fedora-gcc 0.1 47.28 NOTE
r-devel-osx-x86_64-clang 0.1 41.65 NOTE
r-devel-windows-ix86+x86_64 0.1 5.00 31.00 36.00 NOTE
r-patched-linux-x86_64 0.1 1.56 19.44 21.00 NOTE
r-patched-solaris-sparc 0.1 250.60 NOTE
r-patched-solaris-x86 0.1 64.30 NOTE
r-release-linux-ix86 0.1 1.98 26.41 28.40 NOTE
r-release-linux-x86_64 0.1 2.17 19.74 21.90 NOTE
r-release-osx-x86_64-mavericks 0.1 NOTE
r-release-osx-x86_64-snowleopard 0.1 NOTE
r-release-windows-ix86+x86_64 0.1 5.00 32.00 37.00 NOTE
r-oldrel-windows-ix86+x86_64 0.1 6.00 32.00 38.00 NOTE

Check Details

Version: 0.1
Check: dependencies in R code
Result: NOTE
    Packages in Depends field not imported from:
     ‘Rgraphviz’ ‘graph’
     These packages need to be imported from (in the NAMESPACE file)
     for when this namespace is loaded but not attached.
    See the information on DESCRIPTION files in the chapter ‘Creating R
    packages’ of the ‘Writing R Extensions’ manual.
Flavors: r-devel-linux-x86_64-debian-clang, r-devel-linux-x86_64-debian-gcc, r-devel-linux-x86_64-fedora-clang, r-devel-linux-x86_64-fedora-gcc, r-devel-osx-x86_64-clang, r-devel-windows-ix86+x86_64, r-patched-linux-x86_64, r-patched-solaris-sparc, r-patched-solaris-x86, r-release-linux-ix86, r-release-linux-x86_64, r-release-osx-x86_64-mavericks, r-release-osx-x86_64-snowleopard, r-release-windows-ix86+x86_64, r-oldrel-windows-ix86+x86_64

Version: 0.1
Check: R code for possible problems
Result: NOTE
    grid.graph: warning in grid.layout(1, 1, width = (getX(upRight(bb)) -
     getX(botLeft(bb)))/(getY(upRight(bb)) - getY(botLeft(bb))), respect =
     TRUE): partial argument match of 'width' to 'widths'
Flavors: r-devel-linux-x86_64-debian-clang, r-devel-linux-x86_64-debian-gcc, r-devel-linux-x86_64-fedora-clang, r-devel-linux-x86_64-fedora-gcc, r-devel-osx-x86_64-clang, r-devel-windows-ix86+x86_64, r-patched-linux-x86_64, r-patched-solaris-sparc, r-patched-solaris-x86, r-release-linux-ix86, r-release-linux-x86_64, r-release-osx-x86_64-mavericks, r-release-osx-x86_64-snowleopard, r-release-windows-ix86+x86_64, r-oldrel-windows-ix86+x86_64