CRAN Package Check Results for Package gridGraphviz

Last updated on 2016-07-29 05:49:03.

Flavor Version Tinstall Tcheck Ttotal Status Flags
r-devel-linux-x86_64-debian-clang 0.3 1.31 19.13 20.44 NOTE
r-devel-linux-x86_64-debian-gcc 0.3 1.76 21.47 23.22 NOTE
r-devel-linux-x86_64-fedora-clang 0.3 36.64 NOTE
r-devel-linux-x86_64-fedora-gcc 0.3 36.64 NOTE
r-devel-osx-x86_64-clang 0.3 31.37 NOTE
r-devel-windows-ix86+x86_64 0.3 6.00 38.00 44.00 NOTE
r-patched-linux-x86_64 0.3 1.69 21.04 22.73 NOTE
r-patched-solaris-sparc 0.3 222.70 NOTE
r-patched-solaris-x86 0.3 50.70 NOTE
r-release-linux-x86_64 0.3 1.73 21.90 23.62 NOTE
r-release-osx-x86_64-mavericks 0.3 NOTE
r-release-windows-ix86+x86_64 0.3 7.00 52.00 59.00 NOTE
r-oldrel-windows-ix86+x86_64 0.3 7.00 50.00 57.00 OK

Check Details

Version: 0.3
Check: R code for possible problems
Result: NOTE
    grid.graph: no visible global function definition for ‘is’
    Undefined global functions or variables:
     is
    Consider adding
     importFrom("methods", "is")
    to your NAMESPACE file (and ensure that your DESCRIPTION Imports field
    contains 'methods').
Flavors: r-devel-linux-x86_64-debian-clang, r-devel-linux-x86_64-debian-gcc, r-devel-linux-x86_64-fedora-clang, r-devel-linux-x86_64-fedora-gcc, r-devel-osx-x86_64-clang, r-devel-windows-ix86+x86_64, r-patched-linux-x86_64, r-patched-solaris-sparc, r-patched-solaris-x86, r-release-linux-x86_64, r-release-osx-x86_64-mavericks, r-release-windows-ix86+x86_64