CRAN Package Check Results for Package gridGraphviz

Last updated on 2018-04-24 19:54:07 CEST.

Flavor Version Tinstall Tcheck Ttotal Status Flags
r-devel-linux-x86_64-debian-clang 0.3 2.06 33.75 35.81 NOTE
r-devel-linux-x86_64-debian-gcc 0.3 2.27 27.16 29.43 NOTE
r-devel-linux-x86_64-fedora-clang 0.3 43.85 NOTE
r-devel-linux-x86_64-fedora-gcc 0.3 41.34 NOTE
r-devel-windows-ix86+x86_64 0.3 6.00 45.00 51.00 NOTE
r-patched-linux-x86_64 0.3 2.72 33.15 35.87 NOTE
r-patched-solaris-x86 0.3 69.00 NOTE
r-release-linux-x86_64 0.3 2.28 32.95 35.23 NOTE
r-release-windows-ix86+x86_64 0.3 6.00 45.00 51.00 NOTE
r-release-osx-x86_64 0.3 NOTE
r-oldrel-windows-ix86+x86_64 0.3 5.00 65.00 70.00 NOTE
r-oldrel-osx-x86_64 0.3 NOTE

Check Details

Version: 0.3
Check: R code for possible problems
Result: NOTE
    grid.graph: no visible global function definition for ‘is’
    Undefined global functions or variables:
     is
    Consider adding
     importFrom("methods", "is")
    to your NAMESPACE file (and ensure that your DESCRIPTION Imports field
    contains 'methods').
Flavors: r-devel-linux-x86_64-debian-clang, r-devel-linux-x86_64-debian-gcc, r-devel-linux-x86_64-fedora-clang, r-devel-linux-x86_64-fedora-gcc, r-devel-windows-ix86+x86_64, r-patched-linux-x86_64, r-patched-solaris-x86, r-release-linux-x86_64, r-release-windows-ix86+x86_64, r-release-osx-x86_64, r-oldrel-windows-ix86+x86_64, r-oldrel-osx-x86_64