CRAN Package Check Results for Package gridSVG

Last updated on 2017-04-23 23:51:03.

Flavor Version Tinstall Tcheck Ttotal Status Flags
r-devel-linux-x86_64-debian-clang 1.5-0 2.56 96.66 99.22 NOTE
r-devel-linux-x86_64-debian-gcc 1.5-0 2.39 94.75 97.15 NOTE
r-devel-linux-x86_64-fedora-clang 1.5-0 190.08 NOTE --no-stop-on-test-error
r-devel-linux-x86_64-fedora-gcc 1.5-0 185.35 NOTE --no-stop-on-test-error
r-devel-windows-ix86+x86_64 1.5-0 20.00 319.00 339.00 OK
r-patched-linux-x86_64 1.5-0 2.35 96.14 98.49 NOTE
r-patched-solaris-sparc 1.5-0 1079.30 OK
r-patched-solaris-x86 1.5-0 225.50 OK
r-release-linux-x86_64 1.5-0 2.43 97.57 99.99 NOTE
r-release-windows-ix86+x86_64 1.5-0 10.00 240.00 250.00 OK
r-release-osx-x86_64 1.5-0 OK
r-oldrel-windows-ix86+x86_64 1.5-0 11.00 197.00 208.00 OK
r-oldrel-osx-x86_64 1.5-0 OK

Check Details

Version: 1.5-0
Check: compiled code
Result: NOTE
    File ‘gridSVG/libs/gridSVG.so’:
     Found no calls to: ‘R_registerRoutines’, ‘R_useDynamicSymbols’
    
    It is good practice to register native routines and to disable symbol
    search.
    
    See ‘Writing portable packages’ in the ‘Writing R Extensions’ manual.
Flavors: r-devel-linux-x86_64-debian-clang, r-devel-linux-x86_64-debian-gcc, r-patched-linux-x86_64, r-release-linux-x86_64

Version: 1.5-0
Flags: --no-stop-on-test-error
Check: compiled code
Result: NOTE
    File ‘gridSVG/libs/gridSVG.so’:
     Found no calls to: ‘R_registerRoutines’, ‘R_useDynamicSymbols’
    
    It is good practice to register native routines and to disable symbol
    search.
    
    See ‘Writing portable packages’ in the ‘Writing R Extensions’ manual.
Flavors: r-devel-linux-x86_64-fedora-clang, r-devel-linux-x86_64-fedora-gcc