CRAN Package Check Results for Package gridSVG

Last updated on 2015-05-22 19:48:06.

Flavor Version Tinstall Tcheck Ttotal Status Flags
r-devel-linux-x86_64-debian-clang 1.4-3 2.23 74.96 77.19 OK
r-devel-linux-x86_64-debian-gcc 1.4-3 2.29 75.96 78.25 OK
r-devel-linux-x86_64-fedora-clang 1.4-3 156.82 OK
r-devel-linux-x86_64-fedora-gcc 1.4-3 149.26 OK
r-devel-osx-x86_64-clang 1.4-3 150.82 OK
r-devel-windows-ix86+x86_64 1.4-3 15.00 173.00 188.00 OK
r-patched-linux-x86_64 1.4-3 2.36 76.13 78.49 OK
r-patched-solaris-sparc 1.4-3 929.90 OK
r-patched-solaris-x86 1.4-3 196.20 OK
r-release-linux-x86_64 1.4-3 2.34 77.98 80.32 OK
r-release-osx-x86_64-mavericks 1.4-3 OK
r-release-osx-x86_64-snowleopard 1.4-3 ERROR
r-release-windows-ix86+x86_64 1.4-3 11.00 182.00 193.00 OK
r-oldrel-windows-ix86+x86_64 1.4-3 11.00 273.00 284.00 OK

Check Details

Version: 1.4-3
Check: package dependencies
Result: ERROR
    Package required but not available: ‘XML’
    
    See section ‘The DESCRIPTION file’ in the ‘Writing R Extensions’
    manual.
Flavor: r-release-osx-x86_64-snowleopard