CRAN Package Check Results for Package gridSVG

Last updated on 2014-10-31 06:47:19.

Flavor Version Tinstall Tcheck Ttotal Status Flags
r-devel-linux-x86_64-debian-clang 1.4-0 2.79 80.93 83.72 OK
r-devel-linux-x86_64-debian-gcc 1.4-0 2.43 78.51 80.94 OK
r-devel-linux-x86_64-fedora-clang 1.4-0 183.25 OK
r-devel-linux-x86_64-fedora-gcc 1.4-0 169.93 OK
r-devel-osx-x86_64-clang 1.4-0 154.95 OK
r-devel-windows-ix86+x86_64 1.4-0 10.00 168.00 178.00 OK
r-patched-linux-x86_64 1.4-0 2.46 85.10 87.56 OK
r-patched-solaris-sparc 1.4-0 988.70 OK
r-patched-solaris-x86 1.4-0 220.70 OK
r-release-linux-ix86 1.4-0 3.34 104.18 107.52 OK
r-release-linux-x86_64 1.4-0 2.54 87.14 89.68 OK
r-release-osx-x86_64-mavericks 1.4-0 OK
r-release-osx-x86_64-snowleopard 1.4-0 OK
r-release-windows-ix86+x86_64 1.4-0 9.00 183.00 192.00 OK
r-oldrel-windows-ix86+x86_64 1.3-1 9.00 203.00 212.00 NOTE

Memtest notes: valgrind

Check Details

Version: 1.3-1
Check: dependencies in R code
Result: NOTE
    Unexported objects imported by ':::' calls:
     'grid:::.grid.pathSep' 'grid:::depth' 'grid:::force'
     'grid:::gPathDirect' 'grid:::grid.Call' 'grid:::resolveHJust'
     'grid:::resolveRasterSize' 'grid:::resolveVJust'
     See the note in ?`:::` about the use of this operator.
    See the information on DESCRIPTION files in the chapter 'Creating R
    packages' of the 'Writing R Extensions' manual.
Flavor: r-oldrel-windows-ix86+x86_64

Version: 1.3-1
Check: for old-style vignette sources
Result: NOTE
    Vignette sources only in 'inst/doc':
     'animation.Rnw', 'extensibility.Rnw', 'gridSVG.Rnw'
    A 'vignettes' directory will be required as from R 3.1.0
Flavor: r-oldrel-windows-ix86+x86_64