CRAN Package Check Results for Package gridSVG

Last updated on 2014-12-18 00:48:50.

Flavor Version Tinstall Tcheck Ttotal Status Flags
r-devel-linux-x86_64-debian-clang 1.4-2 2.90 81.61 84.51 OK
r-devel-linux-x86_64-debian-gcc 1.4-0 2.52 78.35 80.87 OK
r-devel-linux-x86_64-fedora-clang 1.4-2 109.68 OK
r-devel-linux-x86_64-fedora-gcc 1.4-2 104.59 OK
r-devel-osx-x86_64-clang 1.4-2 134.46 OK
r-devel-windows-ix86+x86_64 1.4-2 12.00 155.00 167.00 OK
r-patched-linux-x86_64 1.4-0 2.53 85.43 87.96 OK
r-patched-solaris-sparc 1.4-2 967.40 OK
r-patched-solaris-x86 1.4-2 185.80 OK
r-release-linux-ix86 1.4-0 3.18 99.32 102.50 OK
r-release-linux-x86_64 1.4-2 2.48 85.16 87.64 OK
r-release-osx-x86_64-mavericks 1.4-2 OK
r-release-osx-x86_64-snowleopard 1.4-2 OK
r-release-windows-ix86+x86_64 1.4-0 13.00 195.00 208.00 OK
r-oldrel-windows-ix86+x86_64 1.3-1 9.00 203.00 212.00 NOTE

Check Details

Version: 1.3-1
Check: dependencies in R code
Result: NOTE
    Unexported objects imported by ':::' calls:
     'grid:::.grid.pathSep' 'grid:::depth' 'grid:::force'
     'grid:::gPathDirect' 'grid:::grid.Call' 'grid:::resolveHJust'
     'grid:::resolveRasterSize' 'grid:::resolveVJust'
     See the note in ?`:::` about the use of this operator.
    See the information on DESCRIPTION files in the chapter 'Creating R
    packages' of the 'Writing R Extensions' manual.
Flavor: r-oldrel-windows-ix86+x86_64

Version: 1.3-1
Check: for old-style vignette sources
Result: NOTE
    Vignette sources only in 'inst/doc':
     'animation.Rnw', 'extensibility.Rnw', 'gridSVG.Rnw'
    A 'vignettes' directory will be required as from R 3.1.0
Flavor: r-oldrel-windows-ix86+x86_64