CRAN Package Check Results for Package gridSVG

Last updated on 2014-07-24 01:47:55.

Flavor Version Tinstall Tcheck Ttotal Status Flags
r-devel-linux-x86_64-debian-clang 1.4-0 2.69 81.54 84.23 OK
r-devel-linux-x86_64-debian-gcc 1.4-0 2.76 82.30 85.07 OK
r-devel-linux-x86_64-fedora-clang 1.4-0 190.40 OK
r-devel-linux-x86_64-fedora-gcc 1.4-0 184.61 OK
r-devel-osx-x86_64-clang 1.4-0 152.44 OK
r-devel-windows-ix86+x86_64 1.4-0 11.00 174.00 185.00 OK
r-patched-linux-x86_64 1.4-0 2.49 87.20 89.69 OK
r-patched-solaris-sparc 1.4-0 904.40 OK
r-patched-solaris-x86 1.4-0 226.10 OK
r-release-linux-ix86 1.4-0 3.29 102.72 106.01 OK
r-release-linux-x86_64 1.4-0 2.56 84.63 87.18 OK
r-release-osx-x86_64-mavericks 1.4-0 OK
r-release-osx-x86_64-snowleopard 1.4-0 OK
r-release-windows-ix86+x86_64 1.4-0 10.00 184.00 194.00 OK
r-oldrel-windows-ix86+x86_64 1.3-1 9.00 203.00 212.00 NOTE

Memtest notes: valgrind

Check Details

Version: 1.3-1
Check: dependencies in R code
Result: NOTE
    Unexported objects imported by ':::' calls:
     'grid:::.grid.pathSep' 'grid:::depth' 'grid:::force'
     'grid:::gPathDirect' 'grid:::grid.Call' 'grid:::resolveHJust'
     'grid:::resolveRasterSize' 'grid:::resolveVJust'
     See the note in ?`:::` about the use of this operator.
    See the information on DESCRIPTION files in the chapter 'Creating R
    packages' of the 'Writing R Extensions' manual.
Flavor: r-oldrel-windows-ix86+x86_64

Version: 1.3-1
Check: for old-style vignette sources
Result: NOTE
    Vignette sources only in 'inst/doc':
     'animation.Rnw', 'extensibility.Rnw', 'gridSVG.Rnw'
    A 'vignettes' directory will be required as from R 3.1.0
    * checking examples ...
Flavor: r-oldrel-windows-ix86+x86_64