CRAN Package Check Results for Package gridSVG

Last updated on 2015-07-29 06:47:46.

Flavor Version Tinstall Tcheck Ttotal Status Flags
r-devel-linux-x86_64-debian-clang 1.4-3 2.29 77.00 79.29 NOTE
r-devel-linux-x86_64-debian-gcc 1.4-3 2.12 73.66 75.78 NOTE
r-devel-linux-x86_64-fedora-clang 1.4-3 154.72 NOTE
r-devel-linux-x86_64-fedora-gcc 1.4-3 145.86 NOTE
r-devel-osx-x86_64-clang 1.4-3 131.52 OK
r-devel-windows-ix86+x86_64 1.4-3 11.00 182.00 193.00 NOTE
r-patched-linux-x86_64 1.4-3 2.34 78.62 80.97 OK
r-patched-solaris-sparc 1.4-3 912.80 OK
r-patched-solaris-x86 1.4-3 197.90 OK
r-release-linux-x86_64 1.4-3 2.33 76.06 78.39 OK
r-release-osx-x86_64-mavericks 1.4-3 OK
r-release-windows-ix86+x86_64 1.4-3 16.00 268.00 284.00 OK
r-oldrel-windows-ix86+x86_64 1.4-3 19.00 296.00 315.00 OK

Check Details

Version: 1.4-3
Check: R code for possible problems
Result: NOTE
    dev.off: no visible global function definition for ‘dev.cur’
    devColToSVG: no visible global function definition for ‘col2rgb’
    drawDef.patternFillDef: no visible global function definition for
     ‘dev.cur’
    drawDef.patternFillDef: no visible global function definition for ‘pdf’
    drawDef.patternFillDef: no visible global function definition for
     ‘dev.set’
    escapeSelector: no visible global function definition for
     ‘localeToCharset’
    feDiffuseLighting: no visible global function definition for ‘col2rgb’
    feFlood: no visible global function definition for ‘col2rgb’
    feSpecularLighting: no visible global function definition for ‘col2rgb’
    gparToDevPars: no visible global function definition for ‘col2rgb’
    grid.export: no visible global function definition for ‘devAskNewPage’
    grid.export: no visible global function definition for ‘dev.hold’
    grid.export: no visible global function definition for ‘dev.flush’
    grid.export: no visible global function definition for ‘par’
    gridsvg: no visible global function definition for ‘dev.cur’
    grobToDev.gTableChild: no visible global function definition for
     ‘getS3method’
    grobToDev.gTableParent: no visible global function definition for
     ‘getS3method’
    grobToDev.gtable: no visible global function definition for
     ‘getS3method’
    linearGradient: no visible global function definition for ‘col2rgb’
    openSVGDev: no visible global function definition for ‘par’
    primToDev.rastergrob: no visible global function definition for
     ‘dev.cur’
    primToDev.rastergrob: no visible global function definition for ‘png’
    primToDev.rastergrob: no visible global function definition for
     ‘dev.set’
    progressInit: no visible global function definition for
     ‘txtProgressBar’
    progressInit: no visible global function definition for
     ‘setTxtProgressBar’
    progressStep: no visible global function definition for
     ‘getTxtProgressBar’
    progressStep: no visible global function definition for
     ‘setTxtProgressBar’
    radialGradient: no visible global function definition for ‘col2rgb’
    setSVGFonts: no visible global function definition for ‘tail’
    svgAnnotate: no visible global function definition for
     ‘packageDescription’
    svgEndGroup: no visible global function definition for ‘tail’
    svgEndGroup: no visible global function definition for ‘head’
    svgPopContext: no visible global function definition for ‘tail’
    viewportCreate: no visible global function definition for ‘tail’
    xmlDecl: no visible global function definition for ‘localeToCharset’
    Undefined global functions or variables:
     col2rgb dev.cur dev.flush dev.hold dev.set devAskNewPage getS3method
     getTxtProgressBar head localeToCharset packageDescription par pdf png
     setTxtProgressBar tail txtProgressBar
    Consider adding
     importFrom("grDevices", "col2rgb", "dev.cur", "dev.flush", "dev.hold",
     "dev.set", "devAskNewPage", "pdf", "png")
     importFrom("graphics", "par")
     importFrom("utils", "getS3method", "getTxtProgressBar", "head",
     "localeToCharset", "packageDescription",
     "setTxtProgressBar", "tail", "txtProgressBar")
    to your NAMESPACE.
Flavors: r-devel-linux-x86_64-debian-clang, r-devel-linux-x86_64-debian-gcc, r-devel-linux-x86_64-fedora-clang, r-devel-linux-x86_64-fedora-gcc, r-devel-windows-ix86+x86_64