CRAN Package Check Results for Package gridSVG

Last updated on 2017-02-27 18:48:58.

Flavor Version Tinstall Tcheck Ttotal Status Flags
r-devel-linux-x86_64-debian-clang 1.5-0 2.51 96.53 99.04 NOTE
r-devel-linux-x86_64-debian-gcc 1.5-0 2.32 95.82 98.15 NOTE
r-devel-linux-x86_64-fedora-clang 1.5-0 186.01 NOTE --no-stop-on-test-error
r-devel-linux-x86_64-fedora-gcc 1.5-0 183.51 NOTE --no-stop-on-test-error
r-devel-macos-x86_64-clang 1.5-0 145.09 NOTE --no-stop-on-test-error
r-devel-windows-ix86+x86_64 1.5-0 12.00 451.00 463.00 OK
r-patched-linux-x86_64 1.5-0 2.31 76.23 78.55 OK
r-patched-solaris-sparc 1.5-0 865.60 OK
r-patched-solaris-x86 1.5-0 180.90 OK
r-release-linux-x86_64 1.5-0 2.43 76.10 78.53 OK
r-release-osx-x86_64-mavericks 1.5-0 OK
r-release-windows-ix86+x86_64 1.5-0 27.00 196.00 223.00 OK
r-oldrel-windows-ix86+x86_64 1.5-0 22.00 325.00 347.00 OK

Check Details

Version: 1.5-0
Check: compiled code
Result: NOTE
    File ‘gridSVG/libs/gridSVG.so’:
     Found no calls to: ‘R_registerRoutines’, ‘R_useDynamicSymbols’
    
    It is good practice to register native routines and to disable symbol
    search.
    
    See ‘Writing portable packages’ in the ‘Writing R Extensions’ manual.
Flavors: r-devel-linux-x86_64-debian-clang, r-devel-linux-x86_64-debian-gcc

Version: 1.5-0
Flags: --no-stop-on-test-error
Check: compiled code
Result: NOTE
    File ‘gridSVG/libs/gridSVG.so’:
     Found no calls to: ‘R_registerRoutines’, ‘R_useDynamicSymbols’
    
    It is good practice to register native routines and to disable symbol
    search.
    
    See ‘Writing portable packages’ in the ‘Writing R Extensions’ manual.
Flavors: r-devel-linux-x86_64-fedora-clang, r-devel-linux-x86_64-fedora-gcc, r-devel-macos-x86_64-clang