CRAN Package Check Results for Package gridSVG

Last updated on 2014-04-20 17:46:57.

Flavor Version Tinstall Tcheck Ttotal Status Flags
r-devel-linux-x86_64-debian-clang 1.4-0 2.95 87.57 90.52 OK
r-devel-linux-x86_64-debian-gcc 1.4-0 2.80 88.17 90.97 OK
r-devel-linux-x86_64-fedora-clang 1.4-0 195.53 OK
r-devel-linux-x86_64-fedora-gcc 1.4-0 186.09 OK
r-devel-macosx-x86_64-clang 1.4-0 141.54 OK
r-devel-macosx-x86_64-gcc 1.4-0 ERROR
r-devel-windows-ix86+x86_64 1.4-0 9.00 183.00 192.00 OK
r-patched-linux-x86_64 1.4-0 2.67 87.16 89.82 OK
r-patched-solaris-sparc 1.4-0 994.80 OK
r-patched-solaris-x86 1.4-0 226.10 OK
r-release-linux-ix86 OK
r-release-linux-x86_64 1.4-0 2.92 87.42 90.34 OK
r-release-macosx-x86_64 1.4-0 OK
r-release-windows-ix86+x86_64 1.4-0 12.00 185.00 197.00 OK
r-oldrel-windows-ix86+x86_64 1.3-1 9.00 203.00 212.00 NOTE

Memtest notes: valgrind

Check Details

Version: 1.4-0
Check: package dependencies
Result: ERROR
    Package required but not available: ‘XML’
    
    See the information on DESCRIPTION files in the chapter ‘Creating R
    packages’ of the ‘Writing R Extensions’ manual.
Flavor: r-devel-macosx-x86_64-gcc

Version: 1.3-1
Check: dependencies in R code
Result: NOTE
    Unexported objects imported by ':::' calls:
     'grid:::.grid.pathSep' 'grid:::depth' 'grid:::force'
     'grid:::gPathDirect' 'grid:::grid.Call' 'grid:::resolveHJust'
     'grid:::resolveRasterSize' 'grid:::resolveVJust'
     See the note in ?`:::` about the use of this operator.
    See the information on DESCRIPTION files in the chapter 'Creating R
    packages' of the 'Writing R Extensions' manual.
Flavor: r-oldrel-windows-ix86+x86_64

Version: 1.3-1
Check: for old-style vignette sources
Result: NOTE
    Vignette sources only in 'inst/doc':
     'animation.Rnw', 'extensibility.Rnw', 'gridSVG.Rnw'
    A 'vignettes' directory will be required as from R 3.1.0
    * checking examples ...
Flavor: r-oldrel-windows-ix86+x86_64