CRAN Package Check Results for Package gridSVG

Last updated on 2014-09-20 19:47:19.

Flavor Version Tinstall Tcheck Ttotal Status Flags
r-devel-linux-x86_64-debian-clang 1.4-0 2.53 79.30 81.83 OK
r-devel-linux-x86_64-debian-gcc 1.4-0 2.40 77.40 79.81 OK
r-devel-linux-x86_64-fedora-clang 1.4-0 176.59 OK
r-devel-linux-x86_64-fedora-gcc 1.4-0 164.75 OK
r-devel-osx-x86_64-clang 1.4-0 145.61 OK
r-devel-windows-ix86+x86_64 1.4-0 10.00 176.00 186.00 OK
r-patched-linux-x86_64 1.4-0 2.60 85.08 87.68 OK
r-patched-solaris-sparc 1.4-0 988.70 OK
r-patched-solaris-x86 1.4-0 211.80 OK
r-release-linux-ix86 1.4-0 3.33 104.24 107.57 OK
r-release-linux-x86_64 1.4-0 2.76 86.37 89.13 OK
r-release-osx-x86_64-mavericks 1.4-0 OK
r-release-osx-x86_64-snowleopard 1.4-0 OK
r-release-windows-ix86+x86_64 1.4-0 10.00 188.00 198.00 OK
r-oldrel-windows-ix86+x86_64 1.3-1 9.00 203.00 212.00 NOTE

Memtest notes: valgrind

Check Details

Version: 1.3-1
Check: dependencies in R code
Result: NOTE
    Unexported objects imported by ':::' calls:
     'grid:::.grid.pathSep' 'grid:::depth' 'grid:::force'
     'grid:::gPathDirect' 'grid:::grid.Call' 'grid:::resolveHJust'
     'grid:::resolveRasterSize' 'grid:::resolveVJust'
     See the note in ?`:::` about the use of this operator.
    See the information on DESCRIPTION files in the chapter 'Creating R
    packages' of the 'Writing R Extensions' manual.
Flavor: r-oldrel-windows-ix86+x86_64

Version: 1.3-1
Check: for old-style vignette sources
Result: NOTE
    Vignette sources only in 'inst/doc':
     'animation.Rnw', 'extensibility.Rnw', 'gridSVG.Rnw'
    A 'vignettes' directory will be required as from R 3.1.0
Flavor: r-oldrel-windows-ix86+x86_64