CRAN Package Check Results for Package gridSVG

Last updated on 2015-04-01 16:52:03.

Flavor Version Tinstall Tcheck Ttotal Status Flags
r-devel-linux-x86_64-debian-clang 1.4-3 2.25 76.57 78.82 OK
r-devel-linux-x86_64-debian-gcc 1.4-3 2.20 73.96 76.16 OK
r-devel-linux-x86_64-fedora-clang 1.4-3 158.66 OK
r-devel-linux-x86_64-fedora-gcc 1.4-3 159.37 OK
r-devel-osx-x86_64-clang 1.4-3 158.05 OK
r-prerel-windows-ix86+x86_64 1.4-3 15.00 167.00 182.00 OK
r-prerel-linux-x86_64 1.4-3 2.29 76.24 78.52 OK
r-prerel-solaris-sparc 1.4-3 937.30 OK
r-prerel-solaris-x86 1.4-3 198.00 OK
r-release-linux-x86_64 1.4-3 2.58 84.34 86.92 OK
r-release-osx-x86_64-mavericks 1.4-3 OK
r-release-osx-x86_64-snowleopard 1.4-3 OK
r-release-windows-ix86+x86_64 1.4-3 10.00 197.00 207.00 OK
r-oldrel-windows-ix86+x86_64 1.3-1 9.00 203.00 212.00 NOTE

Check Details

Version: 1.3-1
Check: dependencies in R code
Result: NOTE
    Unexported objects imported by ':::' calls:
     'grid:::.grid.pathSep' 'grid:::depth' 'grid:::force'
     'grid:::gPathDirect' 'grid:::grid.Call' 'grid:::resolveHJust'
     'grid:::resolveRasterSize' 'grid:::resolveVJust'
     See the note in ?`:::` about the use of this operator.
    See the information on DESCRIPTION files in the chapter 'Creating R
    packages' of the 'Writing R Extensions' manual.
Flavor: r-oldrel-windows-ix86+x86_64

Version: 1.3-1
Check: for old-style vignette sources
Result: NOTE
    Vignette sources only in 'inst/doc':
     'animation.Rnw', 'extensibility.Rnw', 'gridSVG.Rnw'
    A 'vignettes' directory will be required as from R 3.1.0
Flavor: r-oldrel-windows-ix86+x86_64