CRAN Package Check Results for Package gridSVG

Last updated on 2015-02-28 12:51:13.

Flavor Version Tinstall Tcheck Ttotal Status Flags
r-devel-linux-x86_64-debian-clang 1.4-3 2.26 76.28 78.54 OK
r-devel-linux-x86_64-debian-gcc 1.4-3 2.41 75.04 77.45 OK
r-devel-linux-x86_64-fedora-clang 1.4-3 160.43 OK
r-devel-linux-x86_64-fedora-gcc 1.4-3 152.28 OK
r-devel-osx-x86_64-clang 1.4-3 147.94 OK
r-devel-windows-ix86+x86_64 1.4-3 17.00 169.00 186.00 OK
r-patched-linux-x86_64 1.4-3 2.65 86.80 89.46 OK
r-patched-solaris-sparc 1.4-3 901.30 OK
r-patched-solaris-x86 1.4-3 216.60 OK
r-release-linux-ix86 1.4-3 3.24 138.54 141.78 OK
r-release-linux-x86_64 1.4-3 2.53 85.64 88.17 OK
r-release-osx-x86_64-mavericks 1.4-3 OK
r-release-osx-x86_64-snowleopard 1.4-3 OK
r-release-windows-ix86+x86_64 1.4-3 12.00 201.00 213.00 OK
r-oldrel-windows-ix86+x86_64 1.3-1 9.00 203.00 212.00 NOTE

Check Details

Version: 1.3-1
Check: dependencies in R code
Result: NOTE
    Unexported objects imported by ':::' calls:
     'grid:::.grid.pathSep' 'grid:::depth' 'grid:::force'
     'grid:::gPathDirect' 'grid:::grid.Call' 'grid:::resolveHJust'
     'grid:::resolveRasterSize' 'grid:::resolveVJust'
     See the note in ?`:::` about the use of this operator.
    See the information on DESCRIPTION files in the chapter 'Creating R
    packages' of the 'Writing R Extensions' manual.
Flavor: r-oldrel-windows-ix86+x86_64

Version: 1.3-1
Check: for old-style vignette sources
Result: NOTE
    Vignette sources only in 'inst/doc':
     'animation.Rnw', 'extensibility.Rnw', 'gridSVG.Rnw'
    A 'vignettes' directory will be required as from R 3.1.0
Flavor: r-oldrel-windows-ix86+x86_64