CRAN Package Check Results for Package gridSVG

Last updated on 2017-03-23 23:50:46.

Flavor Version Tinstall Tcheck Ttotal Status Flags
r-devel-linux-x86_64-debian-clang 1.5-0 2.75 95.63 98.38 NOTE
r-devel-linux-x86_64-debian-gcc 1.5-0 2.44 92.50 94.94 NOTE
r-devel-linux-x86_64-fedora-clang 1.5-0 194.73 NOTE --no-stop-on-test-error
r-devel-linux-x86_64-fedora-gcc 1.5-0 197.60 NOTE --no-stop-on-test-error
r-devel-macos-x86_64-clang 1.5-0 142.11 NOTE --no-stop-on-test-error
r-devel-windows-ix86+x86_64 1.5-0 11.00 335.00 346.00 OK
r-patched-linux-x86_64 1.5-0 2.37 75.19 77.56 OK
r-patched-solaris-sparc 1.5-0 1079.30 OK
r-patched-solaris-x86 1.5-0 225.20 OK
r-release-linux-x86_64 1.5-0 2.29 77.94 80.24 OK
r-release-osx-x86_64-mavericks 1.5-0 OK
r-release-windows-ix86+x86_64 1.5-0 17.00 180.00 197.00 OK
r-oldrel-windows-ix86+x86_64 1.5-0 17.00 268.00 285.00 OK

Check Details

Version: 1.5-0
Check: compiled code
Result: NOTE
    File ‘gridSVG/libs/gridSVG.so’:
     Found no calls to: ‘R_registerRoutines’, ‘R_useDynamicSymbols’
    
    It is good practice to register native routines and to disable symbol
    search.
    
    See ‘Writing portable packages’ in the ‘Writing R Extensions’ manual.
Flavors: r-devel-linux-x86_64-debian-clang, r-devel-linux-x86_64-debian-gcc

Version: 1.5-0
Flags: --no-stop-on-test-error
Check: compiled code
Result: NOTE
    File ‘gridSVG/libs/gridSVG.so’:
     Found no calls to: ‘R_registerRoutines’, ‘R_useDynamicSymbols’
    
    It is good practice to register native routines and to disable symbol
    search.
    
    See ‘Writing portable packages’ in the ‘Writing R Extensions’ manual.
Flavors: r-devel-linux-x86_64-fedora-clang, r-devel-linux-x86_64-fedora-gcc, r-devel-macos-x86_64-clang