CRAN Package Check Results for Package gridSVG

Last updated on 2014-08-20 12:46:38.

Flavor Version Tinstall Tcheck Ttotal Status Flags
r-devel-linux-x86_64-debian-clang 1.4-0 2.50 79.38 81.87 OK
r-devel-linux-x86_64-debian-gcc 1.4-0 2.44 77.98 80.42 OK
r-devel-linux-x86_64-fedora-clang 1.4-0 182.63 OK
r-devel-linux-x86_64-fedora-gcc 1.4-0 174.78 OK
r-devel-osx-x86_64-clang 1.4-0 144.34 OK
r-devel-windows-ix86+x86_64 1.4-0 11.00 167.00 178.00 OK
r-patched-linux-x86_64 1.4-0 2.64 82.92 85.57 OK
r-patched-solaris-sparc 1.4-0 988.70 OK
r-patched-solaris-x86 1.4-0 223.70 OK
r-release-linux-ix86 1.4-0 3.28 103.52 106.80 OK
r-release-linux-x86_64 1.4-0 2.53 83.74 86.27 OK
r-release-osx-x86_64-mavericks 1.4-0 OK
r-release-osx-x86_64-snowleopard 1.4-0 OK
r-release-windows-ix86+x86_64 1.4-0 10.00 188.00 198.00 OK
r-oldrel-windows-ix86+x86_64 1.3-1 9.00 203.00 212.00 NOTE

Memtest notes: valgrind

Check Details

Version: 1.3-1
Check: dependencies in R code
Result: NOTE
    Unexported objects imported by ':::' calls:
     'grid:::.grid.pathSep' 'grid:::depth' 'grid:::force'
     'grid:::gPathDirect' 'grid:::grid.Call' 'grid:::resolveHJust'
     'grid:::resolveRasterSize' 'grid:::resolveVJust'
     See the note in ?`:::` about the use of this operator.
    See the information on DESCRIPTION files in the chapter 'Creating R
    packages' of the 'Writing R Extensions' manual.
Flavor: r-oldrel-windows-ix86+x86_64

Version: 1.3-1
Check: for old-style vignette sources
Result: NOTE
    Vignette sources only in 'inst/doc':
     'animation.Rnw', 'extensibility.Rnw', 'gridSVG.Rnw'
    A 'vignettes' directory will be required as from R 3.1.0
    * checking examples ...
Flavor: r-oldrel-windows-ix86+x86_64