CRAN Package Check Results for Package gridsampler

Last updated on 2019-07-17 18:48:02 CEST.

Flavor Version Tinstall Tcheck Ttotal Status Flags
r-devel-linux-x86_64-debian-clang 0.6 3.87 80.04 83.91 OK
r-devel-linux-x86_64-debian-gcc 0.6 3.15 59.88 63.03 OK
r-devel-linux-x86_64-fedora-clang 0.6 97.42 NOTE
r-devel-linux-x86_64-fedora-gcc 0.6 103.66 NOTE
r-devel-windows-ix86+x86_64 0.6 13.00 133.00 146.00 OK
r-patched-linux-x86_64 0.6 3.32 79.52 82.84 OK
r-patched-solaris-x86 0.6 151.30 NOTE
r-release-linux-x86_64 0.6 3.43 79.27 82.70 OK
r-release-windows-ix86+x86_64 0.6 12.00 146.00 158.00 OK
r-release-osx-x86_64 0.6 NOTE
r-oldrel-windows-ix86+x86_64 0.6 6.00 125.00 131.00 OK
r-oldrel-osx-x86_64 0.6 NOTE

Check Details

Version: 0.6
Check: dependencies in R code
Result: NOTE
    Namespace in Imports field not imported from: ‘BiasedUrn’
     All declared Imports should be used.
Flavors: r-devel-linux-x86_64-fedora-clang, r-devel-linux-x86_64-fedora-gcc, r-patched-solaris-x86, r-release-osx-x86_64, r-oldrel-osx-x86_64