Last updated on 2022-05-20 14:52:29 CEST.
Flavor | Version | Tinstall | Tcheck | Ttotal | Status | Flags |
---|---|---|---|---|---|---|
r-devel-linux-x86_64-debian-clang | 0.6 | 6.96 | 133.08 | 140.04 | OK | |
r-devel-linux-x86_64-debian-gcc | 0.6 | 4.48 | 94.78 | 99.26 | OK | |
r-devel-linux-x86_64-fedora-clang | 0.6 | 161.69 | NOTE | |||
r-devel-linux-x86_64-fedora-gcc | 0.6 | 157.78 | NOTE | |||
r-devel-windows-x86_64 | 0.6 | 38.00 | 154.00 | 192.00 | OK | |
r-patched-linux-x86_64 | 0.6 | 4.92 | 123.23 | 128.15 | OK | |
r-release-linux-x86_64 | 0.6 | 5.12 | 125.97 | 131.09 | OK | |
r-release-macos-arm64 | 0.6 | 43.00 | NOTE | |||
r-release-macos-x86_64 | 0.6 | 83.00 | NOTE | |||
r-release-windows-x86_64 | 0.6 | 34.00 | 155.00 | 189.00 | OK | |
r-oldrel-macos-arm64 | 0.6 | 49.00 | NOTE | |||
r-oldrel-macos-x86_64 | 0.6 | 80.00 | NOTE | |||
r-oldrel-windows-ix86+x86_64 | 0.6 | 18.00 | 145.00 | 163.00 | OK |
Version: 0.6
Check: dependencies in R code
Result: NOTE
Namespace in Imports field not imported from: ‘BiasedUrn’
All declared Imports should be used.
Flavors: r-devel-linux-x86_64-fedora-clang, r-devel-linux-x86_64-fedora-gcc, r-release-macos-arm64, r-release-macos-x86_64, r-oldrel-macos-arm64, r-oldrel-macos-x86_64