CRAN Package Check Results for Package groc

Last updated on 2015-07-06 03:47:45.

Flavor Version Tinstall Tcheck Ttotal Status Flags
r-devel-linux-x86_64-debian-clang 1.0.5 4.04 44.33 48.37 NOTE
r-devel-linux-x86_64-debian-gcc 1.0.5 4.53 43.02 47.55 NOTE
r-devel-linux-x86_64-fedora-clang 1.0.5 98.81 NOTE
r-devel-linux-x86_64-fedora-gcc 1.0.5 92.50 NOTE
r-devel-osx-x86_64-clang 1.0.5 83.51 OK
r-devel-windows-ix86+x86_64 1.0.5 22.00 98.00 120.00 NOTE
r-patched-linux-x86_64 1.0.5 3.78 43.32 47.10 OK
r-patched-solaris-sparc 1.0.5 613.00 OK
r-patched-solaris-x86 1.0.5 142.20 OK
r-release-linux-x86_64 1.0.5 3.78 45.30 49.08 OK
r-release-osx-x86_64-mavericks 1.0.5 OK
r-release-windows-ix86+x86_64 1.0.5 18.00 98.00 116.00 OK
r-oldrel-windows-ix86+x86_64 1.0.5 27.00 131.00 158.00 OK

Check Details

Version: 1.0.5
Check: R code for possible problems
Result: NOTE
    groc.default: no visible global function definition for
     ‘model.response’
    groc.default: no visible global function definition for ‘model.matrix’
    groc.fit: no visible global function definition for ‘fitted’
    grocCrossval: no visible global function definition for ‘model.frame’
    grocCrossval: no visible global function definition for ‘formula’
    grocCrossval: no visible global function definition for
     ‘model.response’
    grocCrossval: no visible global function definition for ‘update’
    grocCrossval: no visible binding for global variable ‘median’
    grocCrossval: no visible global function definition for ‘fitted’
    model.matrix.groc: no visible global function definition for
     ‘model.frame’
    model.matrix.groc: no visible global function definition for ‘terms’
    plot.groc: no visible global function definition for ‘qchisq’
    plot.groc: no visible global function definition for ‘residuals’
    plot.groc: no visible global function definition for ‘abline’
    plot.groc: no visible global function definition for ‘text’
    plot.groc: no visible binding for global variable ‘sd’
    plot.groc: no visible global function definition for ‘mahalanobis’
    plot.groc: no visible global function definition for ‘var’
    plot.groc: no visible global function definition for ‘par’
    predict.groc: no visible binding for global variable ‘na.pass’
    predict.groc: no visible global function definition for ‘model.matrix’
    predict.groc: no visible global function definition for
     ‘delete.response’
    predict.groc: no visible global function definition for ‘terms’
    predict.groc: no visible global function definition for ‘model.frame’
    predict.groc: no visible global function definition for
     ‘.checkMFClasses’
    Undefined global functions or variables:
     .checkMFClasses abline delete.response fitted formula mahalanobis
     median model.frame model.matrix model.response na.pass par qchisq
     residuals sd terms text update var
Flavors: r-devel-linux-x86_64-debian-clang, r-devel-linux-x86_64-debian-gcc, r-devel-linux-x86_64-fedora-clang, r-devel-linux-x86_64-fedora-gcc, r-devel-windows-ix86+x86_64