CRAN Package Check Results for Package groc

Last updated on 2015-04-25 12:46:15.

Flavor Version Tinstall Tcheck Ttotal Status Flags
r-devel-linux-x86_64-debian-clang 1.0.4 4.08 54.71 58.79 NOTE
r-devel-linux-x86_64-debian-gcc 1.0.4 4.02 50.47 54.49 NOTE
r-devel-linux-x86_64-fedora-clang 1.0.4 118.78 NOTE
r-devel-linux-x86_64-fedora-gcc 1.0.4 111.40 NOTE
r-devel-osx-x86_64-clang 1.0.4 95.76 NOTE
r-devel-windows-ix86+x86_64 1.0.4 15.00 125.00 140.00 NOTE
r-patched-linux-x86_64 1.0.4 4.00 52.50 56.50 NOTE
r-patched-solaris-sparc 1.0.4 697.70 NOTE
r-patched-solaris-x86 1.0.4 153.90 NOTE
r-release-linux-x86_64 1.0.4 3.78 51.26 55.04 NOTE
r-release-osx-x86_64-mavericks 1.0.4 NOTE
r-release-osx-x86_64-snowleopard 1.0.4 OK
r-release-windows-ix86+x86_64 1.0.4 15.00 118.00 133.00 NOTE
r-oldrel-windows-ix86+x86_64 1.0.4 16.00 157.00 173.00 OK

Check Details

Version: 1.0.4
Check: DESCRIPTION meta-information
Result: NOTE
    Malformed Description field: should contain one or more complete sentences.
Flavors: r-devel-windows-ix86+x86_64, r-release-windows-ix86+x86_64