CRAN Package Check Results for Package groc

Last updated on 2015-08-30 09:47:26.

Flavor Version Tinstall Tcheck Ttotal Status Flags
r-devel-linux-x86_64-debian-clang 1.0.5 3.90 42.15 46.05 NOTE
r-devel-linux-x86_64-debian-gcc 1.0.5 3.75 41.84 45.59 NOTE
r-devel-linux-x86_64-fedora-clang 1.0.5 98.30 NOTE
r-devel-linux-x86_64-fedora-gcc 1.0.5 92.62 NOTE
r-devel-osx-x86_64-clang 1.0.5 80.68 OK
r-devel-windows-ix86+x86_64 1.0.5 21.00 104.00 125.00 NOTE
r-patched-linux-x86_64 1.0.5 5.02 44.24 49.26 OK
r-patched-solaris-sparc 1.0.5 621.20 OK
r-patched-solaris-x86 1.0.5 147.10 OK
r-release-linux-x86_64 1.0.5 3.90 46.53 50.43 OK
r-release-osx-x86_64-mavericks 1.0.5 OK
r-release-windows-ix86+x86_64 1.0.5 19.00 109.00 128.00 OK
r-oldrel-windows-ix86+x86_64 1.0.5 27.00 147.00 174.00 OK

Check Details

Version: 1.0.5
Check: R code for possible problems
Result: NOTE
    groc.default: no visible global function definition for
     ‘model.response’
    groc.default: no visible global function definition for ‘model.matrix’
    groc.fit: no visible global function definition for ‘fitted’
    grocCrossval: no visible global function definition for ‘model.frame’
    grocCrossval: no visible global function definition for ‘formula’
    grocCrossval: no visible global function definition for
     ‘model.response’
    grocCrossval: no visible global function definition for ‘update’
    grocCrossval: no visible binding for global variable ‘median’
    grocCrossval: no visible global function definition for ‘fitted’
    model.matrix.groc: no visible global function definition for
     ‘model.frame’
    model.matrix.groc: no visible global function definition for ‘terms’
    plot.groc: no visible global function definition for ‘qchisq’
    plot.groc: no visible global function definition for ‘residuals’
    plot.groc: no visible global function definition for ‘abline’
    plot.groc: no visible global function definition for ‘text’
    plot.groc: no visible binding for global variable ‘sd’
    plot.groc: no visible global function definition for ‘mahalanobis’
    plot.groc: no visible global function definition for ‘var’
    plot.groc: no visible global function definition for ‘par’
    predict.groc: no visible binding for global variable ‘na.pass’
    predict.groc: no visible global function definition for ‘model.matrix’
    predict.groc: no visible global function definition for
     ‘delete.response’
    predict.groc: no visible global function definition for ‘terms’
    predict.groc: no visible global function definition for ‘model.frame’
    predict.groc: no visible global function definition for
     ‘.checkMFClasses’
    Undefined global functions or variables:
     .checkMFClasses abline delete.response fitted formula mahalanobis
     median model.frame model.matrix model.response na.pass par qchisq
     residuals sd terms text update var
    Consider adding
     importFrom("graphics", "abline", "par", "text")
     importFrom("stats", ".checkMFClasses", "delete.response", "fitted",
     "formula", "mahalanobis", "median", "model.frame",
     "model.matrix", "model.response", "na.pass", "qchisq",
     "residuals", "sd", "terms", "update", "var")
    to your NAMESPACE.
Flavors: r-devel-linux-x86_64-debian-clang, r-devel-linux-x86_64-debian-gcc, r-devel-linux-x86_64-fedora-clang, r-devel-linux-x86_64-fedora-gcc, r-devel-windows-ix86+x86_64