CRAN Package Check Results for Package groc

Last updated on 2015-03-30 12:47:44.

Flavor Version Tinstall Tcheck Ttotal Status Flags
r-devel-linux-x86_64-debian-clang 1.0.4 4.46 51.73 56.18 NOTE
r-devel-linux-x86_64-debian-gcc 1.0.4 3.89 51.08 54.96 NOTE
r-devel-linux-x86_64-fedora-clang 1.0.4 116.04 NOTE
r-devel-linux-x86_64-fedora-gcc 1.0.4 119.40 NOTE
r-devel-osx-x86_64-clang 1.0.4 106.18 NOTE
r-prerel-windows-ix86+x86_64 1.0.4 15.00 118.00 133.00 NOTE
r-prerel-linux-x86_64 1.0.4 3.85 50.87 54.72 NOTE
r-prerel-solaris-sparc 1.0.4 697.70 NOTE
r-prerel-solaris-x86 1.0.4 153.00 NOTE
r-release-linux-x86_64 1.0.4 5.26 67.26 72.52 OK
r-release-osx-x86_64-mavericks 1.0.4 OK
r-release-osx-x86_64-snowleopard 1.0.4 OK
r-release-windows-ix86+x86_64 1.0.4 18.00 148.00 166.00 OK
r-oldrel-windows-ix86+x86_64 1.0.4 20.00 159.00 179.00 OK

Check Details

Version: 1.0.4
Check: DESCRIPTION meta-information
Result: NOTE
    Malformed Description field: should contain one or more complete sentences.
Flavors: r-devel-linux-x86_64-debian-clang, r-devel-linux-x86_64-debian-gcc, r-devel-linux-x86_64-fedora-clang, r-devel-linux-x86_64-fedora-gcc, r-devel-osx-x86_64-clang, r-prerel-windows-ix86+x86_64, r-prerel-linux-x86_64, r-prerel-solaris-sparc, r-prerel-solaris-x86

Version: 1.0.4
Check: S3 generic/method consistency
Result: NOTE
    Found the following apparent S3 methods exported but not registered:
     plot.groc predict.groc print.groc summary.groc
    See section ‘Registering S3 methods’ in the ‘Writing R Extensions’
    manual.
Flavors: r-devel-linux-x86_64-debian-clang, r-devel-linux-x86_64-debian-gcc, r-devel-linux-x86_64-fedora-clang, r-devel-linux-x86_64-fedora-gcc, r-devel-osx-x86_64-clang, r-prerel-linux-x86_64