CRAN Package Check Results for Package groc

Last updated on 2014-11-23 19:47:46.

Flavor Version Tinstall Tcheck Ttotal Status Flags
r-devel-linux-x86_64-debian-clang 1.0.4 5.02 62.36 67.38 WARN
r-devel-linux-x86_64-debian-gcc 1.0.4 4.73 60.42 65.16 WARN
r-devel-linux-x86_64-fedora-clang 1.0.4 90.06 WARN
r-devel-linux-x86_64-fedora-gcc 1.0.4 150.81 WARN
r-devel-osx-x86_64-clang 1.0.4 119.23 WARN
r-devel-windows-ix86+x86_64 1.0.4 18.00 137.00 155.00 WARN
r-patched-linux-x86_64 1.0.4 5.40 65.22 70.62 WARN
r-patched-solaris-sparc 1.0.4 843.20 OK
r-patched-solaris-x86 1.0.4 179.50 OK
r-release-linux-ix86 1.0.4 6.16 77.76 83.91 WARN
r-release-linux-x86_64 1.0.4 5.06 65.27 70.33 WARN
r-release-osx-x86_64-mavericks 1.0.4 OK
r-release-osx-x86_64-snowleopard 1.0.4 OK
r-release-windows-ix86+x86_64 1.0.4 20.00 158.00 178.00 WARN
r-oldrel-windows-ix86+x86_64 1.0.4 15.00 153.00 168.00 OK

Check Details

Version: 1.0.4
Check: whether package can be installed
Result: WARN
    Found the following significant warnings:
     Warning: replacing previous import by ‘rrcov::rankMM’ when loading ‘groc’
Flavors: r-devel-linux-x86_64-debian-clang, r-devel-linux-x86_64-debian-gcc, r-devel-linux-x86_64-fedora-clang, r-devel-linux-x86_64-fedora-gcc, r-devel-osx-x86_64-clang, r-devel-windows-ix86+x86_64, r-patched-linux-x86_64, r-release-linux-ix86, r-release-linux-x86_64, r-release-windows-ix86+x86_64