CRAN Package Check Results for Package groc

Last updated on 2015-02-27 20:49:35.

Flavor Version Tinstall Tcheck Ttotal Status Flags
r-devel-linux-x86_64-debian-clang 1.0.4 3.98 52.42 56.40 NOTE
r-devel-linux-x86_64-debian-gcc 1.0.4 3.87 50.86 54.73 NOTE
r-devel-linux-x86_64-fedora-clang 1.0.4 118.27 NOTE
r-devel-linux-x86_64-fedora-gcc 1.0.4 113.00 NOTE
r-devel-osx-x86_64-clang 1.0.4 100.37 NOTE
r-devel-windows-ix86+x86_64 1.0.4 21.00 125.00 146.00 NOTE
r-patched-linux-x86_64 1.0.4 5.40 69.39 74.79 OK
r-patched-solaris-sparc 1.0.4 898.90 OK
r-release-linux-ix86 1.0.4 6.47 105.45 111.92 OK
r-release-linux-x86_64 1.0.4 5.12 68.34 73.46 OK
r-release-osx-x86_64-mavericks 1.0.4 OK
r-release-osx-x86_64-snowleopard 1.0.4 OK
r-release-windows-ix86+x86_64 1.0.4 17.00 153.00 170.00 OK
r-oldrel-windows-ix86+x86_64 1.0.4 19.00 159.00 178.00 OK

Check Details

Version: 1.0.4
Check: DESCRIPTION meta-information
Result: NOTE
    Malformed Description field: should contain one or more complete sentences.
Flavors: r-devel-linux-x86_64-debian-clang, r-devel-linux-x86_64-debian-gcc, r-devel-linux-x86_64-fedora-clang, r-devel-linux-x86_64-fedora-gcc, r-devel-osx-x86_64-clang, r-devel-windows-ix86+x86_64

Version: 1.0.4
Check: S3 generic/method consistency
Result: NOTE
    Found the following apparent S3 methods exported but not registered:
     plot.groc predict.groc print.groc summary.groc
    See section ‘Registering S3 methods’ in the ‘Writing R Extensions’
    manual.
Flavors: r-devel-linux-x86_64-debian-clang, r-devel-linux-x86_64-debian-gcc, r-devel-linux-x86_64-fedora-clang, r-devel-linux-x86_64-fedora-gcc, r-devel-osx-x86_64-clang