CRAN Package Check Results for Package groc

Last updated on 2015-01-31 23:47:56.

Flavor Version Tinstall Tcheck Ttotal Status Flags
r-devel-linux-x86_64-debian-clang 1.0.4 4.12 53.61 57.73 NOTE
r-devel-linux-x86_64-debian-gcc 1.0.4 4.03 49.51 53.54 NOTE
r-devel-linux-x86_64-fedora-clang 1.0.4 147.70 NOTE
r-devel-linux-x86_64-fedora-gcc 1.0.4 110.58 NOTE
r-devel-osx-x86_64-clang 1.0.4 126.16 NOTE
r-devel-windows-ix86+x86_64 1.0.4 17.00 108.00 125.00 OK
r-patched-linux-x86_64 1.0.4 5.16 66.61 71.77 OK
r-patched-solaris-sparc 1.0.4 898.90 OK
r-patched-solaris-x86 1.0.4 207.50 OK
r-release-linux-ix86 1.0.4 6.07 79.06 85.12 OK
r-release-linux-x86_64 1.0.4 5.30 66.15 71.46 OK
r-release-osx-x86_64-mavericks 1.0.4 OK
r-release-osx-x86_64-snowleopard 1.0.4 OK
r-release-windows-ix86+x86_64 1.0.4 20.00 149.00 169.00 OK
r-oldrel-windows-ix86+x86_64 1.0.4 19.00 156.00 175.00 OK

Check Details

Version: 1.0.4
Check: S3 generic/method consistency
Result: NOTE
    Found the following apparent S3 methods exported but not registered:
     print.groc summary.groc plot.groc predict.groc
    See section ‘Registering S3 methods’ in the ‘Writing R Extensions’
    manual.
Flavors: r-devel-linux-x86_64-debian-clang, r-devel-linux-x86_64-debian-gcc, r-devel-linux-x86_64-fedora-clang, r-devel-linux-x86_64-fedora-gcc, r-devel-osx-x86_64-clang