CRAN Package Check Results for Package grofit

Last updated on 2015-02-27 23:47:50.

Flavor Version Tinstall Tcheck Ttotal Status Flags
r-devel-linux-x86_64-debian-clang 1.1.1-1 0.94 35.09 36.04 NOTE
r-devel-linux-x86_64-debian-gcc 1.1.1-1 0.82 33.39 34.20 NOTE
r-devel-linux-x86_64-fedora-clang 1.1.1-1 68.41 NOTE
r-devel-linux-x86_64-fedora-gcc 1.1.1-1 68.14 NOTE
r-devel-osx-x86_64-clang 1.1.1-1 64.64 NOTE
r-devel-windows-ix86+x86_64 1.1.1-1 5.00 57.00 62.00 NOTE
r-patched-linux-x86_64 1.1.1-1 0.92 42.74 43.65 OK
r-patched-solaris-sparc 1.1.1-1 450.10 OK
r-release-linux-ix86 1.1.1-1 1.26 56.90 58.16 OK
r-release-linux-x86_64 1.1.1-1 0.92 39.81 40.74 OK
r-release-osx-x86_64-mavericks 1.1.1-1 OK
r-release-osx-x86_64-snowleopard 1.1.1-1 OK
r-release-windows-ix86+x86_64 1.1.1-1 3.00 84.00 87.00 OK
r-oldrel-windows-ix86+x86_64 1.1.1-1 3.00 60.00 63.00 OK

Check Details

Version: 1.1.1-1
Check: DESCRIPTION meta-information
Result: NOTE
    Malformed Title field: should not end in a period.
Flavors: r-devel-linux-x86_64-debian-clang, r-devel-linux-x86_64-debian-gcc, r-devel-linux-x86_64-fedora-clang, r-devel-linux-x86_64-fedora-gcc, r-devel-osx-x86_64-clang, r-devel-windows-ix86+x86_64

Version: 1.1.1-1
Check: S3 generic/method consistency
Result: NOTE
    Found the following apparent S3 methods exported but not registered:
     plot.drBootSpline plot.drFit plot.drFitSpline plot.gcBootSpline
     plot.gcFit plot.gcFitModel plot.gcFitSpline summary.drBootSpline
     summary.drFit summary.drFitSpline summary.gcBootSpline summary.gcFit
     summary.gcFitModel summary.gcFitSpline
    See section ‘Registering S3 methods’ in the ‘Writing R Extensions’
    manual.
Flavors: r-devel-linux-x86_64-debian-clang, r-devel-linux-x86_64-debian-gcc, r-devel-linux-x86_64-fedora-clang, r-devel-linux-x86_64-fedora-gcc, r-devel-osx-x86_64-clang