CRAN Package Check Results for Package grofit

Last updated on 2015-03-30 00:48:21.

Flavor Version Tinstall Tcheck Ttotal Status Flags
r-devel-linux-x86_64-debian-clang 1.1.1-1 0.81 36.47 37.28 NOTE
r-devel-linux-x86_64-debian-gcc 1.1.1-1 0.82 37.38 38.20 NOTE
r-devel-linux-x86_64-fedora-clang 1.1.1-1 68.84 NOTE
r-devel-linux-x86_64-fedora-gcc 1.1.1-1 71.10 NOTE
r-devel-osx-x86_64-clang 1.1.1-1 69.33 NOTE
r-prerel-windows-ix86+x86_64 1.1.1-1 6.00 61.00 67.00 NOTE
r-prerel-linux-x86_64 1.1.1-1 0.82 35.70 36.53 NOTE
r-prerel-solaris-sparc 1.1.1-1 428.30 NOTE
r-prerel-solaris-x86 1.1.1-1 86.90 NOTE
r-release-linux-x86_64 1.1.1-1 0.90 37.85 38.75 OK
r-release-osx-x86_64-mavericks 1.1.1-1 OK
r-release-osx-x86_64-snowleopard 1.1.1-1 OK
r-release-windows-ix86+x86_64 1.1.1-1 6.00 62.00 68.00 OK
r-oldrel-windows-ix86+x86_64 1.1.1-1 3.00 60.00 63.00 OK

Check Details

Version: 1.1.1-1
Check: DESCRIPTION meta-information
Result: NOTE
    Malformed Title field: should not end in a period.
Flavors: r-devel-linux-x86_64-debian-clang, r-devel-linux-x86_64-debian-gcc, r-devel-linux-x86_64-fedora-clang, r-devel-linux-x86_64-fedora-gcc, r-devel-osx-x86_64-clang, r-prerel-windows-ix86+x86_64, r-prerel-linux-x86_64, r-prerel-solaris-sparc, r-prerel-solaris-x86

Version: 1.1.1-1
Check: S3 generic/method consistency
Result: NOTE
    Found the following apparent S3 methods exported but not registered:
     plot.drBootSpline plot.drFit plot.drFitSpline plot.gcBootSpline
     plot.gcFit plot.gcFitModel plot.gcFitSpline summary.drBootSpline
     summary.drFit summary.drFitSpline summary.gcBootSpline summary.gcFit
     summary.gcFitModel summary.gcFitSpline
    See section ‘Registering S3 methods’ in the ‘Writing R Extensions’
    manual.
Flavors: r-devel-linux-x86_64-debian-clang, r-devel-linux-x86_64-debian-gcc, r-devel-linux-x86_64-fedora-clang, r-devel-linux-x86_64-fedora-gcc, r-devel-osx-x86_64-clang, r-prerel-linux-x86_64