CRAN Package Check Results for Package grofit

Last updated on 2015-01-31 13:48:24.

Flavor Version Tinstall Tcheck Ttotal Status Flags
r-devel-linux-x86_64-debian-clang 1.1.1-1 0.88 36.58 37.46 NOTE
r-devel-linux-x86_64-debian-gcc 1.1.1-1 0.88 34.10 34.98 NOTE
r-devel-linux-x86_64-fedora-clang 1.1.1-1 74.21 NOTE
r-devel-linux-x86_64-fedora-gcc 1.1.1-1 71.82 NOTE
r-devel-osx-x86_64-clang 1.1.1-1 67.02 NOTE
r-devel-windows-ix86+x86_64 1.1.1-1 4.00 57.00 61.00 OK
r-patched-linux-x86_64 1.1.1-1 0.91 38.73 39.64 OK
r-patched-solaris-sparc 1.1.1-1 450.10 OK
r-patched-solaris-x86 1.1.1-1 95.50 OK
r-release-linux-ix86 1.1.1-1 1.25 46.76 48.01 OK
r-release-linux-x86_64 1.1.1-1 1.41 41.00 42.42 OK
r-release-osx-x86_64-mavericks 1.1.1-1 OK
r-release-osx-x86_64-snowleopard 1.1.1-1 OK
r-release-windows-ix86+x86_64 1.1.1-1 3.00 84.00 87.00 OK
r-oldrel-windows-ix86+x86_64 1.1.1-1 3.00 60.00 63.00 OK

Check Details

Version: 1.1.1-1
Check: S3 generic/method consistency
Result: NOTE
    Found the following apparent S3 methods exported but not registered:
     summary.drBootSpline summary.drFit summary.drFitSpline
     summary.gcBootSpline summary.gcFit summary.gcFitModel
     summary.gcFitSpline plot.drBootSpline plot.drFit plot.drFitSpline
     plot.gcBootSpline plot.gcFit plot.gcFitModel plot.gcFitSpline
    See section ‘Registering S3 methods’ in the ‘Writing R Extensions’
    manual.
Flavors: r-devel-linux-x86_64-debian-clang, r-devel-linux-x86_64-debian-gcc, r-devel-linux-x86_64-fedora-clang, r-devel-linux-x86_64-fedora-gcc, r-devel-osx-x86_64-clang