CRAN Package Check Results for Package grofit

Last updated on 2015-05-22 21:46:31.

Flavor Version Tinstall Tcheck Ttotal Status Flags
r-devel-linux-x86_64-debian-clang 1.1.1-1 0.86 37.97 38.83 NOTE
r-devel-linux-x86_64-debian-gcc 1.1.1-1 0.87 33.34 34.21 NOTE
r-devel-linux-x86_64-fedora-clang 1.1.1-1 69.80 NOTE
r-devel-linux-x86_64-fedora-gcc 1.1.1-1 66.13 NOTE
r-devel-osx-x86_64-clang 1.1.1-1 66.17 NOTE
r-devel-windows-ix86+x86_64 1.1.1-1 6.00 59.00 65.00 NOTE
r-patched-linux-x86_64 1.1.1-1 0.82 33.96 34.78 NOTE
r-patched-solaris-sparc 1.1.1-1 414.80 NOTE
r-patched-solaris-x86 1.1.1-1 84.90 NOTE
r-release-linux-x86_64 1.1.1-1 0.88 36.74 37.63 NOTE
r-release-osx-x86_64-mavericks 1.1.1-1 NOTE
r-release-osx-x86_64-snowleopard 1.1.1-1 NOTE
r-release-windows-ix86+x86_64 1.1.1-1 3.00 67.00 70.00 NOTE
r-oldrel-windows-ix86+x86_64 1.1.1-1 6.00 62.00 68.00 OK

Check Details

Version: 1.1.1-1
Check: DESCRIPTION meta-information
Result: NOTE
    Malformed Title field: should not end in a period.
Flavors: r-devel-linux-x86_64-debian-clang, r-devel-linux-x86_64-debian-gcc, r-devel-linux-x86_64-fedora-clang, r-devel-linux-x86_64-fedora-gcc, r-devel-osx-x86_64-clang, r-devel-windows-ix86+x86_64, r-patched-linux-x86_64, r-patched-solaris-sparc, r-patched-solaris-x86, r-release-linux-x86_64, r-release-osx-x86_64-mavericks, r-release-osx-x86_64-snowleopard, r-release-windows-ix86+x86_64

Version: 1.1.1-1
Check: S3 generic/method consistency
Result: NOTE
    Found the following apparent S3 methods exported but not registered:
     plot.drBootSpline plot.drFit plot.drFitSpline plot.gcBootSpline
     plot.gcFit plot.gcFitModel plot.gcFitSpline summary.drBootSpline
     summary.drFit summary.drFitSpline summary.gcBootSpline summary.gcFit
     summary.gcFitModel summary.gcFitSpline
    See section ‘Registering S3 methods’ in the ‘Writing R Extensions’
    manual.
Flavors: r-devel-linux-x86_64-debian-clang, r-devel-linux-x86_64-debian-gcc, r-devel-linux-x86_64-fedora-clang, r-devel-linux-x86_64-fedora-gcc, r-devel-osx-x86_64-clang, r-patched-linux-x86_64, r-patched-solaris-sparc, r-patched-solaris-x86, r-release-linux-x86_64