CRAN Package Check Results for Package grofit

Last updated on 2015-04-25 10:48:17.

Flavor Version Tinstall Tcheck Ttotal Status Flags
r-devel-linux-x86_64-debian-clang 1.1.1-1 0.84 37.04 37.88 NOTE
r-devel-linux-x86_64-debian-gcc 1.1.1-1 0.88 33.20 34.08 NOTE
r-devel-linux-x86_64-fedora-clang 1.1.1-1 70.18 NOTE
r-devel-linux-x86_64-fedora-gcc 1.1.1-1 65.87 NOTE
r-devel-osx-x86_64-clang 1.1.1-1 61.70 NOTE
r-devel-windows-ix86+x86_64 1.1.1-1 3.00 65.00 68.00 NOTE
r-patched-linux-x86_64 1.1.1-1 0.84 34.54 35.38 NOTE
r-patched-solaris-sparc 1.1.1-1 428.30 NOTE
r-patched-solaris-x86 1.1.1-1 86.50 NOTE
r-release-linux-x86_64 1.1.1-1 0.84 35.56 36.40 NOTE
r-release-osx-x86_64-mavericks 1.1.1-1 NOTE
r-release-osx-x86_64-snowleopard 1.1.1-1 NOTE
r-release-windows-ix86+x86_64 1.1.1-1 3.00 67.00 70.00 NOTE
r-oldrel-windows-ix86+x86_64 1.1.1-1 6.00 62.00 68.00 OK

Check Details

Version: 1.1.1-1
Check: DESCRIPTION meta-information
Result: NOTE
    Malformed Title field: should not end in a period.
Flavors: r-devel-windows-ix86+x86_64, r-patched-linux-x86_64, r-release-windows-ix86+x86_64

Version: 1.1.1-1
Check: S3 generic/method consistency
Result: NOTE
    Found the following apparent S3 methods exported but not registered:
     plot.drBootSpline plot.drFit plot.drFitSpline plot.gcBootSpline
     plot.gcFit plot.gcFitModel plot.gcFitSpline summary.drBootSpline
     summary.drFit summary.drFitSpline summary.gcBootSpline summary.gcFit
     summary.gcFitModel summary.gcFitSpline
    See section ‘Registering S3 methods’ in the ‘Writing R Extensions’
    manual.
Flavor: r-patched-linux-x86_64