CRAN Package Check Results for Package gromovlab

Last updated on 2018-02-19 10:47:13 CET.

Flavor Version Tinstall Tcheck Ttotal Status Flags
r-devel-linux-x86_64-debian-clang 0.7-6 2.00 25.90 27.90 OK
r-devel-linux-x86_64-debian-gcc 0.7-6 1.46 22.85 24.31 OK
r-devel-linux-x86_64-fedora-clang 0.7-6 36.48 OK
r-devel-linux-x86_64-fedora-gcc 0.7-6 34.48 OK
r-devel-windows-ix86+x86_64 0.7-6 4.00 43.00 47.00 OK
r-patched-linux-x86_64 0.7-6 1.93 30.03 31.96 OK
r-patched-solaris-x86 0.7-6 56.10 OK
r-release-linux-x86_64 0.7-6 1.41 29.96 31.37 OK
r-release-windows-ix86+x86_64 0.7-6 7.00 67.00 74.00 OK
r-release-osx-x86_64 0.7-6 ERROR
r-oldrel-windows-ix86+x86_64 0.7-6 8.00 49.00 57.00 OK
r-oldrel-osx-x86_64 0.7-6 OK

Check Details

Version: 0.7-6
Check: package dependencies
Result: ERROR
    Package required but not available: ‘glpkAPI’
    
    See section ‘The DESCRIPTION file’ in the ‘Writing R Extensions’
    manual.
Flavor: r-release-osx-x86_64