CRAN Package Check Results for Package gromovlab

Last updated on 2018-06-25 09:46:42 CEST.

Flavor Version Tinstall Tcheck Ttotal Status Flags
r-devel-linux-x86_64-debian-clang 0.7-6 2.28 29.14 31.42 OK
r-devel-linux-x86_64-debian-gcc 0.7-6 1.74 25.09 26.83 OK
r-devel-linux-x86_64-fedora-clang 0.7-6 39.93 OK
r-devel-linux-x86_64-fedora-gcc 0.7-6 37.27 OK
r-devel-windows-ix86+x86_64 0.7-6 6.00 47.00 53.00 OK
r-patched-linux-x86_64 0.7-6 2.02 28.76 30.78 OK
r-patched-solaris-x86 0.7-6 62.90 OK
r-release-linux-x86_64 0.7-6 1.75 28.56 30.31 OK
r-release-windows-ix86+x86_64 0.7-6 6.00 41.00 47.00 OK
r-release-osx-x86_64 0.7-6 ERROR
r-oldrel-windows-ix86+x86_64 0.7-6 6.00 60.00 66.00 OK
r-oldrel-osx-x86_64 0.7-6 ERROR

Check Details

Version: 0.7-6
Check: package dependencies
Result: ERROR
    Package required but not available: ‘glpkAPI’
    
    See section ‘The DESCRIPTION file’ in the ‘Writing R Extensions’
    manual.
Flavors: r-release-osx-x86_64, r-oldrel-osx-x86_64