CRAN Package Check Results for Package gromovlab

Last updated on 2017-11-24 13:47:07 CET.

Flavor Version Tinstall Tcheck Ttotal Status Flags
r-devel-linux-x86_64-debian-clang 0.7-6 1.64 47.33 48.96 OK
r-devel-linux-x86_64-debian-gcc 0.7-6 1.50 46.70 48.20 OK
r-devel-linux-x86_64-fedora-clang 0.7-6 32.17 OK
r-devel-linux-x86_64-fedora-gcc 0.7-6 31.02 OK
r-devel-windows-ix86+x86_64 0.7-6 4.00 62.00 66.00 OK
r-patched-linux-x86_64 0.7-6 1.68 52.29 53.97 OK
r-patched-solaris-x86 0.7-6 53.70 OK
r-release-linux-x86_64 0.7-6 1.75 49.52 51.27 OK
r-release-windows-ix86+x86_64 0.7-6 4.00 40.00 44.00 OK
r-release-osx-x86_64 0.7-6 ERROR
r-oldrel-windows-ix86+x86_64 0.7-6 4.00 43.00 47.00 OK
r-oldrel-osx-x86_64 0.7-6 OK

Check Details

Version: 0.7-6
Check: package dependencies
Result: ERROR
    Package required but not available: ‘glpkAPI’
    
    See section ‘The DESCRIPTION file’ in the ‘Writing R Extensions’
    manual.
Flavor: r-release-osx-x86_64