CRAN Package Check Results for Package grouped

Last updated on 2014-09-21 21:47:38.

Flavor Version Tinstall Tcheck Ttotal Status Flags
r-devel-linux-x86_64-debian-clang 0.6-0 0.69 12.90 13.59 NOTE
r-devel-linux-x86_64-debian-gcc 0.6-0 0.66 12.56 13.22 NOTE
r-devel-linux-x86_64-fedora-clang 0.6-0 26.80 NOTE
r-devel-linux-x86_64-fedora-gcc 0.6-0 24.79 NOTE
r-devel-osx-x86_64-clang 0.6-0 29.32 NOTE
r-devel-windows-ix86+x86_64 0.6-0 3.00 21.00 24.00 NOTE
r-patched-linux-x86_64 0.6-0 0.72 12.94 13.66 NOTE
r-patched-solaris-sparc 0.6-0 148.60 NOTE
r-patched-solaris-x86 0.6-0 36.80 NOTE
r-release-linux-ix86 0.6-0 1.04 19.75 20.80 NOTE
r-release-linux-x86_64 0.6-0 0.72 13.43 14.16 NOTE
r-release-osx-x86_64-mavericks 0.6-0 NOTE
r-release-osx-x86_64-snowleopard 0.6-0 NOTE
r-release-windows-ix86+x86_64 0.6-0 2.00 22.00 24.00 NOTE
r-oldrel-windows-ix86+x86_64 0.6-0 3.00 23.00 26.00 NOTE

Check Details

Version: 0.6-0
Check: R code for possible problems
Result: NOTE
    grouped: no visible binding for global variable ‘n’
    lL.gaussian: no visible binding for global variable ‘p’
    lL.gaussian: no visible binding for global variable ‘X’
    lL.gaussian: no visible binding for global variable ‘qb’
    lL.gaussian: no visible binding for global variable ‘qa’
    lL.logistic: no visible binding for global variable ‘p’
    lL.logistic: no visible binding for global variable ‘X’
    lL.logistic: no visible binding for global variable ‘qb’
    lL.logistic: no visible binding for global variable ‘qa’
    lL.t: no visible binding for global variable ‘p’
    lL.t: no visible binding for global variable ‘X’
    lL.t: no visible binding for global variable ‘qb’
    lL.t: no visible binding for global variable ‘df.’
    lL.t: no visible binding for global variable ‘qa’
    sc.gaussian: no visible binding for global variable ‘p’
    sc.gaussian: no visible binding for global variable ‘X’
    sc.gaussian: no visible binding for global variable ‘qb’
    sc.gaussian: no visible binding for global variable ‘qa’
    sc.gaussian: no visible binding for global variable ‘qb.’
    sc.gaussian: no visible binding for global variable ‘qa.’
    sc.logistic: no visible binding for global variable ‘p’
    sc.logistic: no visible binding for global variable ‘X’
    sc.logistic: no visible binding for global variable ‘qb’
    sc.logistic: no visible binding for global variable ‘qa’
    sc.logistic: no visible binding for global variable ‘qb.’
    sc.logistic: no visible binding for global variable ‘qa.’
    sc.t: no visible binding for global variable ‘p’
    sc.t: no visible binding for global variable ‘X’
    sc.t: no visible binding for global variable ‘qb’
    sc.t: no visible binding for global variable ‘df.’
    sc.t: no visible binding for global variable ‘qa’
    sc.t: no visible binding for global variable ‘qb.’
    sc.t: no visible binding for global variable ‘qa.’
Flavors: r-devel-linux-x86_64-debian-clang, r-devel-linux-x86_64-debian-gcc, r-devel-linux-x86_64-fedora-clang, r-devel-linux-x86_64-fedora-gcc, r-devel-osx-x86_64-clang, r-devel-windows-ix86+x86_64, r-patched-linux-x86_64, r-patched-solaris-sparc, r-patched-solaris-x86, r-release-linux-ix86, r-release-linux-x86_64, r-release-osx-x86_64-mavericks, r-release-osx-x86_64-snowleopard, r-release-windows-ix86+x86_64, r-oldrel-windows-ix86+x86_64