Last updated on 2021-04-14 09:48:56 CEST.
Flavor | Version | Tinstall | Tcheck | Ttotal | Status | Flags |
---|---|---|---|---|---|---|
r-devel-linux-x86_64-debian-clang | 0.1.0 | 4.12 | 48.12 | 52.24 | NOTE | |
r-devel-linux-x86_64-debian-gcc | 0.1.0 | 3.54 | 36.40 | 39.94 | NOTE | |
r-devel-linux-x86_64-fedora-clang | 0.1.0 | 73.19 | NOTE | |||
r-devel-linux-x86_64-fedora-gcc | 0.1.0 | 61.56 | NOTE | |||
r-devel-windows-ix86+x86_64 | 0.1.0 | 12.00 | 64.00 | 76.00 | NOTE | |
r-devel-windows-x86_64-gcc10-UCRT | 0.1.0 | NOTE | ||||
r-patched-linux-x86_64 | 0.1.0 | 3.98 | 45.58 | 49.56 | OK | |
r-patched-solaris-x86 | 0.1.0 | 89.10 | OK | |||
r-release-linux-x86_64 | 0.1.0 | 2.88 | 45.17 | 48.05 | OK | |
r-release-macos-x86_64 | 0.1.0 | OK | ||||
r-release-windows-ix86+x86_64 | 0.1.0 | 21.00 | 76.00 | 97.00 | OK | |
r-oldrel-macos-x86_64 | 0.1.0 | OK | ||||
r-oldrel-windows-ix86+x86_64 | 0.1.0 | 7.00 | 45.00 | 52.00 | OK |
Version: 0.1.0
Check: LazyData
Result: NOTE
'LazyData' is specified without a 'data' directory
Flavors: r-devel-linux-x86_64-debian-clang, r-devel-linux-x86_64-debian-gcc, r-devel-linux-x86_64-fedora-clang, r-devel-linux-x86_64-fedora-gcc, r-devel-windows-ix86+x86_64, r-devel-windows-x86_64-gcc10-UCRT