CRAN Package Check Results for Package growcurves

Last updated on 2017-01-17 06:48:11.

Flavor Version Tinstall Tcheck Ttotal Status Flags
r-devel-linux-x86_64-debian-clang 0.2.4.1 138.74 89.23 227.97 OK
r-devel-linux-x86_64-debian-gcc 0.2.4.1 141.61 90.52 232.13 OK
r-devel-linux-x86_64-fedora-clang 0.2.4.1 453.90 NOTE --no-stop-on-test-error
r-devel-linux-x86_64-fedora-gcc 0.2.4.1 444.28 NOTE --no-stop-on-test-error
r-devel-macos-x86_64-clang 0.2.4.1 304.33 OK --no-stop-on-test-error
r-devel-windows-ix86+x86_64 0.2.4.1 454.00 285.00 739.00 OK
r-patched-linux-x86_64 0.2.4.1 119.75 80.46 200.22 OK
r-patched-solaris-sparc 0.2.4.1 2557.30 OK
r-patched-solaris-x86 0.2.4.1 395.20 OK
r-release-linux-x86_64 0.2.4.1 117.43 79.65 197.08 OK
r-release-osx-x86_64-mavericks 0.2.4.1 NOTE
r-release-windows-ix86+x86_64 0.2.4.1 466.00 272.00 738.00 OK
r-oldrel-windows-ix86+x86_64 0.2.4.1 308.00 230.00 538.00 OK

Check Details

Version: 0.2.4.1
Flags: --no-stop-on-test-error
Check: installed package size
Result: NOTE
     installed size is 14.2Mb
     sub-directories of 1Mb or more:
     libs 13.7Mb
Flavors: r-devel-linux-x86_64-fedora-clang, r-devel-linux-x86_64-fedora-gcc

Version: 0.2.4.1
Flags: --no-stop-on-test-error
Check: compiled code
Result: NOTE
    File ‘growcurves/libs/growcurves.so’:
     Found no calls to: ‘R_registerRoutines’, ‘R_useDynamicSymbols’
    
    It is good practice to use registered native symbols and disable symbol
    search.
    
    See ‘Writing portable packages’ in the ‘Writing R Extensions’ manual.
Flavor: r-devel-linux-x86_64-fedora-gcc

Version: 0.2.4.1
Check: installed package size
Result: NOTE
     installed size is 11.7Mb
     sub-directories of 1Mb or more:
     libs 11.3Mb
Flavor: r-release-osx-x86_64-mavericks