CRAN Package Check Results for Package growcurves

Last updated on 2014-07-25 03:49:46.

Flavor Version Tinstall Tcheck Ttotal Status Flags
r-devel-linux-x86_64-debian-clang 0.2.3.9 102.30 81.99 184.29 NOTE
r-devel-linux-x86_64-debian-gcc 0.2.3.9 109.10 80.96 190.06 NOTE
r-devel-linux-x86_64-fedora-clang 0.2.3.9 381.10 NOTE
r-devel-linux-x86_64-fedora-gcc 0.2.3.9 374.30 NOTE
r-devel-osx-x86_64-clang 0.2.3.9 284.69 OK
r-devel-windows-ix86+x86_64 0.2.3.9 248.00 212.00 460.00 OK
r-patched-linux-x86_64 0.2.3.9 109.69 82.34 192.03 NOTE
r-patched-solaris-sparc 0.2.3.9 2464.30 NOTE
r-patched-solaris-x86 0.2.3.9 456.10 NOTE
r-release-linux-ix86 0.2.3.9 139.11 101.98 241.10 NOTE
r-release-linux-x86_64 0.2.3.9 113.62 81.86 195.48 NOTE
r-release-osx-x86_64-mavericks 0.2.3.9 NOTE
r-release-osx-x86_64-snowleopard 0.2.3.9 NOTE
r-release-windows-ix86+x86_64 0.2.3.9 272.00 210.00 482.00 OK
r-oldrel-windows-ix86+x86_64 0.2.3.9 261.00 229.00 490.00 OK

Check Details

Version: 0.2.3.9
Check: installed package size
Result: NOTE
     installed size is 13.1Mb
     sub-directories of 1Mb or more:
     libs 12.6Mb
Flavors: r-devel-linux-x86_64-debian-clang, r-devel-linux-x86_64-debian-gcc, r-devel-linux-x86_64-fedora-clang, r-devel-linux-x86_64-fedora-gcc, r-patched-linux-x86_64, r-patched-solaris-sparc, r-patched-solaris-x86, r-release-linux-ix86, r-release-linux-x86_64, r-release-osx-x86_64-mavericks, r-release-osx-x86_64-snowleopard