CRAN Package Check Results for Package growcurves

Last updated on 2015-03-01 16:46:56.

Flavor Version Tinstall Tcheck Ttotal Status Flags
r-devel-linux-x86_64-debian-clang 0.2.3.9 96.72 71.24 167.96 NOTE
r-devel-linux-x86_64-debian-gcc 0.2.3.9 114.30 68.14 182.44 NOTE
r-devel-linux-x86_64-fedora-clang 0.2.3.9 405.17 NOTE
r-devel-linux-x86_64-fedora-gcc 0.2.3.9 352.26 NOTE
r-devel-osx-x86_64-clang 0.2.3.9 228.86 NOTE
r-devel-windows-ix86+x86_64 0.2.3.9 329.00 180.00 509.00 NOTE
r-patched-linux-x86_64 0.2.3.9 118.54 87.30 205.84 NOTE
r-patched-solaris-sparc 0.2.3.9 2077.40 ERROR
r-patched-solaris-x86 0.2.3.9 462.60 NOTE
r-release-linux-ix86 0.2.3.9 141.92 110.46 252.39 NOTE
r-release-linux-x86_64 0.2.3.9 116.53 82.59 199.12 NOTE
r-release-osx-x86_64-mavericks 0.2.3.9 NOTE
r-release-osx-x86_64-snowleopard 0.2.3.9 NOTE
r-release-windows-ix86+x86_64 0.2.3.9 281.00 226.00 507.00 NOTE
r-oldrel-windows-ix86+x86_64 0.2.3.9 267.00 240.00 507.00 OK

Check Details

Version: 0.2.3.9
Check: installed package size
Result: NOTE
     installed size is 16.4Mb
     sub-directories of 1Mb or more:
     libs 15.9Mb
Flavors: r-devel-linux-x86_64-debian-clang, r-devel-linux-x86_64-debian-gcc, r-devel-linux-x86_64-fedora-clang, r-devel-linux-x86_64-fedora-gcc, r-patched-linux-x86_64, r-patched-solaris-sparc, r-patched-solaris-x86, r-release-linux-ix86, r-release-linux-x86_64, r-release-osx-x86_64-mavericks, r-release-osx-x86_64-snowleopard

Version: 0.2.3.9
Check: DESCRIPTION meta-information
Result: NOTE
    Malformed Title field: should not end in a period.
Flavors: r-devel-linux-x86_64-debian-clang, r-devel-linux-x86_64-debian-gcc, r-devel-linux-x86_64-fedora-clang, r-devel-linux-x86_64-fedora-gcc, r-devel-osx-x86_64-clang, r-devel-windows-ix86+x86_64

Version: 0.2.3.9
Check: compiled code
Result: NOTE
    File ‘growcurves/libs/growcurves.so’:
     Found ‘srand’, possibly from ‘srand’ (C)
     Objects: ‘DPre.o’, ‘ddp.o’, ‘lgm.o’, ‘mmC.o’, ‘mmCchol.o’,
     ‘mmCmiar.o’, ‘mmCmvplusDP.o’, ‘mmCplusDP.o’, ‘mmI.o’,
     ‘mmIgroup.o’, ‘mmIgroupDP.o’, ‘mmIplusDP.o’, ‘mmmult.o’
    
    Compiled code should not call entry points which might terminate R nor
    write to stdout/stderr instead of to the console, nor the system RNG.
    
    See ‘Writing portable packages’ in the ‘Writing R Extensions’ manual.
Flavors: r-devel-linux-x86_64-debian-clang, r-devel-linux-x86_64-debian-gcc, r-devel-linux-x86_64-fedora-clang, r-devel-linux-x86_64-fedora-gcc, r-patched-linux-x86_64, r-patched-solaris-sparc, r-patched-solaris-x86

Version: 0.2.3.9
Check: compiled code
Result: NOTE
    File ‘growcurves/libs/growcurves.so’:
     Found ‘_srand’, possibly from ‘srand’ (C)
     Objects: ‘DPre.o’, ‘ddp.o’, ‘lgm.o’, ‘mmC.o’, ‘mmCchol.o’,
     ‘mmCmiar.o’, ‘mmCmvplusDP.o’, ‘mmCplusDP.o’, ‘mmI.o’,
     ‘mmIgroup.o’, ‘mmIgroupDP.o’, ‘mmIplusDP.o’, ‘mmmult.o’
    
    Compiled code should not call entry points which might terminate R nor
    write to stdout/stderr instead of to the console, nor the system RNG.
    
    See ‘Writing portable packages’ in the ‘Writing R Extensions’ manual.
Flavors: r-devel-osx-x86_64-clang, r-release-osx-x86_64-mavericks

Version: 0.2.3.9
Check: compiled code
Result: NOTE
    File 'growcurves/libs/i386/growcurves.dll':
     Found 'srand', possibly from 'srand' (C)
     Objects: 'DPre.o', 'ddp.o', 'lgm.o', 'mmC.o', 'mmCchol.o',
     'mmCmiar.o', 'mmCmvplusDP.o', 'mmCplusDP.o', 'mmI.o',
     'mmIgroup.o', 'mmIgroupDP.o', 'mmIplusDP.o', 'mmmult.o'
    File 'growcurves/libs/x64/growcurves.dll':
     Found 'srand', possibly from 'srand' (C)
     Objects: 'DPre.o', 'ddp.o', 'lgm.o', 'mmC.o', 'mmCchol.o',
     'mmCmiar.o', 'mmCmvplusDP.o', 'mmCplusDP.o', 'mmI.o',
     'mmIgroup.o', 'mmIgroupDP.o', 'mmIplusDP.o', 'mmmult.o'
    
    Compiled code should not call entry points which might terminate R nor
    write to stdout/stderr instead of to the console, nor the system RNG.
    
    See 'Writing portable packages' in the 'Writing R Extensions' manual.
Flavor: r-devel-windows-ix86+x86_64

Version: 0.2.3.9
Check: tests
Result: ERROR
    Running the tests in ‘tests/run-all.R’ failed.
    Last 13 lines of output:
     > library(growcurves,quietly=TRUE)
     >
     > test_check("growcurves")
     XZcov returns correct X and Z with accurate labels : ............
     ddpgrow returns correct objects : [1] "Your chosen set of treatment base distributions = car"
     ..........dev.new(): using pdf(file="Rplots1.pdf")
     geom_path: Each group consist of only one observation. Do you need to adjust the group aesthetic?
     geom_path: Each group consist of only one observation. Do you need to adjust the group aesthetic?
     geom_path: Each group consist of only one observation. Do you need to adjust the group aesthetic?
     .[1] "Your chosen set of treatment base distributions = mvn"
     Error: segfault from C stack overflow
     There were 50 or more warnings (use warnings() to see the first 50)
     Execution halted
Flavor: r-patched-solaris-sparc

Version: 0.2.3.9
Check: compiled code
Result: NOTE
    File ‘growcurves/libs/growcurves.so’:
     Found ‘srand’, possibly from ‘srand’ (C)
     Objects: ‘DPre.o’, ‘ddp.o’, ‘lgm.o’, ‘mmC.o’, ‘mmCchol.o’,
     ‘mmCmiar.o’, ‘mmCmvplusDP.o’, ‘mmCplusDP.o’, ‘mmI.o’,
     ‘mmIgroup.o’, ‘mmIgroupDP.o’, ‘mmIplusDP.o’, ‘mmmult.o’
    
    Compiled code should not call entry points which might terminate R nor
    write to stdout/stderr instead of to the console, nor the C RNG.
    
    See ‘Writing portable packages’ in the ‘Writing R Extensions’ manual.
Flavors: r-release-linux-ix86, r-release-linux-x86_64

Version: 0.2.3.9
Check: compiled code
Result: NOTE
    File 'growcurves/libs/i386/growcurves.dll':
     Found 'srand', possibly from 'srand' (C)
     Objects: 'DPre.o', 'ddp.o', 'lgm.o', 'mmC.o', 'mmCchol.o',
     'mmCmiar.o', 'mmCmvplusDP.o', 'mmCplusDP.o', 'mmI.o',
     'mmIgroup.o', 'mmIgroupDP.o', 'mmIplusDP.o', 'mmmult.o'
    File 'growcurves/libs/x64/growcurves.dll':
     Found 'srand', possibly from 'srand' (C)
     Objects: 'DPre.o', 'ddp.o', 'lgm.o', 'mmC.o', 'mmCchol.o',
     'mmCmiar.o', 'mmCmvplusDP.o', 'mmCplusDP.o', 'mmI.o',
     'mmIgroup.o', 'mmIgroupDP.o', 'mmIplusDP.o', 'mmmult.o'
    
    Compiled code should not call entry points which might terminate R nor
    write to stdout/stderr instead of to the console, nor the C RNG.
    
    See 'Writing portable packages' in the 'Writing R Extensions' manual.
Flavor: r-release-windows-ix86+x86_64