CRAN Package Check Results for Package growcurves

Last updated on 2016-08-25 11:48:53.

Flavor Version Tinstall Tcheck Ttotal Status Flags
r-devel-linux-x86_64-debian-clang 0.2.4.0 137.01 88.48 225.49 NOTE
r-devel-linux-x86_64-debian-gcc 0.2.4.0 142.38 80.62 223.00 NOTE
r-devel-linux-x86_64-fedora-clang 0.2.4.0 440.62 NOTE
r-devel-linux-x86_64-fedora-gcc 0.2.4.0 424.06 NOTE
r-devel-osx-x86_64-clang 0.2.4.0 311.75 OK
r-devel-windows-ix86+x86_64 0.2.4.0 462.00 199.00 661.00 OK
r-patched-linux-x86_64 0.2.4.0 115.85 81.24 197.09 NOTE
r-patched-solaris-sparc 0.2.4.0 2520.90 OK
r-patched-solaris-x86 0.2.4.0 384.60 OK
r-release-linux-x86_64 0.2.4.0 118.83 76.83 195.66 NOTE
r-release-osx-x86_64-mavericks 0.2.4.0 NOTE
r-release-windows-ix86+x86_64 0.2.4.0 464.00 189.00 653.00 OK
r-oldrel-windows-ix86+x86_64 0.2.4.0 304.00 219.00 523.00 OK

Check Details

Version: 0.2.4.0
Check: installed package size
Result: NOTE
     installed size is 14.4Mb
     sub-directories of 1Mb or more:
     libs 14.0Mb
Flavors: r-devel-linux-x86_64-debian-clang, r-devel-linux-x86_64-debian-gcc, r-devel-linux-x86_64-fedora-clang, r-devel-linux-x86_64-fedora-gcc, r-patched-linux-x86_64, r-release-linux-x86_64, r-release-osx-x86_64-mavericks