CRAN Package Check Results for Package growcurves

Last updated on 2017-06-23 16:47:34.

Flavor Version Tinstall Tcheck Ttotal Status Flags
r-devel-linux-x86_64-debian-clang 0.2.4.1 149.63 95.69 245.33 NOTE
r-devel-linux-x86_64-debian-gcc 0.2.4.1 147.22 86.60 233.82 NOTE
r-devel-linux-x86_64-fedora-clang 0.2.4.1 483.95 NOTE
r-devel-linux-x86_64-fedora-gcc 0.2.4.1 458.44 NOTE
r-devel-windows-ix86+x86_64 0.2.4.1 534.00 308.00 842.00 OK
r-patched-linux-x86_64 0.2.4.1 125.91 86.68 212.59 NOTE
r-patched-solaris-sparc 0.2.4.1 2533.30 OK
r-patched-solaris-x86 0.2.4.1 426.00 OK
r-release-linux-x86_64 0.2.4.1 126.95 85.94 212.90 NOTE
r-release-windows-ix86+x86_64 0.2.4.1 364.00 313.00 677.00 OK
r-release-osx-x86_64 0.2.4.1 NOTE
r-oldrel-windows-ix86+x86_64 0.2.4.1 496.00 287.00 783.00 OK
r-oldrel-osx-x86_64 0.2.4.1 NOTE

Check Details

Version: 0.2.4.1
Check: compiled code
Result: NOTE
    File ‘growcurves/libs/growcurves.so’:
     Found no calls to: ‘R_registerRoutines’, ‘R_useDynamicSymbols’
    
    It is good practice to register native routines and to disable symbol
    search.
    
    See ‘Writing portable packages’ in the ‘Writing R Extensions’ manual.
Flavors: r-devel-linux-x86_64-debian-clang, r-devel-linux-x86_64-debian-gcc, r-devel-linux-x86_64-fedora-clang, r-devel-linux-x86_64-fedora-gcc, r-patched-linux-x86_64, r-release-linux-x86_64

Version: 0.2.4.1
Check: installed package size
Result: NOTE
     installed size is 14.9Mb
     sub-directories of 1Mb or more:
     libs 14.4Mb
Flavors: r-devel-linux-x86_64-fedora-clang, r-devel-linux-x86_64-fedora-gcc, r-release-osx-x86_64, r-oldrel-osx-x86_64