CRAN Package Check Results for Package growcurves

Last updated on 2015-07-07 03:47:40.

Flavor Version Tinstall Tcheck Ttotal Status Flags
r-devel-linux-x86_64-debian-clang 0.2.3.9 110.06 70.18 180.25 NOTE
r-devel-linux-x86_64-debian-gcc 0.2.3.9 116.84 68.53 185.37 NOTE
r-devel-linux-x86_64-fedora-clang 0.2.3.9 384.38 NOTE
r-devel-linux-x86_64-fedora-gcc 0.2.3.9 333.33 NOTE
r-devel-osx-x86_64-clang 0.2.3.9 232.18 NOTE
r-devel-windows-ix86+x86_64 0.2.3.9 331.00 176.00 507.00 NOTE
r-patched-linux-x86_64 0.2.3.9 116.74 69.37 186.12 NOTE
r-patched-solaris-sparc 0.2.3.9 2448.30 NOTE
r-patched-solaris-x86 0.2.3.9 451.90 NOTE
r-release-linux-x86_64 0.2.3.9 116.60 70.92 187.52 NOTE
r-release-osx-x86_64-mavericks 0.2.3.9 NOTE
r-release-windows-ix86+x86_64 0.2.3.9 403.00 200.00 603.00 NOTE
r-oldrel-windows-ix86+x86_64 0.2.3.9 288.00 236.00 524.00 NOTE

Check Details

Version: 0.2.3.9
Check: installed package size
Result: NOTE
     installed size is 14.9Mb
     sub-directories of 1Mb or more:
     libs 14.4Mb
Flavors: r-devel-linux-x86_64-debian-clang, r-devel-linux-x86_64-debian-gcc, r-devel-linux-x86_64-fedora-clang, r-devel-linux-x86_64-fedora-gcc, r-patched-linux-x86_64, r-patched-solaris-sparc, r-patched-solaris-x86, r-release-linux-x86_64, r-release-osx-x86_64-mavericks

Version: 0.2.3.9
Check: DESCRIPTION meta-information
Result: NOTE
    Malformed Title field: should not end in a period.
Flavors: r-devel-linux-x86_64-debian-clang, r-devel-linux-x86_64-debian-gcc, r-devel-linux-x86_64-fedora-clang, r-devel-linux-x86_64-fedora-gcc, r-devel-osx-x86_64-clang, r-devel-windows-ix86+x86_64, r-patched-linux-x86_64, r-patched-solaris-sparc, r-patched-solaris-x86, r-release-linux-x86_64, r-release-osx-x86_64-mavericks, r-release-windows-ix86+x86_64

Version: 0.2.3.9
Check: R code for possible problems
Result: NOTE
    XZcov: no visible binding for global variable ‘na.fail’
    XZcov: no visible global function definition for ‘lm.fit’
    ddpEffectsplot: no visible global function definition for ‘reorder’
    ddpEffectsplot: no visible global function definition for ‘dev.new’
    ddpEffectsplot: no visible binding for global variable ‘effects’
    ddpEffectsplot : <anonymous>: no visible global function definition for
     ‘quantile’
    ddpMCMCplots: no visible binding for global variable ‘effects’
    ddp_quantiles: no visible global function definition for ‘var’
    ddp_quantiles : <anonymous>: no visible global function definition for
     ‘quantile’
    effectsplot: no visible global function definition for ‘reorder’
    effectsplot: no visible global function definition for ‘dev.new’
    getmf: no visible global function definition for ‘model.response’
    getmf: no visible global function definition for ‘model.matrix’
    growplot: no visible global function definition for ‘plot’
    growplot: no visible global function definition for ‘dev.new’
    growplot: no visible global function definition for ‘relevel’
    plot.ddpgrow: no visible global function definition for ‘dev.new’
    plot.dpgrow: no visible global function definition for ‘dev.new’
    plot.dpgrowmm: no visible global function definition for ‘dev.new’
    plot.dpgrowmult: no visible global function definition for ‘dev.new’
    summary_quantiles: no visible global function definition for ‘var’
    summary_quantiles : <anonymous>: no visible global function definition
     for ‘quantile’
    trtplot : f: no visible global function definition for ‘quantile’
    trtplot: no visible global function definition for ‘dev.new’
    Undefined global functions or variables:
     dev.new effects lm.fit model.matrix model.response na.fail plot
     quantile relevel reorder var
Flavors: r-devel-linux-x86_64-debian-clang, r-devel-linux-x86_64-debian-gcc, r-devel-linux-x86_64-fedora-clang, r-devel-linux-x86_64-fedora-gcc, r-devel-windows-ix86+x86_64

Version: 0.2.3.9
Check: compiled code
Result: NOTE
    File ‘growcurves/libs/growcurves.so’:
     Found ‘srand’, possibly from ‘srand’ (C)
     Objects: ‘DPre.o’, ‘ddp.o’, ‘lgm.o’, ‘mmC.o’, ‘mmCchol.o’,
     ‘mmCmiar.o’, ‘mmCmvplusDP.o’, ‘mmCplusDP.o’, ‘mmI.o’,
     ‘mmIgroup.o’, ‘mmIgroupDP.o’, ‘mmIplusDP.o’, ‘mmmult.o’
    
    Compiled code should not call entry points which might terminate R nor
    write to stdout/stderr instead of to the console, nor the system RNG.
    
    See ‘Writing portable packages’ in the ‘Writing R Extensions’ manual.
Flavors: r-devel-linux-x86_64-debian-clang, r-devel-linux-x86_64-debian-gcc, r-devel-linux-x86_64-fedora-clang, r-devel-linux-x86_64-fedora-gcc, r-patched-linux-x86_64, r-patched-solaris-sparc, r-patched-solaris-x86, r-release-linux-x86_64

Version: 0.2.3.9
Check: compiled code
Result: NOTE
    File ‘growcurves/libs/growcurves.so’:
     Found ‘_srand’, possibly from ‘srand’ (C)
     Objects: ‘DPre.o’, ‘ddp.o’, ‘lgm.o’, ‘mmC.o’, ‘mmCchol.o’,
     ‘mmCmiar.o’, ‘mmCmvplusDP.o’, ‘mmCplusDP.o’, ‘mmI.o’,
     ‘mmIgroup.o’, ‘mmIgroupDP.o’, ‘mmIplusDP.o’, ‘mmmult.o’
    
    Compiled code should not call entry points which might terminate R nor
    write to stdout/stderr instead of to the console, nor the system RNG.
    
    See ‘Writing portable packages’ in the ‘Writing R Extensions’ manual.
Flavors: r-devel-osx-x86_64-clang, r-release-osx-x86_64-mavericks

Version: 0.2.3.9
Check: compiled code
Result: NOTE
    File 'growcurves/libs/i386/growcurves.dll':
     Found 'srand', possibly from 'srand' (C)
     Objects: 'DPre.o', 'ddp.o', 'lgm.o', 'mmC.o', 'mmCchol.o',
     'mmCmiar.o', 'mmCmvplusDP.o', 'mmCplusDP.o', 'mmI.o',
     'mmIgroup.o', 'mmIgroupDP.o', 'mmIplusDP.o', 'mmmult.o'
    File 'growcurves/libs/x64/growcurves.dll':
     Found 'srand', possibly from 'srand' (C)
     Objects: 'DPre.o', 'ddp.o', 'lgm.o', 'mmC.o', 'mmCchol.o',
     'mmCmiar.o', 'mmCmvplusDP.o', 'mmCplusDP.o', 'mmI.o',
     'mmIgroup.o', 'mmIgroupDP.o', 'mmIplusDP.o', 'mmmult.o'
    
    Compiled code should not call entry points which might terminate R nor
    write to stdout/stderr instead of to the console, nor the system RNG.
    
    See 'Writing portable packages' in the 'Writing R Extensions' manual.
Flavors: r-devel-windows-ix86+x86_64, r-release-windows-ix86+x86_64, r-oldrel-windows-ix86+x86_64