CRAN Package Check Results for Package growcurves

Last updated on 2014-04-23 12:48:19.

Flavor Version Tinstall Tcheck Ttotal Status Flags
r-devel-linux-x86_64-debian-clang 0.2.3.9 93.08 85.79 178.87 NOTE
r-devel-linux-x86_64-debian-gcc 0.2.3.9 108.60 86.76 195.36 NOTE
r-devel-linux-x86_64-fedora-clang 0.2.3.9 382.85 NOTE
r-devel-linux-x86_64-fedora-gcc 0.2.3.9 392.53 NOTE
r-devel-osx-x86_64-clang 0.2.3.9 236.19 OK
r-devel-osx-x86_64-gcc 0.2.3.9 ERROR
r-devel-windows-ix86+x86_64 0.2.3.9 223.00 244.00 467.00 OK
r-patched-linux-x86_64 0.2.3.9 107.99 87.41 195.40 NOTE
r-patched-solaris-sparc 0.2.3.9 2464.30 NOTE
r-patched-solaris-x86 0.2.3.9 443.10 NOTE
r-release-linux-ix86 0.2.3.9 164.00 133.00 297.00 NOTE
r-release-linux-x86_64 0.2.3.9 108.54 87.68 196.23 NOTE
r-release-osx-x86_64-mavericks 0.2.3.9 WARN
r-release-osx-x86_64-snowleopard 0.2.3.9 NOTE
r-release-windows-ix86+x86_64 0.2.3.9 258.00 215.00 473.00 OK
r-oldrel-windows-ix86+x86_64 0.2.3.9 263.00 271.00 534.00 OK

Check Details

Version: 0.2.3.9
Check: installed package size
Result: NOTE
     installed size is 13.0Mb
     sub-directories of 1Mb or more:
     libs 12.5Mb
Flavors: r-devel-linux-x86_64-debian-clang, r-devel-linux-x86_64-debian-gcc, r-devel-linux-x86_64-fedora-clang, r-devel-linux-x86_64-fedora-gcc, r-patched-linux-x86_64, r-patched-solaris-sparc, r-patched-solaris-x86, r-release-linux-ix86, r-release-linux-x86_64, r-release-osx-x86_64-mavericks, r-release-osx-x86_64-snowleopard

Version: 0.2.3.9
Check: package dependencies
Result: ERROR
    Packages required but not available: ‘scales’ ‘ggplot2’
    
    See the information on DESCRIPTION files in the chapter ‘Creating R
    packages’ of the ‘Writing R Extensions’ manual.
Flavor: r-devel-osx-x86_64-gcc

Version: 0.2.3.9
Check: PDF version of manual
Result: WARNING
    LaTeX errors when creating PDF version.
    This typically indicates Rd problems.
    LaTeX errors found:
    ! LaTeX Error: File `upquote.sty' not found.
    
    Type X to quit or <RETURN> to proceed,
    or enter new name. (Default extension: sty)
    
    039dcbf/Rd2.tex:8: ==> Fatal error occurred, no output PDF file produced!
Flavor: r-release-osx-x86_64-mavericks