CRAN Package Check Results for Package growcurves

Last updated on 2019-05-20 14:47:08 CEST.

Flavor Version Tinstall Tcheck Ttotal Status Flags
r-devel-linux-x86_64-debian-clang 0.2.4.1 242.98 142.53 385.51 OK
r-devel-linux-x86_64-debian-gcc 0.2.4.1 193.13 104.54 297.67 OK
r-devel-linux-x86_64-fedora-clang 0.2.4.1 555.34 NOTE
r-devel-linux-x86_64-fedora-gcc 0.2.4.1 532.10 NOTE
r-devel-windows-ix86+x86_64 0.2.4.1 578.00 332.00 910.00 OK
r-patched-linux-x86_64 0.2.4.1 229.50 138.26 367.76 OK
r-patched-solaris-x86 0.2.4.1 516.20 OK
r-release-linux-x86_64 0.2.4.1 225.72 137.98 363.70 OK
r-release-windows-ix86+x86_64 0.2.4.1 574.00 339.00 913.00 OK
r-release-osx-x86_64 0.2.4.1 NOTE
r-oldrel-windows-ix86+x86_64 0.2.4.1 417.00 247.00 664.00 OK
r-oldrel-osx-x86_64 0.2.4.1 NOTE

Check Details

Version: 0.2.4.1
Check: installed package size
Result: NOTE
     installed size is 17.6Mb
     sub-directories of 1Mb or more:
     libs 17.0Mb
Flavors: r-devel-linux-x86_64-fedora-clang, r-release-osx-x86_64, r-oldrel-osx-x86_64

Version: 0.2.4.1
Check: compiled code
Result: NOTE
    File ‘growcurves/libs/growcurves.so’:
     Found no calls to: ‘R_registerRoutines’, ‘R_useDynamicSymbols’
    
    It is good practice to register native routines and to disable symbol
    search.
    
    See ‘Writing portable packages’ in the ‘Writing R Extensions’ manual.
Flavors: r-devel-linux-x86_64-fedora-clang, r-devel-linux-x86_64-fedora-gcc