CRAN Package Check Results for Package growcurves

Last updated on 2017-02-25 07:49:07.

Flavor Version Tinstall Tcheck Ttotal Status Flags
r-devel-linux-x86_64-debian-clang 0.2.4.1 140.60 93.71 234.30 NOTE
r-devel-linux-x86_64-debian-gcc 0.2.4.1 145.59 87.33 232.92 NOTE
r-devel-linux-x86_64-fedora-clang 0.2.4.1 482.96 NOTE --no-stop-on-test-error
r-devel-linux-x86_64-fedora-gcc 0.2.4.1 445.55 NOTE --no-stop-on-test-error
r-devel-macos-x86_64-clang 0.2.4.1 304.89 NOTE --no-stop-on-test-error
r-devel-windows-ix86+x86_64 0.2.4.1 463.00 305.00 768.00 OK
r-patched-linux-x86_64 0.2.4.1 119.86 81.24 201.10 OK
r-patched-solaris-sparc 0.2.4.1 2557.30 OK
r-patched-solaris-x86 0.2.4.1 418.20 OK
r-release-linux-x86_64 0.2.4.1 118.93 82.20 201.13 OK
r-release-osx-x86_64-mavericks 0.2.4.1 NOTE
r-release-windows-ix86+x86_64 0.2.4.1 461.00 206.00 667.00 OK
r-oldrel-windows-ix86+x86_64 0.2.4.1 408.00 291.00 699.00 OK

Check Details

Version: 0.2.4.1
Check: compiled code
Result: NOTE
    File ‘growcurves/libs/growcurves.so’:
     Found no calls to: ‘R_registerRoutines’, ‘R_useDynamicSymbols’
    
    It is good practice to register native routines and to disable symbol
    search.
    
    See ‘Writing portable packages’ in the ‘Writing R Extensions’ manual.
Flavors: r-devel-linux-x86_64-debian-clang, r-devel-linux-x86_64-debian-gcc

Version: 0.2.4.1
Flags: --no-stop-on-test-error
Check: installed package size
Result: NOTE
     installed size is 14.2Mb
     sub-directories of 1Mb or more:
     libs 13.8Mb
Flavors: r-devel-linux-x86_64-fedora-clang, r-devel-linux-x86_64-fedora-gcc

Version: 0.2.4.1
Flags: --no-stop-on-test-error
Check: compiled code
Result: NOTE
    File ‘growcurves/libs/growcurves.so’:
     Found no calls to: ‘R_registerRoutines’, ‘R_useDynamicSymbols’
    
    It is good practice to register native routines and to disable symbol
    search.
    
    See ‘Writing portable packages’ in the ‘Writing R Extensions’ manual.
Flavors: r-devel-linux-x86_64-fedora-clang, r-devel-linux-x86_64-fedora-gcc, r-devel-macos-x86_64-clang

Version: 0.2.4.1
Check: installed package size
Result: NOTE
     installed size is 11.7Mb
     sub-directories of 1Mb or more:
     libs 11.3Mb
Flavor: r-release-osx-x86_64-mavericks