CRAN Package Check Results for Package growcurves

Last updated on 2016-12-08 12:48:05.

Flavor Version Tinstall Tcheck Ttotal Status Flags
r-devel-linux-x86_64-debian-clang 0.2.4.0 139.41 90.54 229.95 OK
r-devel-linux-x86_64-debian-gcc 0.2.4.0 144.16 91.14 235.30 OK
r-devel-linux-x86_64-fedora-clang 0.2.4.0 466.42 NOTE --no-stop-on-test-error
r-devel-linux-x86_64-fedora-gcc 0.2.4.0 456.51 NOTE --no-stop-on-test-error
r-devel-macos-x86_64-clang 0.2.4.0 307.24 OK --no-stop-on-test-error
r-devel-windows-ix86+x86_64 0.2.4.0 344.00 221.00 565.00 OK
r-patched-linux-x86_64 0.2.4.0 117.77 79.64 197.42 OK
r-patched-solaris-sparc 0.2.4.0 2512.80 OK
r-patched-solaris-x86 0.2.4.0 388.10 OK
r-release-linux-x86_64 0.2.4.0 118.28 83.55 201.84 OK
r-release-osx-x86_64-mavericks 0.2.4.0 NOTE
r-release-windows-ix86+x86_64 0.2.4.0 346.00 205.00 551.00 OK
r-oldrel-windows-ix86+x86_64 0.2.4.0 407.00 286.00 693.00 OK

Check Details

Version: 0.2.4.0
Flags: --no-stop-on-test-error
Check: installed package size
Result: NOTE
     installed size is 14.2Mb
     sub-directories of 1Mb or more:
     libs 13.7Mb
Flavors: r-devel-linux-x86_64-fedora-clang, r-devel-linux-x86_64-fedora-gcc

Version: 0.2.4.0
Check: installed package size
Result: NOTE
     installed size is 11.6Mb
     sub-directories of 1Mb or more:
     libs 11.1Mb
Flavor: r-release-osx-x86_64-mavericks