CRAN Package Check Results for Package growcurves

Last updated on 2014-09-01 14:46:29.

Flavor Version Tinstall Tcheck Ttotal Status Flags
r-devel-linux-x86_64-debian-clang 0.2.3.9 94.18 78.81 173.00 NOTE
r-devel-linux-x86_64-debian-gcc 0.2.3.9 113.70 80.68 194.39 NOTE
r-devel-linux-x86_64-fedora-clang 0.2.3.9 374.01 NOTE
r-devel-linux-x86_64-fedora-gcc 0.2.3.9 379.51 NOTE
r-devel-osx-x86_64-clang 0.2.3.9 240.28 NOTE
r-devel-windows-ix86+x86_64 0.2.3.9 258.00 201.00 459.00 NOTE
r-patched-linux-x86_64 0.2.3.9 110.44 82.14 192.58 NOTE
r-patched-solaris-sparc 0.2.3.9 2426.00 NOTE
r-patched-solaris-x86 0.2.3.9 465.50 NOTE
r-release-linux-ix86 0.2.3.9 146.38 102.06 248.44 NOTE
r-release-linux-x86_64 0.2.3.9 114.71 82.84 197.56 NOTE
r-release-osx-x86_64-mavericks 0.2.3.9 NOTE
r-release-osx-x86_64-snowleopard 0.2.3.9 NOTE
r-release-windows-ix86+x86_64 0.2.3.9 272.00 206.00 478.00 OK
r-oldrel-windows-ix86+x86_64 0.2.3.9 279.00 230.00 509.00 OK

Check Details

Version: 0.2.3.9
Check: installed package size
Result: NOTE
     installed size is 13.4Mb
     sub-directories of 1Mb or more:
     libs 12.9Mb
Flavors: r-devel-linux-x86_64-debian-clang, r-devel-linux-x86_64-debian-gcc, r-devel-linux-x86_64-fedora-clang, r-devel-linux-x86_64-fedora-gcc, r-patched-linux-x86_64, r-patched-solaris-sparc, r-patched-solaris-x86, r-release-linux-ix86, r-release-linux-x86_64, r-release-osx-x86_64-mavericks, r-release-osx-x86_64-snowleopard

Version: 0.2.3.9
Check: compiled code
Result: NOTE
    File ‘/home/hornik/tmp/R.check/r-devel-clang/Work/build/Packages/growcurves/libs/growcurves.so’:
     Found ‘rand’, possibly from ‘rand’ (C)
     Objects: ‘DPre.o’, ‘ddp.o’, ‘lgm.o’, ‘mmC.o’, ‘mmCchol.o’,
     ‘mmCmiar.o’, ‘mmCmvplusDP.o’, ‘mmCplusDP.o’, ‘mmI.o’,
     ‘mmIgroup.o’, ‘mmIgroupDP.o’, ‘mmIplusDP.o’, ‘mmmult.o’
     Found ‘srand’, possibly from ‘srand’ (C)
     Objects: ‘DPre.o’, ‘ddp.o’, ‘lgm.o’, ‘mmC.o’, ‘mmCchol.o’,
     ‘mmCmiar.o’, ‘mmCmvplusDP.o’, ‘mmCplusDP.o’, ‘mmI.o’,
     ‘mmIgroup.o’, ‘mmIgroupDP.o’, ‘mmIplusDP.o’, ‘mmmult.o’
    
    Compiled code should not call entry points which might terminate R nor
    write to stdout/stderr instead of to the console, nor the C RNG.
    
    See ‘Writing portable packages’ in the ‘Writing R Extensions’ manual.
Flavor: r-devel-linux-x86_64-debian-clang

Version: 0.2.3.9
Check: compiled code
Result: NOTE
    File ‘/home/hornik/tmp/R.check/r-devel-gcc/Work/build/Packages/growcurves/libs/growcurves.so’:
     Found ‘rand’, possibly from ‘rand’ (C)
     Objects: ‘DPre.o’, ‘ddp.o’, ‘lgm.o’, ‘mmC.o’, ‘mmCchol.o’,
     ‘mmCmiar.o’, ‘mmCmvplusDP.o’, ‘mmCplusDP.o’, ‘mmI.o’,
     ‘mmIgroup.o’, ‘mmIgroupDP.o’, ‘mmIplusDP.o’, ‘mmmult.o’
     Found ‘srand’, possibly from ‘srand’ (C)
     Objects: ‘DPre.o’, ‘ddp.o’, ‘lgm.o’, ‘mmC.o’, ‘mmCchol.o’,
     ‘mmCmiar.o’, ‘mmCmvplusDP.o’, ‘mmCplusDP.o’, ‘mmI.o’,
     ‘mmIgroup.o’, ‘mmIgroupDP.o’, ‘mmIplusDP.o’, ‘mmmult.o’
    
    Compiled code should not call entry points which might terminate R nor
    write to stdout/stderr instead of to the console, nor the C RNG.
    
    See ‘Writing portable packages’ in the ‘Writing R Extensions’ manual.
Flavor: r-devel-linux-x86_64-debian-gcc

Version: 0.2.3.9
Check: compiled code
Result: NOTE
    File ‘/data/gannet/ripley/R/packages/tests-clang/growcurves.Rcheck/growcurves/libs/growcurves.so’:
     Found ‘rand’, possibly from ‘rand’ (C)
     Objects: ‘DPre.o’, ‘ddp.o’, ‘lgm.o’, ‘mmC.o’, ‘mmCchol.o’,
     ‘mmCmiar.o’, ‘mmCmvplusDP.o’, ‘mmCplusDP.o’, ‘mmI.o’,
     ‘mmIgroup.o’, ‘mmIgroupDP.o’, ‘mmIplusDP.o’, ‘mmmult.o’
     Found ‘srand’, possibly from ‘srand’ (C)
     Objects: ‘DPre.o’, ‘ddp.o’, ‘lgm.o’, ‘mmC.o’, ‘mmCchol.o’,
     ‘mmCmiar.o’, ‘mmCmvplusDP.o’, ‘mmCplusDP.o’, ‘mmI.o’,
     ‘mmIgroup.o’, ‘mmIgroupDP.o’, ‘mmIplusDP.o’, ‘mmmult.o’
    
    Compiled code should not call entry points which might terminate R nor
    write to stdout/stderr instead of to the console, nor the C RNG.
    
    See ‘Writing portable packages’ in the ‘Writing R Extensions’ manual.
Flavor: r-devel-linux-x86_64-fedora-clang

Version: 0.2.3.9
Check: compiled code
Result: NOTE
    File ‘/data/gannet/ripley/R/packages/tests-devel/growcurves.Rcheck/growcurves/libs/growcurves.so’:
     Found ‘rand’, possibly from ‘rand’ (C)
     Objects: ‘DPre.o’, ‘ddp.o’, ‘lgm.o’, ‘mmC.o’, ‘mmCchol.o’,
     ‘mmCmiar.o’, ‘mmCmvplusDP.o’, ‘mmCplusDP.o’, ‘mmI.o’,
     ‘mmIgroup.o’, ‘mmIgroupDP.o’, ‘mmIplusDP.o’, ‘mmmult.o’
     Found ‘srand’, possibly from ‘srand’ (C)
     Objects: ‘DPre.o’, ‘ddp.o’, ‘lgm.o’, ‘mmC.o’, ‘mmCchol.o’,
     ‘mmCmiar.o’, ‘mmCmvplusDP.o’, ‘mmCplusDP.o’, ‘mmI.o’,
     ‘mmIgroup.o’, ‘mmIgroupDP.o’, ‘mmIplusDP.o’, ‘mmmult.o’
    
    Compiled code should not call entry points which might terminate R nor
    write to stdout/stderr instead of to the console, nor the C RNG.
    
    See ‘Writing portable packages’ in the ‘Writing R Extensions’ manual.
Flavor: r-devel-linux-x86_64-fedora-gcc

Version: 0.2.3.9
Check: compiled code
Result: NOTE
    File ‘/Users/ripley/R/packages/tests-devel/growcurves.Rcheck/growcurves/libs/growcurves.so’:
     Found ‘_rand’, possibly from ‘rand’ (C)
     Objects: ‘DPre.o’, ‘ddp.o’, ‘lgm.o’, ‘mmC.o’, ‘mmCchol.o’,
     ‘mmCmiar.o’, ‘mmCmvplusDP.o’, ‘mmCplusDP.o’, ‘mmI.o’,
     ‘mmIgroup.o’, ‘mmIgroupDP.o’, ‘mmIplusDP.o’, ‘mmmult.o’
     Found ‘_srand’, possibly from ‘srand’ (C)
     Objects: ‘DPre.o’, ‘ddp.o’, ‘lgm.o’, ‘mmC.o’, ‘mmCchol.o’,
     ‘mmCmiar.o’, ‘mmCmvplusDP.o’, ‘mmCplusDP.o’, ‘mmI.o’,
     ‘mmIgroup.o’, ‘mmIgroupDP.o’, ‘mmIplusDP.o’, ‘mmmult.o’
    
    Compiled code should not call entry points which might terminate R nor
    write to stdout/stderr instead of to the console, nor the C RNG.
    
    See ‘Writing portable packages’ in the ‘Writing R Extensions’ manual.
Flavor: r-devel-osx-x86_64-clang

Version: 0.2.3.9
Check: compiled code
Result: NOTE
    File 'd:/Rcompile/CRANpkg/lib/3.2/growcurves/libs/i386/growcurves.dll':
     Found 'rand', possibly from 'rand' (C)
     Objects: 'DPre.o', 'ddp.o', 'lgm.o', 'mmC.o', 'mmCchol.o',
     'mmCmiar.o', 'mmCmvplusDP.o', 'mmCplusDP.o', 'mmI.o',
     'mmIgroup.o', 'mmIgroupDP.o', 'mmIplusDP.o', 'mmmult.o'
     Found 'srand', possibly from 'srand' (C)
     Objects: 'DPre.o', 'ddp.o', 'lgm.o', 'mmC.o', 'mmCchol.o',
     'mmCmiar.o', 'mmCmvplusDP.o', 'mmCplusDP.o', 'mmI.o',
     'mmIgroup.o', 'mmIgroupDP.o', 'mmIplusDP.o', 'mmmult.o'
    File 'd:/Rcompile/CRANpkg/lib/3.2/growcurves/libs/x64/growcurves.dll':
     Found 'rand', possibly from 'rand' (C)
     Objects: 'DPre.o', 'ddp.o', 'lgm.o', 'mmC.o', 'mmCchol.o',
     'mmCmiar.o', 'mmCmvplusDP.o', 'mmCplusDP.o', 'mmI.o',
     'mmIgroup.o', 'mmIgroupDP.o', 'mmIplusDP.o', 'mmmult.o'
     Found 'srand', possibly from 'srand' (C)
     Objects: 'DPre.o', 'ddp.o', 'lgm.o', 'mmC.o', 'mmCchol.o',
     'mmCmiar.o', 'mmCmvplusDP.o', 'mmCplusDP.o', 'mmI.o',
     'mmIgroup.o', 'mmIgroupDP.o', 'mmIplusDP.o', 'mmmult.o'
    
    Compiled code should not call entry points which might terminate R nor
    write to stdout/stderr instead of to the console, nor the C RNG.
    
    See 'Writing portable packages' in the 'Writing R Extensions' manual.
Flavor: r-devel-windows-ix86+x86_64