CRAN Package Check Results for Package growcurves

Last updated on 2015-05-23 11:51:22.

Flavor Version Tinstall Tcheck Ttotal Status Flags
r-devel-linux-x86_64-debian-clang 0.2.3.9 110.64 74.70 185.34 NOTE
r-devel-linux-x86_64-debian-gcc 0.2.3.9 116.04 74.27 190.31 NOTE
r-devel-linux-x86_64-fedora-clang 0.2.3.9 388.07 NOTE
r-devel-linux-x86_64-fedora-gcc 0.2.3.9 361.49 NOTE
r-devel-osx-x86_64-clang 0.2.3.9 231.13 NOTE
r-devel-windows-ix86+x86_64 0.2.3.9 302.00 193.00 495.00 NOTE
r-patched-linux-x86_64 0.2.3.9 115.90 69.59 185.49 NOTE
r-patched-solaris-sparc 0.2.3.9 2448.30 NOTE
r-patched-solaris-x86 0.2.3.9 451.00 NOTE
r-release-linux-x86_64 0.2.3.9 121.07 72.70 193.77 NOTE
r-release-osx-x86_64-mavericks 0.2.3.9 NOTE
r-release-osx-x86_64-snowleopard 0.2.3.9 ERROR
r-release-windows-ix86+x86_64 0.2.3.9 283.00 181.00 464.00 NOTE
r-oldrel-windows-ix86+x86_64 0.2.3.9 283.00 226.00 509.00 NOTE

Check Details

Version: 0.2.3.9
Check: installed package size
Result: NOTE
     installed size is 14.9Mb
     sub-directories of 1Mb or more:
     libs 14.4Mb
Flavors: r-devel-linux-x86_64-debian-clang, r-devel-linux-x86_64-debian-gcc, r-devel-linux-x86_64-fedora-clang, r-devel-linux-x86_64-fedora-gcc, r-patched-linux-x86_64, r-patched-solaris-sparc, r-patched-solaris-x86, r-release-linux-x86_64, r-release-osx-x86_64-mavericks

Version: 0.2.3.9
Check: DESCRIPTION meta-information
Result: NOTE
    Malformed Title field: should not end in a period.
Flavors: r-devel-linux-x86_64-debian-clang, r-devel-linux-x86_64-debian-gcc, r-devel-linux-x86_64-fedora-clang, r-devel-linux-x86_64-fedora-gcc, r-devel-osx-x86_64-clang, r-devel-windows-ix86+x86_64, r-patched-linux-x86_64, r-patched-solaris-sparc, r-patched-solaris-x86, r-release-linux-x86_64, r-release-osx-x86_64-mavericks, r-release-windows-ix86+x86_64

Version: 0.2.3.9
Check: compiled code
Result: NOTE
    File ‘growcurves/libs/growcurves.so’:
     Found ‘srand’, possibly from ‘srand’ (C)
     Objects: ‘DPre.o’, ‘ddp.o’, ‘lgm.o’, ‘mmC.o’, ‘mmCchol.o’,
     ‘mmCmiar.o’, ‘mmCmvplusDP.o’, ‘mmCplusDP.o’, ‘mmI.o’,
     ‘mmIgroup.o’, ‘mmIgroupDP.o’, ‘mmIplusDP.o’, ‘mmmult.o’
    
    Compiled code should not call entry points which might terminate R nor
    write to stdout/stderr instead of to the console, nor the system RNG.
    
    See ‘Writing portable packages’ in the ‘Writing R Extensions’ manual.
Flavors: r-devel-linux-x86_64-debian-clang, r-devel-linux-x86_64-debian-gcc, r-devel-linux-x86_64-fedora-clang, r-devel-linux-x86_64-fedora-gcc, r-patched-linux-x86_64, r-patched-solaris-sparc, r-patched-solaris-x86, r-release-linux-x86_64

Version: 0.2.3.9
Check: compiled code
Result: NOTE
    File ‘growcurves/libs/growcurves.so’:
     Found ‘_srand’, possibly from ‘srand’ (C)
     Objects: ‘DPre.o’, ‘ddp.o’, ‘lgm.o’, ‘mmC.o’, ‘mmCchol.o’,
     ‘mmCmiar.o’, ‘mmCmvplusDP.o’, ‘mmCplusDP.o’, ‘mmI.o’,
     ‘mmIgroup.o’, ‘mmIgroupDP.o’, ‘mmIplusDP.o’, ‘mmmult.o’
    
    Compiled code should not call entry points which might terminate R nor
    write to stdout/stderr instead of to the console, nor the system RNG.
    
    See ‘Writing portable packages’ in the ‘Writing R Extensions’ manual.
Flavors: r-devel-osx-x86_64-clang, r-release-osx-x86_64-mavericks

Version: 0.2.3.9
Check: compiled code
Result: NOTE
    File 'growcurves/libs/i386/growcurves.dll':
     Found 'srand', possibly from 'srand' (C)
     Objects: 'DPre.o', 'ddp.o', 'lgm.o', 'mmC.o', 'mmCchol.o',
     'mmCmiar.o', 'mmCmvplusDP.o', 'mmCplusDP.o', 'mmI.o',
     'mmIgroup.o', 'mmIgroupDP.o', 'mmIplusDP.o', 'mmmult.o'
    File 'growcurves/libs/x64/growcurves.dll':
     Found 'srand', possibly from 'srand' (C)
     Objects: 'DPre.o', 'ddp.o', 'lgm.o', 'mmC.o', 'mmCchol.o',
     'mmCmiar.o', 'mmCmvplusDP.o', 'mmCplusDP.o', 'mmI.o',
     'mmIgroup.o', 'mmIgroupDP.o', 'mmIplusDP.o', 'mmmult.o'
    
    Compiled code should not call entry points which might terminate R nor
    write to stdout/stderr instead of to the console, nor the system RNG.
    
    See 'Writing portable packages' in the 'Writing R Extensions' manual.
Flavors: r-devel-windows-ix86+x86_64, r-release-windows-ix86+x86_64, r-oldrel-windows-ix86+x86_64

Version: 0.2.3.9
Check: package dependencies
Result: ERROR
    Packages required but not available: ‘scales’ ‘ggplot2’
    
    See section ‘The DESCRIPTION file’ in the ‘Writing R Extensions’
    manual.
Flavor: r-release-osx-x86_64-snowleopard