CRAN Package Check Results for Package growcurves

Last updated on 2018-04-24 04:48:41 CEST.

Flavor Version Tinstall Tcheck Ttotal Status Flags
r-devel-linux-x86_64-debian-clang 0.2.4.1 229.29 127.61 356.90 NOTE
r-devel-linux-x86_64-debian-gcc 0.2.4.1 185.85 101.26 287.11 NOTE
r-devel-linux-x86_64-fedora-clang 0.2.4.1 493.50 NOTE
r-devel-linux-x86_64-fedora-gcc 0.2.4.1 437.80 NOTE
r-devel-windows-ix86+x86_64 0.2.4.1 527.00 236.00 763.00 OK
r-devel-osx-x86_64 0.2.4.1 NOTE
r-patched-linux-x86_64 0.2.4.1 230.83 132.93 363.76 NOTE
r-patched-solaris-x86 0.2.4.1 441.30 OK
r-release-linux-x86_64 0.2.4.1 231.72 133.97 365.69 NOTE
r-release-windows-ix86+x86_64 0.2.4.1 398.00 330.00 728.00 OK
r-release-osx-x86_64 0.2.4.1 NOTE
r-oldrel-windows-ix86+x86_64 0.2.4.1 408.00 297.00 705.00 OK

Check Details

Version: 0.2.4.1
Check: compiled code
Result: NOTE
    File ‘growcurves/libs/growcurves.so’:
     Found no calls to: ‘R_registerRoutines’, ‘R_useDynamicSymbols’
    
    It is good practice to register native routines and to disable symbol
    search.
    
    See ‘Writing portable packages’ in the ‘Writing R Extensions’ manual.
Flavors: r-devel-linux-x86_64-debian-clang, r-devel-linux-x86_64-debian-gcc, r-devel-linux-x86_64-fedora-clang, r-devel-linux-x86_64-fedora-gcc, r-patched-linux-x86_64, r-release-linux-x86_64

Version: 0.2.4.1
Check: installed package size
Result: NOTE
     installed size is 16.8Mb
     sub-directories of 1Mb or more:
     libs 16.2Mb
Flavors: r-devel-linux-x86_64-fedora-clang, r-devel-linux-x86_64-fedora-gcc, r-devel-osx-x86_64, r-release-osx-x86_64