CRAN Package Check Results for Package growcurves

Last updated on 2016-09-25 11:47:09.

Flavor Version Tinstall Tcheck Ttotal Status Flags
r-devel-linux-x86_64-debian-clang 0.2.4.0 140.49 84.39 224.88 NOTE
r-devel-linux-x86_64-debian-gcc 0.2.4.0 142.57 78.56 221.13 NOTE
r-devel-linux-x86_64-fedora-clang 0.2.4.0 442.63 NOTE
r-devel-linux-x86_64-fedora-gcc 0.2.4.0 423.88 NOTE
r-devel-macos-x86_64-clang 0.2.4.0 291.26 OK
r-devel-windows-ix86+x86_64 0.2.4.0 347.00 270.00 617.00 OK
r-patched-linux-x86_64 0.2.4.0 117.27 81.00 198.27 NOTE
r-patched-solaris-sparc 0.2.4.0 2467.90 OK
r-patched-solaris-x86 0.2.4.0 386.20 OK
r-release-linux-x86_64 0.2.4.0 117.97 81.11 199.08 NOTE
r-release-osx-x86_64-mavericks 0.2.4.0 NOTE
r-release-windows-ix86+x86_64 0.2.4.0 335.00 201.00 536.00 OK
r-oldrel-windows-ix86+x86_64 0.2.4.0 409.00 207.00 616.00 OK

Check Details

Version: 0.2.4.0
Check: installed package size
Result: NOTE
     installed size is 14.6Mb
     sub-directories of 1Mb or more:
     libs 14.1Mb
Flavors: r-devel-linux-x86_64-debian-clang, r-devel-linux-x86_64-debian-gcc, r-devel-linux-x86_64-fedora-clang, r-devel-linux-x86_64-fedora-gcc, r-patched-linux-x86_64, r-release-linux-x86_64, r-release-osx-x86_64-mavericks