CRAN Package Check Results for Package growcurves

Last updated on 2017-04-27 05:51:44.

Flavor Version Tinstall Tcheck Ttotal Status Flags
r-devel-linux-x86_64-debian-clang 0.2.4.1 141.83 92.27 234.10 NOTE
r-devel-linux-x86_64-debian-gcc 0.2.4.1 143.23 87.97 231.20 NOTE
r-devel-linux-x86_64-fedora-clang 0.2.4.1 463.84 NOTE --no-stop-on-test-error
r-devel-linux-x86_64-fedora-gcc 0.2.4.1 448.97 NOTE --no-stop-on-test-error
r-devel-windows-ix86+x86_64 0.2.4.1 359.00 314.00 673.00 OK
r-patched-linux-x86_64 0.2.4.1 118.06 87.54 205.60 NOTE
r-patched-solaris-sparc 0.2.4.1 2533.30 OK
r-patched-solaris-x86 0.2.4.1 419.00 OK
r-release-linux-x86_64 0.2.4.1 118.26 89.52 207.78 NOTE
r-release-windows-ix86+x86_64 0.2.4.1 376.00 258.00 634.00 OK
r-release-osx-x86_64 0.2.4.1 NOTE
r-oldrel-windows-ix86+x86_64 0.2.4.1 349.00 285.00 634.00 OK
r-oldrel-osx-x86_64 0.2.4.1 NOTE

Check Details

Version: 0.2.4.1
Check: compiled code
Result: NOTE
    File ‘growcurves/libs/growcurves.so’:
     Found no calls to: ‘R_registerRoutines’, ‘R_useDynamicSymbols’
    
    It is good practice to register native routines and to disable symbol
    search.
    
    See ‘Writing portable packages’ in the ‘Writing R Extensions’ manual.
Flavors: r-devel-linux-x86_64-debian-clang, r-devel-linux-x86_64-debian-gcc, r-patched-linux-x86_64, r-release-linux-x86_64

Version: 0.2.4.1
Flags: --no-stop-on-test-error
Check: installed package size
Result: NOTE
     installed size is 14.1Mb
     sub-directories of 1Mb or more:
     libs 13.6Mb
Flavors: r-devel-linux-x86_64-fedora-clang, r-devel-linux-x86_64-fedora-gcc

Version: 0.2.4.1
Flags: --no-stop-on-test-error
Check: compiled code
Result: NOTE
    File ‘growcurves/libs/growcurves.so’:
     Found no calls to: ‘R_registerRoutines’, ‘R_useDynamicSymbols’
    
    It is good practice to register native routines and to disable symbol
    search.
    
    See ‘Writing portable packages’ in the ‘Writing R Extensions’ manual.
Flavors: r-devel-linux-x86_64-fedora-clang, r-devel-linux-x86_64-fedora-gcc

Version: 0.2.4.1
Check: installed package size
Result: NOTE
     installed size is 9.5Mb
     sub-directories of 1Mb or more:
     libs 9.1Mb
Flavors: r-release-osx-x86_64, r-oldrel-osx-x86_64