CRAN Package Check Results for Package growcurves

Last updated on 2016-05-27 13:47:09.

Flavor Version Tinstall Tcheck Ttotal Status Flags
r-devel-linux-x86_64-debian-gcc 0.2.4.0 154.03 80.09 234.12 NOTE
r-devel-linux-x86_64-fedora-clang 0.2.4.0 430.99 NOTE
r-devel-linux-x86_64-fedora-gcc 0.2.4.0 385.74 NOTE
r-devel-osx-x86_64-clang 0.2.4.0 334.30 OK
r-devel-windows-ix86+x86_64 0.2.4.0 355.00 224.00 579.00 OK
r-patched-linux-x86_64 0.2.4.0 118.31 76.00 194.31 NOTE
r-patched-solaris-sparc 0.2.4.0 2429.00 OK
r-patched-solaris-x86 0.2.4.0 385.90 OK
r-release-linux-x86_64 0.2.4.0 119.28 79.58 198.87 NOTE
r-release-osx-x86_64-mavericks 0.2.4.0 NOTE
r-release-windows-ix86+x86_64 0.2.4.0 463.00 188.00 651.00 OK
r-oldrel-windows-ix86+x86_64 0.2.4.0 328.00 233.00 561.00 OK

Check Details

Version: 0.2.4.0
Check: installed package size
Result: NOTE
     installed size is 18.1Mb
     sub-directories of 1Mb or more:
     libs 17.6Mb
Flavors: r-devel-linux-x86_64-debian-gcc, r-devel-linux-x86_64-fedora-clang, r-devel-linux-x86_64-fedora-gcc, r-patched-linux-x86_64, r-release-linux-x86_64, r-release-osx-x86_64-mavericks