CRAN Package Check Results for Package growcurves

Last updated on 2017-10-17 03:48:45.

Flavor Version Tinstall Tcheck Ttotal Status Flags
r-devel-linux-x86_64-debian-clang 0.2.4.1 145.25 91.41 236.65 NOTE
r-devel-linux-x86_64-debian-gcc 0.2.4.1 159.28 98.28 257.56 NOTE
r-devel-linux-x86_64-fedora-clang 0.2.4.1 466.69 NOTE
r-devel-linux-x86_64-fedora-gcc 0.2.4.1 465.59 NOTE
r-devel-windows-ix86+x86_64 0.2.4.1 364.00 247.00 611.00 OK
r-patched-linux-x86_64 0.2.4.1 150.62 89.93 240.55 NOTE
r-patched-solaris-x86 0.2.4.1 450.90 OK
r-release-linux-x86_64 0.2.4.1 151.70 87.60 239.30 NOTE
r-release-windows-ix86+x86_64 0.2.4.1 503.00 308.00 811.00 OK
r-release-osx-x86_64 0.2.4.1 NOTE
r-oldrel-windows-ix86+x86_64 0.2.4.1 510.00 311.00 821.00 OK
r-oldrel-osx-x86_64 0.2.4.1 NOTE

Check Details

Version: 0.2.4.1
Check: compiled code
Result: NOTE
    File ‘growcurves/libs/growcurves.so’:
     Found no calls to: ‘R_registerRoutines’, ‘R_useDynamicSymbols’
    
    It is good practice to register native routines and to disable symbol
    search.
    
    See ‘Writing portable packages’ in the ‘Writing R Extensions’ manual.
Flavors: r-devel-linux-x86_64-debian-clang, r-devel-linux-x86_64-debian-gcc, r-devel-linux-x86_64-fedora-clang, r-devel-linux-x86_64-fedora-gcc, r-patched-linux-x86_64, r-release-linux-x86_64

Version: 0.2.4.1
Check: installed package size
Result: NOTE
     installed size is 15.5Mb
     sub-directories of 1Mb or more:
     libs 15.0Mb
Flavors: r-devel-linux-x86_64-fedora-clang, r-devel-linux-x86_64-fedora-gcc, r-release-osx-x86_64, r-oldrel-osx-x86_64