CRAN Package Check Results for Package growcurves

Last updated on 2016-07-23 23:48:04.

Flavor Version Tinstall Tcheck Ttotal Status Flags
r-devel-linux-x86_64-debian-clang 0.2.4.0 171.25 94.33 265.58 NOTE
r-devel-linux-x86_64-debian-gcc 0.2.4.0 172.46 90.68 263.15 NOTE
r-devel-linux-x86_64-fedora-clang 0.2.4.0 441.70 NOTE
r-devel-linux-x86_64-fedora-gcc 0.2.4.0 388.21 NOTE
r-devel-osx-x86_64-clang 0.2.4.0 313.08 OK
r-devel-windows-ix86+x86_64 0.2.4.0 480.00 214.00 694.00 OK
r-patched-linux-x86_64 0.2.4.0 134.54 85.48 220.02 NOTE
r-patched-solaris-sparc 0.2.4.0 2599.40 NOTE
r-patched-solaris-x86 0.2.4.0 386.70 OK
r-release-linux-x86_64 0.2.4.0 134.18 86.95 221.13 NOTE
r-release-osx-x86_64-mavericks 0.2.4.0 NOTE
r-release-windows-ix86+x86_64 0.2.4.0 372.00 210.00 582.00 OK
r-oldrel-windows-ix86+x86_64 0.2.4.0 418.00 232.00 650.00 OK

Check Details

Version: 0.2.4.0
Check: installed package size
Result: NOTE
     installed size is 14.6Mb
     sub-directories of 1Mb or more:
     libs 14.1Mb
Flavors: r-devel-linux-x86_64-debian-clang, r-devel-linux-x86_64-debian-gcc, r-devel-linux-x86_64-fedora-clang, r-devel-linux-x86_64-fedora-gcc, r-patched-linux-x86_64, r-patched-solaris-sparc, r-release-linux-x86_64, r-release-osx-x86_64-mavericks