CRAN Package Check Results for Package growcurves

Last updated on 2017-12-14 15:48:25 CET.

Flavor Version Tinstall Tcheck Ttotal Status Flags
r-devel-linux-x86_64-debian-clang 0.2.4.1 191.28 39.78 231.06 FAIL
r-devel-linux-x86_64-debian-gcc 0.2.4.1 170.72 34.85 205.57 FAIL
r-devel-linux-x86_64-fedora-clang 0.2.4.1 466.26 NOTE
r-devel-linux-x86_64-fedora-gcc 0.2.4.1 454.58 NOTE
r-devel-windows-ix86+x86_64 0.2.4.1 516.00 306.00 822.00 OK
r-patched-linux-x86_64 0.2.4.1 203.91 149.00 352.91 NOTE
r-patched-solaris-x86 0.2.4.1 460.90 OK
r-release-linux-x86_64 0.2.4.1 208.16 150.05 358.21 NOTE
r-release-windows-ix86+x86_64 0.2.4.1 356.00 225.00 581.00 OK
r-release-osx-x86_64 0.2.4.1 NOTE
r-oldrel-windows-ix86+x86_64 0.2.4.1 366.00 312.00 678.00 OK
r-oldrel-osx-x86_64 0.2.4.1 NOTE

Check Details

Version: 0.2.4.1
Check: pragmas in C/C++ headers and code
Result: FAIL
    
Flavors: r-devel-linux-x86_64-debian-clang, r-devel-linux-x86_64-debian-gcc

Version: 0.2.4.1
Check: installed package size
Result: NOTE
     installed size is 15.8Mb
     sub-directories of 1Mb or more:
     libs 15.3Mb
Flavors: r-devel-linux-x86_64-fedora-clang, r-devel-linux-x86_64-fedora-gcc, r-release-osx-x86_64, r-oldrel-osx-x86_64

Version: 0.2.4.1
Check: compiled code
Result: NOTE
    File ‘growcurves/libs/growcurves.so’:
     Found no calls to: ‘R_registerRoutines’, ‘R_useDynamicSymbols’
    
    It is good practice to register native routines and to disable symbol
    search.
    
    See ‘Writing portable packages’ in the ‘Writing R Extensions’ manual.
Flavors: r-devel-linux-x86_64-fedora-clang, r-devel-linux-x86_64-fedora-gcc, r-patched-linux-x86_64, r-release-linux-x86_64