CRAN Package Check Results for Package growcurves

Last updated on 2018-02-21 01:47:35 CET.

Flavor Version Tinstall Tcheck Ttotal Status Flags
r-devel-linux-x86_64-debian-clang 0.2.4.1 212.03 137.78 349.81 NOTE
r-devel-linux-x86_64-debian-gcc 0.2.4.1 178.92 101.69 280.61 NOTE
r-devel-linux-x86_64-fedora-clang 0.2.4.1 487.46 NOTE
r-devel-linux-x86_64-fedora-gcc 0.2.4.1 450.37 NOTE
r-devel-windows-ix86+x86_64 0.2.4.1 376.00 235.00 611.00 OK
r-patched-linux-x86_64 0.2.4.1 189.79 137.85 327.64 NOTE
r-patched-solaris-x86 0.2.4.1 439.90 OK
r-release-linux-x86_64 0.2.4.1 197.09 140.47 337.56 NOTE
r-release-windows-ix86+x86_64 0.2.4.1 523.00 327.00 850.00 OK
r-release-osx-x86_64 0.2.4.1 NOTE
r-oldrel-windows-ix86+x86_64 0.2.4.1 529.00 282.00 811.00 OK
r-oldrel-osx-x86_64 0.2.4.1 NOTE

Check Details

Version: 0.2.4.1
Check: compiled code
Result: NOTE
    File ‘growcurves/libs/growcurves.so’:
     Found no calls to: ‘R_registerRoutines’, ‘R_useDynamicSymbols’
    
    It is good practice to register native routines and to disable symbol
    search.
    
    See ‘Writing portable packages’ in the ‘Writing R Extensions’ manual.
Flavors: r-devel-linux-x86_64-debian-clang, r-devel-linux-x86_64-debian-gcc, r-devel-linux-x86_64-fedora-clang, r-devel-linux-x86_64-fedora-gcc, r-patched-linux-x86_64, r-release-linux-x86_64

Version: 0.2.4.1
Check: installed package size
Result: NOTE
     installed size is 16.5Mb
     sub-directories of 1Mb or more:
     libs 15.9Mb
Flavors: r-devel-linux-x86_64-fedora-clang, r-devel-linux-x86_64-fedora-gcc, r-release-osx-x86_64, r-oldrel-osx-x86_64