CRAN Package Check Results for Package growcurves

Last updated on 2017-08-17 03:48:53.

Flavor Version Tinstall Tcheck Ttotal Status Flags
r-devel-linux-x86_64-debian-clang 0.2.4.1 145.81 94.37 240.19 NOTE
r-devel-linux-x86_64-debian-gcc 0.2.4.1 151.75 91.04 242.79 NOTE
r-devel-linux-x86_64-fedora-clang 0.2.4.1 455.08 NOTE
r-devel-linux-x86_64-fedora-gcc 0.2.4.1 451.40 NOTE
r-devel-windows-ix86+x86_64 0.2.4.1 379.00 262.00 641.00 OK
r-patched-linux-x86_64 0.2.4.1 149.90 87.76 237.66 NOTE
r-patched-solaris-x86 0.2.4.1 437.40 OK
r-release-linux-x86_64 0.2.4.1 149.00 92.70 241.70 NOTE
r-release-windows-ix86+x86_64 0.2.4.1 379.00 238.00 617.00 OK
r-release-osx-x86_64 0.2.4.1 NOTE
r-oldrel-windows-ix86+x86_64 0.2.4.1 351.00 219.00 570.00 OK
r-oldrel-osx-x86_64 0.2.4.1 NOTE

Check Details

Version: 0.2.4.1
Check: compiled code
Result: NOTE
    File ‘growcurves/libs/growcurves.so’:
     Found no calls to: ‘R_registerRoutines’, ‘R_useDynamicSymbols’
    
    It is good practice to register native routines and to disable symbol
    search.
    
    See ‘Writing portable packages’ in the ‘Writing R Extensions’ manual.
Flavors: r-devel-linux-x86_64-debian-clang, r-devel-linux-x86_64-debian-gcc, r-devel-linux-x86_64-fedora-clang, r-devel-linux-x86_64-fedora-gcc, r-patched-linux-x86_64, r-release-linux-x86_64

Version: 0.2.4.1
Check: installed package size
Result: NOTE
     installed size is 15.4Mb
     sub-directories of 1Mb or more:
     libs 15.0Mb
Flavors: r-devel-linux-x86_64-fedora-clang, r-devel-linux-x86_64-fedora-gcc, r-release-osx-x86_64, r-oldrel-osx-x86_64