CRAN Package Check Results for Package growthrate

Last updated on 2014-07-22 11:51:19.

Flavor Version Tinstall Tcheck Ttotal Status Flags
r-devel-linux-x86_64-debian-clang 1.2 3.31 35.12 38.43 NOTE
r-devel-linux-x86_64-debian-gcc 1.2 3.22 34.51 37.72 NOTE
r-devel-linux-x86_64-fedora-clang 1.2 96.41 NOTE
r-devel-linux-x86_64-fedora-gcc 1.2 92.83 NOTE
r-devel-osx-x86_64-clang 1.2 75.34 NOTE
r-devel-windows-ix86+x86_64 1.2 10.00 51.00 61.00 NOTE
r-patched-linux-x86_64 1.2 3.54 35.10 38.64 NOTE
r-patched-solaris-sparc 1.2 498.30 NOTE
r-patched-solaris-x86 1.2 122.10 NOTE
r-release-linux-ix86 1.2 3.98 44.18 48.16 NOTE
r-release-linux-x86_64 1.2 3.34 35.65 38.99 NOTE
r-release-osx-x86_64-mavericks 1.2 NOTE
r-release-osx-x86_64-snowleopard 1.2 NOTE
r-release-windows-ix86+x86_64 1.2 10.00 49.00 59.00 NOTE
r-oldrel-windows-ix86+x86_64 1.2 10.00 48.00 58.00 NOTE

Check Details

Version: 1.2
Check: top-level files
Result: NOTE
    File
     LICENSE
    is not mentioned in the DESCRIPTION file.
Flavors: r-devel-linux-x86_64-debian-clang, r-devel-linux-x86_64-debian-gcc, r-devel-linux-x86_64-fedora-clang, r-devel-linux-x86_64-fedora-gcc, r-devel-osx-x86_64-clang, r-devel-windows-ix86+x86_64, r-patched-linux-x86_64, r-patched-solaris-sparc, r-patched-solaris-x86, r-release-linux-ix86, r-release-linux-x86_64, r-release-osx-x86_64-mavericks, r-release-osx-x86_64-snowleopard, r-release-windows-ix86+x86_64, r-oldrel-windows-ix86+x86_64

Version: 1.2
Check: dependencies in R code
Result: NOTE
    Packages in Depends field not imported from:
     ‘Matrix’ ‘clime’ ‘mvtnorm’
     These packages need to be imported from (in the NAMESPACE file)
     for when this namespace is loaded but not attached.
    See the information on DESCRIPTION files in the chapter ‘Creating R
    packages’ of the ‘Writing R Extensions’ manual.
Flavors: r-devel-linux-x86_64-debian-clang, r-devel-linux-x86_64-debian-gcc, r-devel-linux-x86_64-fedora-clang, r-devel-linux-x86_64-fedora-gcc, r-devel-osx-x86_64-clang, r-devel-windows-ix86+x86_64, r-patched-linux-x86_64, r-patched-solaris-sparc, r-patched-solaris-x86, r-release-linux-ix86, r-release-linux-x86_64, r-release-osx-x86_64-mavericks, r-release-windows-ix86+x86_64, r-oldrel-windows-ix86+x86_64