CRAN Package Check Results for Package grplasso

Last updated on 2015-03-28 05:49:30.

Flavor Version Tinstall Tcheck Ttotal Status Flags
r-devel-linux-x86_64-debian-clang 0.4-5 0.74 14.83 15.57 NOTE
r-devel-linux-x86_64-debian-gcc 0.4-5 0.71 15.24 15.95 NOTE
r-devel-linux-x86_64-fedora-clang 0.4-5 30.07 NOTE
r-devel-linux-x86_64-fedora-gcc 0.4-5 29.30 NOTE
r-devel-osx-x86_64-clang 0.4-5 36.40 NOTE
r-prerel-windows-ix86+x86_64 0.4-5 3.00 26.00 29.00 NOTE
r-prerel-linux-x86_64 0.4-5 0.70 14.65 15.35 NOTE
r-prerel-solaris-sparc 0.4-5 203.20 NOTE
r-prerel-solaris-x86 0.4-5 44.10 NOTE
r-release-linux-x86_64 0.4-5 0.68 16.64 17.32 OK
r-release-osx-x86_64-mavericks 0.4-5 OK
r-release-osx-x86_64-snowleopard 0.4-5 OK
r-release-windows-ix86+x86_64 0.4-5 4.00 29.00 33.00 OK
r-oldrel-windows-ix86+x86_64 0.4-5 4.00 29.00 33.00 OK

Check Details

Version: 0.4-5
Check: DESCRIPTION meta-information
Result: NOTE
    Malformed Description field: should contain one or more complete sentences.
Flavors: r-devel-linux-x86_64-debian-clang, r-devel-linux-x86_64-debian-gcc, r-devel-linux-x86_64-fedora-clang, r-devel-linux-x86_64-fedora-gcc, r-devel-osx-x86_64-clang, r-prerel-windows-ix86+x86_64, r-prerel-linux-x86_64, r-prerel-solaris-sparc, r-prerel-solaris-x86