CRAN Package Check Results for Package grplasso

Last updated on 2014-08-20 17:47:43.

Flavor Version Tinstall Tcheck Ttotal Status Flags
r-devel-linux-x86_64-debian-clang 0.4-4 0.83 15.76 16.59 OK
r-devel-linux-x86_64-debian-gcc 0.4-4 0.68 15.58 16.26 OK
r-devel-linux-x86_64-fedora-clang 0.4-4 33.59 OK
r-devel-linux-x86_64-fedora-gcc 0.4-4 17.14 OK
r-devel-osx-x86_64-clang 0.4-4 19.48 OK
r-devel-windows-ix86+x86_64 0.4-4 3.00 28.00 31.00 OK
r-patched-linux-x86_64 0.4-4 0.89 15.93 16.82 OK
r-patched-solaris-sparc 0.4-4 179.70 OK
r-patched-solaris-x86 0.4-4 39.20 OK
r-release-linux-ix86 0.4-3 1.00 23.32 24.32 NOTE
r-release-linux-x86_64 0.4-4 0.73 16.02 16.74 OK
r-release-osx-x86_64-mavericks 0.4-4 OK
r-release-windows-ix86+x86_64 0.4-4 2.00 29.00 31.00 OK
r-oldrel-windows-ix86+x86_64 0.4-4 3.00 36.00 39.00 OK

Check Details

Version: 0.4-3
Check: dependencies in R code
Result: NOTE
    'library' or 'require' call to ‘methods’ which was already attached by Depends.
     Please remove these calls from your code.
    Package in Depends field not imported from: ‘methods’
     These packages need to be imported from (in the NAMESPACE file)
     for when this namespace is loaded but not attached.
    See the information on DESCRIPTION files in the chapter ‘Creating R
    packages’ of the ‘Writing R Extensions’ manual.
Flavor: r-release-linux-ix86