CRAN Package Check Results for Package grplasso

Last updated on 2014-04-23 20:47:13.

Flavor Version Tinstall Tcheck Ttotal Status Flags
r-devel-linux-x86_64-debian-clang 0.4-3 0.72 16.41 17.13 NOTE
r-devel-linux-x86_64-debian-gcc 0.4-3 0.74 16.28 17.01 NOTE
r-devel-linux-x86_64-fedora-clang 0.4-3 33.41 NOTE
r-devel-linux-x86_64-fedora-gcc 0.4-3 31.84 NOTE
r-devel-osx-x86_64-clang 0.4-3 32.44 NOTE
r-devel-osx-x86_64-gcc 0.4-3 NOTE
r-devel-windows-ix86+x86_64 0.4-3 2.00 25.00 27.00 NOTE
r-patched-linux-x86_64 0.4-3 0.74 16.14 16.88 NOTE
r-patched-solaris-sparc 0.4-3 192.50 NOTE
r-patched-solaris-x86 0.4-3 49.50 NOTE
r-release-linux-ix86 0.4-3 1.00 32.00 33.00 NOTE
r-release-linux-x86_64 0.4-3 0.70 16.49 17.19 NOTE
r-release-osx-x86_64-mavericks 0.4-3 NOTE
r-release-windows-ix86+x86_64 0.4-3 5.00 35.00 40.00 NOTE
r-oldrel-windows-ix86+x86_64 0.4-3 2.00 28.00 30.00 NOTE

Check Details

Version: 0.4-3
Check: dependencies in R code
Result: NOTE
    'library' or 'require' call to ‘methods’ which was already attached by Depends.
     Please remove these calls from your code.
    Package in Depends field not imported from: ‘methods’
     These packages need to be imported from (in the NAMESPACE file)
     for when this namespace is loaded but not attached.
    See the information on DESCRIPTION files in the chapter ‘Creating R
    packages’ of the ‘Writing R Extensions’ manual.
Flavors: r-devel-linux-x86_64-debian-clang, r-devel-linux-x86_64-debian-gcc, r-devel-linux-x86_64-fedora-clang, r-devel-linux-x86_64-fedora-gcc, r-devel-osx-x86_64-clang, r-devel-osx-x86_64-gcc, r-devel-windows-ix86+x86_64, r-patched-linux-x86_64, r-patched-solaris-sparc, r-patched-solaris-x86, r-release-linux-ix86, r-release-linux-x86_64, r-release-osx-x86_64-mavericks, r-release-windows-ix86+x86_64, r-oldrel-windows-ix86+x86_64