CRAN Package Check Results for Package grplasso

Last updated on 2015-04-27 23:47:26.

Flavor Version Tinstall Tcheck Ttotal Status Flags
r-devel-linux-x86_64-debian-clang 0.4-5 0.84 15.76 16.60 NOTE
r-devel-linux-x86_64-debian-gcc 0.4-5 0.86 15.96 16.82 NOTE
r-devel-linux-x86_64-fedora-clang 0.4-5 30.91 NOTE
r-devel-linux-x86_64-fedora-gcc 0.4-5 29.59 NOTE
r-devel-osx-x86_64-clang 0.4-5 31.82 NOTE
r-devel-windows-ix86+x86_64 0.4-5 3.00 25.00 28.00 NOTE
r-patched-linux-x86_64 0.4-5 0.65 15.13 15.78 NOTE
r-patched-solaris-sparc 0.4-5 203.20 NOTE
r-patched-solaris-x86 0.4-5 46.00 NOTE
r-release-linux-x86_64 0.4-5 0.64 15.01 15.66 NOTE
r-release-osx-x86_64-mavericks 0.4-5 NOTE
r-release-osx-x86_64-snowleopard 0.4-5 NOTE
r-release-windows-ix86+x86_64 0.4-5 2.00 29.00 31.00 NOTE
r-oldrel-windows-ix86+x86_64 0.4-5 4.00 29.00 33.00 OK

Check Details

Version: 0.4-5
Check: DESCRIPTION meta-information
Result: NOTE
    Malformed Description field: should contain one or more complete sentences.
Flavors: r-devel-linux-x86_64-debian-clang, r-devel-linux-x86_64-debian-gcc, r-devel-linux-x86_64-fedora-clang, r-devel-linux-x86_64-fedora-gcc, r-devel-osx-x86_64-clang, r-devel-windows-ix86+x86_64, r-patched-solaris-sparc, r-patched-solaris-x86, r-release-linux-x86_64, r-release-osx-x86_64-mavericks, r-release-osx-x86_64-snowleopard, r-release-windows-ix86+x86_64