CRAN Package Check Results for Package grplasso

Last updated on 2015-05-30 23:46:57.

Flavor Version Tinstall Tcheck Ttotal Status Flags
r-devel-linux-x86_64-debian-clang 0.4-5 0.65 15.67 16.32 NOTE
r-devel-linux-x86_64-debian-gcc 0.4-5 0.64 14.71 15.36 NOTE
r-devel-linux-x86_64-fedora-clang 0.4-5 29.98 NOTE
r-devel-linux-x86_64-fedora-gcc 0.4-5 29.23 NOTE
r-devel-osx-x86_64-clang 0.4-5 32.06 NOTE
r-devel-windows-ix86+x86_64 0.4-5 3.00 26.00 29.00 NOTE
r-patched-linux-x86_64 0.4-5 0.64 14.66 15.31 NOTE
r-patched-solaris-sparc 0.4-5 198.80 NOTE
r-patched-solaris-x86 0.4-5 45.50 NOTE
r-release-linux-x86_64 0.4-5 0.65 14.83 15.48 NOTE
r-release-osx-x86_64-mavericks 0.4-5 NOTE
r-release-osx-x86_64-snowleopard 0.4-5 NOTE
r-release-windows-ix86+x86_64 0.4-5 2.00 29.00 31.00 NOTE
r-oldrel-windows-ix86+x86_64 0.4-5 4.00 29.00 33.00 OK

Check Details

Version: 0.4-5
Check: DESCRIPTION meta-information
Result: NOTE
    Malformed Description field: should contain one or more complete sentences.
Flavors: r-devel-linux-x86_64-debian-clang, r-devel-linux-x86_64-debian-gcc, r-devel-linux-x86_64-fedora-clang, r-devel-linux-x86_64-fedora-gcc, r-devel-osx-x86_64-clang, r-devel-windows-ix86+x86_64, r-patched-linux-x86_64, r-patched-solaris-sparc, r-patched-solaris-x86, r-release-linux-x86_64, r-release-osx-x86_64-mavericks, r-release-osx-x86_64-snowleopard, r-release-windows-ix86+x86_64