CRAN Package Check Results for Package grplasso

Last updated on 2015-07-04 16:46:25.

Flavor Version Tinstall Tcheck Ttotal Status Flags
r-devel-linux-x86_64-debian-clang 0.4-5 0.82 14.34 15.16 NOTE
r-devel-linux-x86_64-debian-gcc 0.4-5 0.66 15.22 15.88 NOTE
r-devel-linux-x86_64-fedora-clang 0.4-5 28.77 NOTE
r-devel-linux-x86_64-fedora-gcc 0.4-5 28.04 NOTE
r-devel-osx-x86_64-clang 0.4-5 28.16 NOTE
r-devel-windows-ix86+x86_64 0.4-5 5.00 43.00 48.00 NOTE
r-patched-linux-x86_64 0.4-5 0.63 15.01 15.64 NOTE
r-patched-solaris-sparc 0.4-5 198.80 NOTE
r-patched-solaris-x86 0.4-5 45.70 NOTE
r-release-linux-x86_64 0.4-5 0.71 14.92 15.63 NOTE
r-release-osx-x86_64-mavericks 0.4-5 NOTE
r-release-windows-ix86+x86_64 0.4-5 3.00 25.00 28.00 NOTE
r-oldrel-windows-ix86+x86_64 0.4-5 4.00 29.00 33.00 OK

Check Details

Version: 0.4-5
Check: DESCRIPTION meta-information
Result: NOTE
    Malformed Description field: should contain one or more complete sentences.
Flavors: r-devel-linux-x86_64-debian-clang, r-devel-linux-x86_64-debian-gcc, r-devel-linux-x86_64-fedora-clang, r-devel-linux-x86_64-fedora-gcc, r-devel-osx-x86_64-clang, r-devel-windows-ix86+x86_64, r-patched-linux-x86_64, r-patched-solaris-sparc, r-patched-solaris-x86, r-release-linux-x86_64, r-release-osx-x86_64-mavericks, r-release-windows-ix86+x86_64

Version: 0.4-5
Check: R code for possible problems
Result: NOTE
    [.grplasso: no visible global function definition for ‘coef’
    [.grplasso: no visible global function definition for ‘fitted’
    create.design: no visible global function definition for ‘as.formula’
    create.design: no visible global function definition for ‘model.matrix’
    create.design: no visible global function definition for
     ‘model.response’
    create.design: no visible global function definition for
     ‘model.weights’
    create.design: no visible global function definition for ‘model.offset’
    create.design: no visible global function definition for ‘terms’
    grplasso.formula: no visible global function definition for
     ‘.getXlevels’
    lambdamax.default: no visible binding for global variable ‘nlminb’
    plot.grplasso: no visible global function definition for ‘na.omit’
    plot.grplasso: no visible global function definition for ‘matplot’
    plot.grplasso: no visible global function definition for ‘coef’
    plot.grplasso: no visible global function definition for ‘axis’
    predict.grplasso: no visible binding for global variable ‘na.pass’
    predict.grplasso: no visible global function definition for ‘fitted’
    predict.grplasso: no visible global function definition for ‘napredict’
    predict.grplasso: no visible global function definition for
     ‘delete.response’
    predict.grplasso: no visible global function definition for
     ‘model.frame’
    predict.grplasso: no visible global function definition for
     ‘.checkMFClasses’
    predict.grplasso: no visible global function definition for
     ‘model.matrix’
    predict.grplasso: no visible global function definition for ‘coef’
    print.grplasso: no visible global function definition for ‘na.omit’
    Undefined global functions or variables:
     .checkMFClasses .getXlevels as.formula axis coef delete.response
     fitted matplot model.frame model.matrix model.offset model.response
     model.weights na.omit na.pass napredict nlminb terms
Flavors: r-devel-linux-x86_64-debian-clang, r-devel-linux-x86_64-debian-gcc, r-devel-linux-x86_64-fedora-clang, r-devel-linux-x86_64-fedora-gcc