CRAN Package Check Results for Package grpreg

Last updated on 2014-04-24 07:52:28.

Flavor Version Tinstall Tcheck Ttotal Status Flags
r-devel-linux-x86_64-debian-clang 2.6-0 4.57 43.48 48.05 OK
r-devel-linux-x86_64-debian-gcc 2.6-0 4.98 42.78 47.76 OK
r-devel-linux-x86_64-fedora-clang 2.6-0 107.70 OK
r-devel-linux-x86_64-fedora-gcc 2.6-0 106.87 OK
r-devel-osx-x86_64-clang 2.6-0 78.67 OK
r-devel-osx-x86_64-gcc 2.6-0 OK
r-devel-windows-ix86+x86_64 2.6-0 17.00 82.00 99.00 OK
r-patched-linux-x86_64 2.6-0 5.00 42.46 47.46 OK
r-patched-solaris-sparc 2.6-0 548.10 OK
r-patched-solaris-x86 2.6-0 145.10 OK
r-release-linux-ix86 2.6-0 7.00 70.00 77.00 OK
r-release-linux-x86_64 2.6-0 5.06 43.62 48.68 OK
r-release-osx-x86_64-mavericks 2.6-0 WARN
r-release-osx-x86_64-snowleopard 2.6-0 OK
r-release-windows-ix86+x86_64 2.6-0 16.00 75.00 91.00 OK
r-oldrel-windows-ix86+x86_64 2.6-0 17.00 76.00 93.00 OK

Check Details

Version: 2.6-0
Check: PDF version of manual
Result: WARNING
    LaTeX errors when creating PDF version.
    This typically indicates Rd problems.
    LaTeX errors found:
    ! LaTeX Error: File `upquote.sty' not found.
    
    Type X to quit or <RETURN> to proceed,
    or enter new name. (Default extension: sty)
    
    88d3abd/Rd2.tex:8: ==> Fatal error occurred, no output PDF file produced!
Flavor: r-release-osx-x86_64-mavericks