CRAN Package Check Results for Package grpreg

Last updated on 2017-03-29 22:47:05.

Flavor Version Tinstall Tcheck Ttotal Status Flags
r-devel-linux-x86_64-debian-clang 3.0-2 6.42 50.69 57.11 NOTE
r-devel-linux-x86_64-debian-gcc 3.0-2 6.10 48.43 54.52 NOTE
r-devel-linux-x86_64-fedora-clang 3.0-2 130.28 NOTE --no-stop-on-test-error
r-devel-linux-x86_64-fedora-gcc 3.0-2 130.80 NOTE --no-stop-on-test-error
r-devel-macos-x86_64-clang 3.0-2 91.56 NOTE --no-stop-on-test-error
r-devel-windows-ix86+x86_64 3.0-2 26.00 132.00 158.00 OK
r-patched-linux-x86_64 3.0-2 5.88 53.19 59.06 NOTE
r-patched-solaris-sparc 3.0-2 706.30 OK
r-patched-solaris-x86 3.0-2 173.40 OK
r-release-linux-x86_64 3.0-2 5.89 41.43 47.32 OK
r-release-osx-x86_64-mavericks 3.0-2 OK
r-release-windows-ix86+x86_64 3.0-2 29.00 144.00 173.00 OK
r-oldrel-windows-ix86+x86_64 3.0-2 46.00 118.00 164.00 OK

Check Details

Version: 3.0-2
Check: compiled code
Result: NOTE
    File ‘grpreg/libs/grpreg.so’:
     Found no call to: ‘R_useDynamicSymbols’
    
    It is good practice to register native routines and to disable symbol
    search.
    
    See ‘Writing portable packages’ in the ‘Writing R Extensions’ manual.
Flavors: r-devel-linux-x86_64-debian-clang, r-devel-linux-x86_64-debian-gcc, r-patched-linux-x86_64

Version: 3.0-2
Flags: --no-stop-on-test-error
Check: compiled code
Result: NOTE
    File ‘grpreg/libs/grpreg.so’:
     Found no call to: ‘R_useDynamicSymbols’
    
    It is good practice to register native routines and to disable symbol
    search.
    
    See ‘Writing portable packages’ in the ‘Writing R Extensions’ manual.
Flavors: r-devel-linux-x86_64-fedora-clang, r-devel-linux-x86_64-fedora-gcc, r-devel-macos-x86_64-clang