CRAN Package Check Results for Package grpreg

Last updated on 2017-01-16 15:50:50.

Flavor Version Tinstall Tcheck Ttotal Status Flags
r-devel-linux-x86_64-debian-clang 3.0-2 6.08 51.11 57.19 OK
r-devel-linux-x86_64-debian-gcc 3.0-2 6.28 50.72 57.00 OK
r-devel-linux-x86_64-fedora-clang 3.0-2 118.18 OK --no-stop-on-test-error
r-devel-linux-x86_64-fedora-gcc 3.0-2 112.53 NOTE --no-stop-on-test-error
r-devel-macos-x86_64-clang 3.0-2 88.21 OK --no-stop-on-test-error
r-devel-windows-ix86+x86_64 3.0-2 26.00 128.00 154.00 OK
r-patched-linux-x86_64 3.0-2 5.64 43.58 49.22 OK
r-patched-solaris-sparc 3.0-2 599.90 OK
r-patched-solaris-x86 3.0-2 134.00 OK
r-release-linux-x86_64 3.0-2 5.57 44.20 49.77 OK
r-release-osx-x86_64-mavericks 3.0-2 OK
r-release-windows-ix86+x86_64 3.0-2 35.00 115.00 150.00 OK
r-oldrel-windows-ix86+x86_64 3.0-2 29.00 156.00 185.00 OK

Check Details

Version: 3.0-2
Flags: --no-stop-on-test-error
Check: compiled code
Result: NOTE
    File ‘grpreg/libs/grpreg.so’:
     Found no call to: ‘R_useDynamicSymbols’
    
    It is good practice to use registered native symbols and disable symbol
    search.
    
    See ‘Writing portable packages’ in the ‘Writing R Extensions’ manual.
Flavor: r-devel-linux-x86_64-fedora-gcc