CRAN Package Check Results for Package grpreg

Last updated on 2015-07-04 06:47:33.

Flavor Version Tinstall Tcheck Ttotal Status Flags
r-devel-linux-x86_64-debian-clang 2.8-1 4.68 35.18 39.87 NOTE
r-devel-linux-x86_64-debian-gcc 2.8-1 5.22 34.75 39.97 NOTE
r-devel-linux-x86_64-fedora-clang 2.8-1 79.72 NOTE
r-devel-linux-x86_64-fedora-gcc 2.8-1 78.11 NOTE
r-devel-osx-x86_64-clang 2.8-1 66.72 OK
r-devel-windows-ix86+x86_64 2.8-1 30.00 82.00 112.00 NOTE
r-patched-linux-x86_64 2.8-1 5.06 35.63 40.69 OK
r-patched-solaris-sparc 2.8-1 449.50 OK
r-patched-solaris-x86 2.8-1 122.70 OK
r-release-linux-x86_64 2.8-1 5.18 36.74 41.92 OK
r-release-osx-x86_64-mavericks 2.8-1 OK
r-release-windows-ix86+x86_64 2.8-1 24.00 71.00 95.00 OK
r-oldrel-windows-ix86+x86_64 2.8-1 20.00 80.00 100.00 OK

Check Details

Version: 2.8-1
Check: R code for possible problems
Result: NOTE
    calcNullDev: no visible global function definition for ‘formula’
    calcNullDev: no visible global function definition for ‘glm’
    coef.grpreg: no visible global function definition for ‘approx’
    cv.grpreg: no visible binding for global variable ‘sd’
    gBridge: no visible global function definition for ‘relevel’
    grpreg: no visible global function definition for ‘relevel’
    plot.cv.grpreg : <anonymous>: no visible global function definition for
     ‘binom.test’
    plot.cv.grpreg: no visible global function definition for ‘abline’
    plot.cv.grpreg: no visible global function definition for ‘arrows’
    plot.cv.grpreg: no visible global function definition for ‘points’
    plot.cv.grpreg: no visible global function definition for ‘axis’
    plot.cv.grpreg: no visible global function definition for ‘mtext’
    plot.grpreg: no visible global function definition for ‘par’
    plot.grpreg: no visible binding for global variable ‘plot.default’
    plot.grpreg: no visible global function definition for ‘mtext’
    plot.grpreg: no visible global function definition for ‘abline’
    plot.grpreg: no visible global function definition for ‘hcl’
    plot.grpreg: no visible binding for global variable ‘legend’
    print.grpreg: no visible global function definition for ‘str’
    select.grpreg: no visible global function definition for ‘AIC’
    select.grpreg: no visible global function definition for ‘BIC’
    select.grpreg: no visible global function definition for
     ‘smooth.spline’
    setupLambda: no visible global function definition for ‘glm’
    setupLambda: no visible global function definition for ‘residuals’
    setupLambda.gBridge: no visible global function definition for ‘glm’
    setupLambda.gBridge: no visible global function definition for
     ‘residuals’
    show.grpreg: no visible global function definition for ‘str’
    Undefined global functions or variables:
     AIC BIC abline approx arrows axis binom.test formula glm hcl legend
     mtext par plot.default points relevel residuals sd smooth.spline str
Flavors: r-devel-linux-x86_64-debian-clang, r-devel-linux-x86_64-debian-gcc, r-devel-linux-x86_64-fedora-clang, r-devel-linux-x86_64-fedora-gcc, r-devel-windows-ix86+x86_64