CRAN Package Check Results for Package grr

Last updated on 2019-06-17 10:48:14 CEST.

Flavor Version Tinstall Tcheck Ttotal Status Flags
r-devel-linux-x86_64-debian-clang 0.9.5 4.12 33.42 37.54 OK
r-devel-linux-x86_64-debian-gcc 0.9.5 3.06 26.76 29.82 OK
r-devel-linux-x86_64-fedora-clang 0.9.5 43.28 NOTE
r-devel-linux-x86_64-fedora-gcc 0.9.5 42.75 NOTE
r-devel-windows-ix86+x86_64 0.9.5 11.00 75.00 86.00 OK
r-patched-linux-x86_64 0.9.5 3.35 32.44 35.79 OK
r-patched-solaris-x86 0.9.5 80.30 OK
r-release-linux-x86_64 0.9.5 3.44 32.34 35.78 OK
r-release-windows-ix86+x86_64 0.9.5 11.00 97.00 108.00 OK
r-release-osx-x86_64 0.9.5 OK
r-oldrel-windows-ix86+x86_64 0.9.5 8.00 65.00 73.00 OK
r-oldrel-osx-x86_64 0.9.5 OK

Check Details

Version: 0.9.5
Check: compiled code
Result: NOTE
    File ‘grr/libs/grr.so’:
     Found no calls to: ‘R_registerRoutines’, ‘R_useDynamicSymbols’
    
    It is good practice to register native routines and to disable symbol
    search.
    
    See ‘Writing portable packages’ in the ‘Writing R Extensions’ manual.
Flavors: r-devel-linux-x86_64-fedora-clang, r-devel-linux-x86_64-fedora-gcc