CRAN Package Check Results for Package grr

Last updated on 2019-03-26 19:47:08 CET.

Flavor Version Tinstall Tcheck Ttotal Status Flags
r-devel-linux-x86_64-debian-clang 0.9.5 3.95 32.86 36.81 OK
r-devel-linux-x86_64-debian-gcc 0.9.5 2.95 26.57 29.52 OK
r-devel-linux-x86_64-fedora-clang 0.9.5 44.57 NOTE
r-devel-linux-x86_64-fedora-gcc 0.9.5 41.82 NOTE
r-devel-windows-ix86+x86_64 0.9.5 17.00 95.00 112.00 OK
r-patched-linux-x86_64 0.9.5 3.21 30.89 34.10 OK
r-patched-solaris-x86 0.9.5 76.20 OK
r-release-linux-x86_64 0.9.5 2.67 30.58 33.25 OK
r-release-windows-ix86+x86_64 0.9.5 8.00 65.00 73.00 OK
r-release-osx-x86_64 0.9.5 OK
r-oldrel-windows-ix86+x86_64 0.9.5 10.00 85.00 95.00 OK
r-oldrel-osx-x86_64 0.9.5 OK

Check Details

Version: 0.9.5
Check: compiled code
Result: NOTE
    File ‘grr/libs/grr.so’:
     Found no calls to: ‘R_registerRoutines’, ‘R_useDynamicSymbols’
    
    It is good practice to register native routines and to disable symbol
    search.
    
    See ‘Writing portable packages’ in the ‘Writing R Extensions’ manual.
Flavors: r-devel-linux-x86_64-fedora-clang, r-devel-linux-x86_64-fedora-gcc