CRAN Package Check Results for Package grt

Last updated on 2016-02-11 09:50:22.

Flavor Version Tinstall Tcheck Ttotal Status Flags
r-devel-linux-x86_64-debian-gcc 0.2 1.03 22.18 23.21 NOTE
r-devel-linux-x86_64-fedora-clang 0.2 42.73 NOTE
r-devel-linux-x86_64-fedora-gcc 0.2 41.75 NOTE
r-devel-osx-x86_64-clang 0.2 46.62 NOTE
r-devel-windows-ix86+x86_64 0.2 8.00 62.00 70.00 OK
r-patched-linux-x86_64 0.2 1.04 23.70 24.74 NOTE
r-patched-solaris-sparc 0.2 267.10 NOTE
r-patched-solaris-x86 0.2 57.70 NOTE
r-release-linux-x86_64 0.2 1.00 23.77 24.77 NOTE
r-release-osx-x86_64-mavericks 0.2 OK
r-release-windows-ix86+x86_64 0.2 7.00 56.00 63.00 OK
r-oldrel-windows-ix86+x86_64 0.2 7.00 71.00 78.00 OK

Check Details

Version: 0.2
Check: S3 generic/method consistency
Result: NOTE
    Found the following apparent S3 methods exported but not registered:
     extractAIC.gcjc extractAIC.grg mcovs.default
    See section ‘Registering S3 methods’ in the ‘Writing R Extensions’
    manual.
Flavors: r-devel-linux-x86_64-debian-gcc, r-devel-linux-x86_64-fedora-clang, r-devel-linux-x86_64-fedora-gcc, r-devel-osx-x86_64-clang, r-patched-linux-x86_64, r-patched-solaris-sparc, r-patched-solaris-x86, r-release-linux-x86_64