CRAN Package Check Results for Package grt

Last updated on 2015-03-03 03:48:55.

Flavor Version Tinstall Tcheck Ttotal Status Flags
r-devel-linux-x86_64-debian-clang 0.2 1.06 23.48 24.55 NOTE
r-devel-linux-x86_64-debian-gcc 0.2 0.96 22.79 23.76 NOTE
r-devel-linux-x86_64-fedora-clang 0.2 48.58 NOTE
r-devel-linux-x86_64-fedora-gcc 0.2 46.40 NOTE
r-devel-osx-x86_64-clang 0.2 47.72 NOTE
r-devel-windows-ix86+x86_64 0.2 9.00 54.00 63.00 OK
r-patched-linux-x86_64 0.2 1.13 28.20 29.33 OK
r-patched-solaris-sparc 0.2 314.70 OK
r-patched-solaris-x86 0.2 76.60 OK
r-release-linux-ix86 0.2 1.49 39.36 40.85 OK
r-release-linux-x86_64 0.2 1.08 27.40 28.49 OK
r-release-osx-x86_64-mavericks 0.2 OK
r-release-osx-x86_64-snowleopard 0.2 OK
r-release-windows-ix86+x86_64 0.2 8.00 45.00 53.00 OK
r-oldrel-windows-ix86+x86_64 0.2 5.00 46.00 51.00 OK

Check Details

Version: 0.2
Check: S3 generic/method consistency
Result: NOTE
    Found the following apparent S3 methods exported but not registered:
     extractAIC.gcjc extractAIC.grg mcovs.default
    See section ‘Registering S3 methods’ in the ‘Writing R Extensions’
    manual.
Flavors: r-devel-linux-x86_64-debian-clang, r-devel-linux-x86_64-debian-gcc, r-devel-linux-x86_64-fedora-clang, r-devel-linux-x86_64-fedora-gcc, r-devel-osx-x86_64-clang