CRAN Package Check Results for Package grt

Last updated on 2015-08-30 23:47:43.

Flavor Version Tinstall Tcheck Ttotal Status Flags
r-devel-linux-x86_64-debian-clang 0.2 0.92 23.43 24.35 NOTE
r-devel-linux-x86_64-debian-gcc 0.2 1.00 22.41 23.41 NOTE
r-devel-linux-x86_64-fedora-clang 0.2 42.99 NOTE
r-devel-linux-x86_64-fedora-gcc 0.2 42.92 NOTE
r-devel-osx-x86_64-clang 0.2 40.34 NOTE
r-devel-windows-ix86+x86_64 0.2 7.00 43.00 50.00 OK
r-patched-linux-x86_64 0.2 0.97 23.65 24.62 NOTE
r-patched-solaris-sparc 0.2 291.20 NOTE
r-patched-solaris-x86 0.2 74.40 NOTE
r-release-linux-x86_64 0.2 0.97 24.70 25.67 NOTE
r-release-osx-x86_64-mavericks 0.2 OK
r-release-windows-ix86+x86_64 0.2 7.00 68.00 75.00 OK
r-oldrel-windows-ix86+x86_64 0.2 6.00 63.00 69.00 OK

Check Details

Version: 0.2
Check: S3 generic/method consistency
Result: NOTE
    Found the following apparent S3 methods exported but not registered:
     extractAIC.gcjc extractAIC.grg mcovs.default
    See section ‘Registering S3 methods’ in the ‘Writing R Extensions’
    manual.
Flavors: r-devel-linux-x86_64-debian-clang, r-devel-linux-x86_64-debian-gcc, r-devel-linux-x86_64-fedora-clang, r-devel-linux-x86_64-fedora-gcc, r-devel-osx-x86_64-clang, r-patched-linux-x86_64, r-patched-solaris-sparc, r-patched-solaris-x86, r-release-linux-x86_64