CRAN Package Check Results for Package grt

Last updated on 2015-07-05 14:46:33.

Flavor Version Tinstall Tcheck Ttotal Status Flags
r-devel-linux-x86_64-debian-clang 0.2 0.94 23.17 24.11 NOTE
r-devel-linux-x86_64-debian-gcc 0.2 0.95 22.72 23.67 NOTE
r-devel-linux-x86_64-fedora-clang 0.2 45.91 NOTE
r-devel-linux-x86_64-fedora-gcc 0.2 44.93 NOTE
r-devel-osx-x86_64-clang 0.2 41.34 NOTE
r-devel-windows-ix86+x86_64 0.2 4.00 62.00 66.00 OK
r-patched-linux-x86_64 0.2 0.96 23.16 24.12 NOTE
r-patched-solaris-sparc 0.2 293.30 NOTE
r-patched-solaris-x86 0.2 68.90 NOTE
r-release-linux-x86_64 0.2 0.94 23.59 24.53 NOTE
r-release-osx-x86_64-mavericks 0.2 OK
r-release-windows-ix86+x86_64 0.2 6.00 44.00 50.00 OK
r-oldrel-windows-ix86+x86_64 0.2 8.00 46.00 54.00 OK

Check Details

Version: 0.2
Check: S3 generic/method consistency
Result: NOTE
    Found the following apparent S3 methods exported but not registered:
     extractAIC.gcjc extractAIC.grg mcovs.default
    See section ‘Registering S3 methods’ in the ‘Writing R Extensions’
    manual.
Flavors: r-devel-linux-x86_64-debian-clang, r-devel-linux-x86_64-debian-gcc, r-devel-linux-x86_64-fedora-clang, r-devel-linux-x86_64-fedora-gcc, r-devel-osx-x86_64-clang, r-patched-linux-x86_64, r-patched-solaris-sparc, r-patched-solaris-x86, r-release-linux-x86_64