CRAN Package Check Results for Package grt

Last updated on 2015-05-23 11:51:22.

Flavor Version Tinstall Tcheck Ttotal Status Flags
r-devel-linux-x86_64-debian-clang 0.2 1.01 24.09 25.10 NOTE
r-devel-linux-x86_64-debian-gcc 0.2 0.94 23.65 24.60 NOTE
r-devel-linux-x86_64-fedora-clang 0.2 47.64 NOTE
r-devel-linux-x86_64-fedora-gcc 0.2 46.57 NOTE
r-devel-osx-x86_64-clang 0.2 46.31 NOTE
r-devel-windows-ix86+x86_64 0.2 4.00 40.00 44.00 OK
r-patched-linux-x86_64 0.2 1.06 23.77 24.83 NOTE
r-patched-solaris-sparc 0.2 293.30 NOTE
r-patched-solaris-x86 0.2 70.80 NOTE
r-release-linux-x86_64 0.2 1.03 23.67 24.70 NOTE
r-release-osx-x86_64-mavericks 0.2 OK
r-release-osx-x86_64-snowleopard 0.2 ERROR
r-release-windows-ix86+x86_64 0.2 5.00 37.00 42.00 OK
r-oldrel-windows-ix86+x86_64 0.2 6.00 46.00 52.00 OK

Check Details

Version: 0.2
Check: S3 generic/method consistency
Result: NOTE
    Found the following apparent S3 methods exported but not registered:
     extractAIC.gcjc extractAIC.grg mcovs.default
    See section ‘Registering S3 methods’ in the ‘Writing R Extensions’
    manual.
Flavors: r-devel-linux-x86_64-debian-clang, r-devel-linux-x86_64-debian-gcc, r-devel-linux-x86_64-fedora-clang, r-devel-linux-x86_64-fedora-gcc, r-devel-osx-x86_64-clang, r-patched-linux-x86_64, r-patched-solaris-sparc, r-patched-solaris-x86, r-release-linux-x86_64

Version: 0.2
Check: examples
Result: ERROR
    Running examples in ‘grt-Ex.R’ failed
    The error most likely occurred in:
    
    > ### Name: plot3d.glc
    > ### Title: plot3d Method for Class 'glc'
    > ### Aliases: plot3d.glc
    > ### Keywords: multivariate
    >
    > ### ** Examples
    >
    > data(subjdemo_3d)
    > fit.3dl <- glc(response ~ x + y + z, data=subjdemo_3d,
    + category=subjdemo_3d$category, zlimit=7)
    > plot3d(fit.3dl)
    Fri Mar 20 18:23:10 hagal.research.att.com R[33364] <Error>: unknown error code: invalid pixel format
    Fri Mar 20 18:23:10 hagal.research.att.com R[33364] <Error>: kCGErrorFailure: Set a breakpoint @ CGErrorBreakpoint() to catch errors as they are logged.
    X Error of failed request: GLXBadContext
     Major opcode of failed request: 0 ()
     Serial number of failed request: 27
     Current serial number in output stream: 27
Flavor: r-release-osx-x86_64-snowleopard