CRAN Package Check Results for Package grt

Last updated on 2014-10-23 00:47:59.

Flavor Version Tinstall Tcheck Ttotal Status Flags
r-devel-linux-x86_64-debian-clang 0.2 1.16 25.78 26.93 OK
r-devel-linux-x86_64-debian-gcc 0.2 1.54 26.04 27.58 OK
r-devel-linux-x86_64-fedora-clang 0.2 55.50 OK
r-devel-linux-x86_64-fedora-gcc 0.2 52.88 OK
r-devel-osx-x86_64-clang 0.2 52.35 OK
r-devel-windows-ix86+x86_64 0.2 4.00 37.00 41.00 OK
r-patched-linux-x86_64 0.2 1.08 26.24 27.32 OK
r-patched-solaris-sparc 0.2 291.80 OK
r-patched-solaris-x86 0.2 76.80 OK
r-release-linux-ix86 0.2 1.49 35.94 37.43 OK
r-release-linux-x86_64 0.2 1.14 26.04 27.18 OK
r-release-osx-x86_64-mavericks 0.2 OK
r-release-osx-x86_64-snowleopard 0.2 OK
r-release-windows-ix86+x86_64 0.2 5.00 41.00 46.00 OK
r-oldrel-windows-ix86+x86_64 0.2 4.00 29.00 33.00 ERROR

Check Details

Version: 0.2
Check: examples
Result: ERROR
    Running examples in 'grt-Ex.R' failed
    The error most likely occurred in:
    
    > ### Name: plot.glc
    > ### Title: Plot Method for Class 'glc'
    > ### Aliases: plot.glc
    > ### Keywords: multivariate
    >
    > ### ** Examples
    >
    > data(subjdemo_2d)
    > fit.2dl <- glc(response ~ x + y, data=subjdemo_2d,
    + category=subjdemo_2d$category, zlimit=7)
Flavor: r-oldrel-windows-ix86+x86_64