CRAN Package Check Results for Package grt

Last updated on 2015-02-01 03:49:22.

Flavor Version Tinstall Tcheck Ttotal Status Flags
r-devel-linux-x86_64-debian-clang 0.2 1.00 23.98 24.99 NOTE
r-devel-linux-x86_64-debian-gcc 0.2 1.07 23.24 24.30 NOTE
r-devel-linux-x86_64-fedora-clang 0.2 53.84 NOTE
r-devel-linux-x86_64-fedora-gcc 0.2 44.53 NOTE
r-devel-osx-x86_64-clang 0.2 51.79 NOTE
r-devel-windows-ix86+x86_64 0.2 6.00 36.00 42.00 OK
r-patched-linux-x86_64 0.2 1.13 26.47 27.60 OK
r-patched-solaris-sparc 0.2 314.70 OK
r-patched-solaris-x86 0.2 77.20 OK
r-release-linux-ix86 0.2 1.45 36.96 38.42 OK
r-release-linux-x86_64 0.2 1.10 26.93 28.03 OK
r-release-osx-x86_64-mavericks 0.2 OK
r-release-osx-x86_64-snowleopard 0.2 OK
r-release-windows-ix86+x86_64 0.2 5.00 44.00 49.00 OK
r-oldrel-windows-ix86+x86_64 0.2 5.00 45.00 50.00 OK

Check Details

Version: 0.2
Check: S3 generic/method consistency
Result: NOTE
    Found the following apparent S3 methods exported but not registered:
     mcovs.default extractAIC.gcjc extractAIC.grg
    See section ‘Registering S3 methods’ in the ‘Writing R Extensions’
    manual.
Flavors: r-devel-linux-x86_64-debian-clang, r-devel-linux-x86_64-debian-gcc, r-devel-linux-x86_64-fedora-clang, r-devel-linux-x86_64-fedora-gcc, r-devel-osx-x86_64-clang