CRAN Package Check Results for Package gsDesign

Last updated on 2015-01-25 19:47:40.

Flavor Version Tinstall Tcheck Ttotal Status Flags
r-devel-linux-x86_64-debian-clang 2.9-3 2.76 57.22 59.98 NOTE
r-devel-linux-x86_64-debian-gcc 2.9-3 2.96 61.51 64.47 NOTE
r-devel-linux-x86_64-fedora-clang 2.9-3 132.47 NOTE
r-devel-linux-x86_64-fedora-gcc 2.9-3 133.01 NOTE
r-devel-osx-x86_64-clang 2.9-3 118.36 NOTE
r-devel-windows-ix86+x86_64 2.9-3 19.00 121.00 140.00 NOTE
r-patched-linux-x86_64 2.9-3 3.11 65.60 68.71 NOTE
r-patched-solaris-sparc 2.9-3 713.10 NOTE
r-patched-solaris-x86 2.9-3 152.90 NOTE
r-release-linux-ix86 2.9-3 4.18 73.82 78.00 OK
r-release-linux-x86_64 2.9-3 3.17 65.96 69.13 OK
r-release-osx-x86_64-mavericks 2.9-3 NOTE
r-release-osx-x86_64-snowleopard 2.9-3 OK
r-release-windows-ix86+x86_64 2.9-3 19.00 135.00 154.00 OK
r-oldrel-windows-ix86+x86_64 2.9-3 19.00 132.00 151.00 OK

Check Details

Version: 2.9-3
Check: line endings in Makefiles
Result: NOTE
    Found the following Makefile(s) without a final LF:
     inst/unitTests/Makefile
    Some ‘make’ programs ignore lines not ending in LF.
Flavors: r-devel-linux-x86_64-debian-clang, r-devel-linux-x86_64-debian-gcc, r-devel-linux-x86_64-fedora-clang, r-devel-linux-x86_64-fedora-gcc, r-devel-osx-x86_64-clang, r-devel-windows-ix86+x86_64, r-patched-linux-x86_64, r-patched-solaris-sparc, r-patched-solaris-x86, r-release-osx-x86_64-mavericks

Version: 2.9-3
Check: S3 generic/method consistency
Result: NOTE
    Found the following apparent S3 methods exported but not registered:
     print.eEvents print.gsBoundSummary print.gsDesign print.gsProbability
     print.gsSurv print.nSurv print.nSurvival summary.gsDesign
     summary.spendfn plot.binomialSPRT plot.gsBinomialExact plot.gsDesign
     plot.gsProbability plot.ssrCP xtable.gsSurv
    See section ‘Registering S3 methods’ in the ‘Writing R Extensions’
    manual.
Flavors: r-devel-linux-x86_64-fedora-clang, r-devel-linux-x86_64-fedora-gcc, r-devel-osx-x86_64-clang