CRAN Package Check Results for Package gsDesign

Last updated on 2017-04-24 12:47:36.

Flavor Version Tinstall Tcheck Ttotal Status Flags
r-devel-linux-x86_64-debian-clang 3.0-1 3.17 68.84 72.01 NOTE
r-devel-linux-x86_64-debian-gcc 3.0-1 2.73 69.89 72.63 NOTE
r-devel-linux-x86_64-fedora-clang 3.0-1 142.25 NOTE --no-stop-on-test-error
r-devel-linux-x86_64-fedora-gcc 3.0-1 139.83 NOTE --no-stop-on-test-error
r-devel-windows-ix86+x86_64 3.0-1 23.00 191.00 214.00 NOTE
r-patched-linux-x86_64 3.0-1 2.74 67.92 70.66 NOTE
r-patched-solaris-sparc 3.0-1 756.30 NOTE
r-patched-solaris-x86 3.0-1 151.20 NOTE
r-release-linux-x86_64 3.0-1 2.87 68.95 71.82 NOTE
r-release-windows-ix86+x86_64 3.0-1 17.00 140.00 157.00 NOTE
r-release-osx-x86_64 3.0-1 NOTE
r-oldrel-windows-ix86+x86_64 3.0-1 14.00 118.00 132.00 NOTE
r-oldrel-osx-x86_64 3.0-1 NOTE

Check Details

Version: 3.0-1
Check: R code for possible problems
Result: NOTE
    plotgsCP: no visible global function definition for ‘opts’
    plotgsPower: no visible global function definition for ‘opts’
    qplotit: no visible global function definition for ‘opts’
    Undefined global functions or variables:
     opts
Flavors: r-devel-linux-x86_64-debian-clang, r-devel-linux-x86_64-debian-gcc, r-devel-windows-ix86+x86_64, r-patched-linux-x86_64, r-patched-solaris-sparc, r-patched-solaris-x86, r-release-linux-x86_64, r-release-windows-ix86+x86_64, r-release-osx-x86_64, r-oldrel-windows-ix86+x86_64, r-oldrel-osx-x86_64

Version: 3.0-1
Check: compiled code
Result: NOTE
    File ‘gsDesign/libs/gsDesign.so’:
     Found no calls to: ‘R_registerRoutines’, ‘R_useDynamicSymbols’
    
    It is good practice to register native routines and to disable symbol
    search.
    
    See ‘Writing portable packages’ in the ‘Writing R Extensions’ manual.
Flavors: r-devel-linux-x86_64-debian-clang, r-devel-linux-x86_64-debian-gcc, r-patched-linux-x86_64, r-release-linux-x86_64

Version: 3.0-1
Flags: --no-stop-on-test-error
Check: R code for possible problems
Result: NOTE
    plotgsCP: no visible global function definition for ‘opts’
    plotgsPower: no visible global function definition for ‘opts’
    qplotit: no visible global function definition for ‘opts’
    Undefined global functions or variables:
     opts
Flavors: r-devel-linux-x86_64-fedora-clang, r-devel-linux-x86_64-fedora-gcc

Version: 3.0-1
Flags: --no-stop-on-test-error
Check: compiled code
Result: NOTE
    File ‘gsDesign/libs/gsDesign.so’:
     Found no calls to: ‘R_registerRoutines’, ‘R_useDynamicSymbols’
    
    It is good practice to register native routines and to disable symbol
    search.
    
    See ‘Writing portable packages’ in the ‘Writing R Extensions’ manual.
Flavors: r-devel-linux-x86_64-fedora-clang, r-devel-linux-x86_64-fedora-gcc