CRAN Package Check Results for Package gsDesign

Last updated on 2014-04-23 07:55:00.

Flavor Version Tinstall Tcheck Ttotal Status Flags
r-devel-linux-x86_64-debian-clang 2.8-8 3.41 59.63 63.04 NOTE
r-devel-linux-x86_64-debian-gcc 2.8-8 3.34 60.02 63.36 NOTE
r-devel-linux-x86_64-fedora-clang 2.8-8 150.69 NOTE
r-devel-linux-x86_64-fedora-gcc 2.8-8 148.94 NOTE
r-devel-osx-x86_64-clang 2.8-8 107.64 NOTE
r-devel-osx-x86_64-gcc 2.8-8 ERROR
r-devel-windows-ix86+x86_64 2.8-8 17.00 113.00 130.00 NOTE
r-patched-linux-x86_64 2.8-8 3.43 60.95 64.38 NOTE
r-patched-solaris-sparc 2.8-8 684.00 NOTE
r-patched-solaris-x86 2.8-8 150.60 NOTE
r-release-linux-ix86 2.8-8 5.00 99.00 104.00 NOTE
r-release-linux-x86_64 2.8-8 3.29 61.21 64.50 NOTE
r-release-osx-x86_64-mavericks 2.8-8 WARN
r-release-osx-x86_64-snowleopard 2.8-8 OK
r-release-windows-ix86+x86_64 2.8-8 16.00 115.00 131.00 NOTE
r-oldrel-windows-ix86+x86_64 2.8-8 19.00 140.00 159.00 NOTE

Check Details

Version: 2.8-8
Check: dependencies in R code
Result: NOTE
    Packages in Depends field not imported from:
     ‘RUnit’ ‘ggplot2’ ‘plyr’ ‘stringr’ ‘xtable’
     These packages need to be imported from (in the NAMESPACE file)
     for when this namespace is loaded but not attached.
    See the information on DESCRIPTION files in the chapter ‘Creating R
    packages’ of the ‘Writing R Extensions’ manual.
Flavors: r-devel-linux-x86_64-debian-clang, r-devel-linux-x86_64-debian-gcc, r-devel-linux-x86_64-fedora-clang, r-devel-linux-x86_64-fedora-gcc, r-devel-osx-x86_64-clang, r-devel-windows-ix86+x86_64, r-patched-linux-x86_64, r-patched-solaris-sparc, r-patched-solaris-x86, r-release-linux-ix86, r-release-linux-x86_64, r-release-osx-x86_64-mavericks, r-release-windows-ix86+x86_64, r-oldrel-windows-ix86+x86_64

Version: 2.8-8
Check: package dependencies
Result: ERROR
    Package required but not available: ‘ggplot2’
    
    Package suggested but not available for checking: ‘knitr’
    
    Files named as vignettes but with no recognized vignette engine:
     ‘inst/doc/gsSurvTemplate.rnw’
     ‘inst/doc/gsSurvTemplateInstructions.rnw’
    (Is a VignetteBuilder field missing?)
    
    See the information on DESCRIPTION files in the chapter ‘Creating R
    packages’ of the ‘Writing R Extensions’ manual.
Flavor: r-devel-osx-x86_64-gcc

Version: 2.8-8
Check: PDF version of manual
Result: WARNING
    LaTeX errors when creating PDF version.
    This typically indicates Rd problems.
    LaTeX errors found:
    ! LaTeX Error: File `upquote.sty' not found.
    
    Type X to quit or <RETURN> to proceed,
    or enter new name. (Default extension: sty)
    
    eb6e8b/Rd2.tex:8: ==> Fatal error occurred, no output PDF file produced!
Flavor: r-release-osx-x86_64-mavericks