CRAN Package Check Results for Package gsDesign

Last updated on 2016-02-11 23:47:28.

Flavor Version Tinstall Tcheck Ttotal Status Flags
r-devel-linux-x86_64-debian-gcc 3.0-1 2.45 51.11 53.56 NOTE
r-devel-linux-x86_64-fedora-clang 3.0-1 104.42 NOTE
r-devel-linux-x86_64-fedora-gcc 3.0-1 98.13 NOTE
r-devel-osx-x86_64-clang 3.0-1 105.79 NOTE
r-devel-windows-ix86+x86_64 3.0-1 24.00 105.00 129.00 NOTE
r-patched-linux-x86_64 3.0-1 2.84 54.02 56.86 NOTE
r-patched-solaris-sparc 3.0-1 554.20 NOTE
r-patched-solaris-x86 3.0-1 114.20 NOTE
r-release-linux-x86_64 3.0-1 2.77 52.74 55.51 NOTE
r-release-osx-x86_64-mavericks 3.0-1 NOTE
r-release-windows-ix86+x86_64 3.0-1 22.00 105.00 127.00 NOTE
r-oldrel-windows-ix86+x86_64 3.0-1 25.00 141.00 166.00 NOTE

Check Details

Version: 3.0-1
Check: R code for possible problems
Result: NOTE
    plotgsCP: no visible global function definition for ‘opts’
    plotgsPower: no visible global function definition for ‘opts’
    qplotit: no visible global function definition for ‘opts’
    Undefined global functions or variables:
     opts
Flavors: r-devel-linux-x86_64-debian-gcc, r-devel-linux-x86_64-fedora-clang, r-devel-linux-x86_64-fedora-gcc, r-devel-osx-x86_64-clang, r-devel-windows-ix86+x86_64

Version: 3.0-1
Check: R code for possible problems
Result: NOTE
    plotgsCP: no visible global function definition for ‘opts’
    plotgsPower: no visible global function definition for ‘opts’
    qplotit: no visible global function definition for ‘opts’
Flavors: r-patched-linux-x86_64, r-patched-solaris-sparc, r-patched-solaris-x86, r-release-linux-x86_64, r-release-osx-x86_64-mavericks, r-release-windows-ix86+x86_64, r-oldrel-windows-ix86+x86_64