CRAN Package Check Results for Package gsDesign

Last updated on 2017-03-27 03:49:44.

Flavor Version Tinstall Tcheck Ttotal Status Flags
r-devel-linux-x86_64-debian-clang 3.0-1 3.07 71.28 74.35 NOTE
r-devel-linux-x86_64-debian-gcc 3.0-1 2.98 71.10 74.09 NOTE
r-devel-linux-x86_64-fedora-clang 3.0-1 144.24 NOTE --no-stop-on-test-error
r-devel-linux-x86_64-fedora-gcc 3.0-1 139.42 NOTE --no-stop-on-test-error
r-devel-macos-x86_64-clang 3.0-1 98.56 NOTE --no-stop-on-test-error
r-patched-linux-x86_64 3.0-1 2.98 70.45 73.43 NOTE
r-patched-solaris-sparc 3.0-1 756.30 NOTE
r-patched-solaris-x86 3.0-1 154.30 NOTE
r-release-linux-x86_64 3.0-1 2.58 56.86 59.44 NOTE
r-release-osx-x86_64-mavericks 3.0-1 NOTE
r-release-windows-ix86+x86_64 3.0-1 21.00 122.00 143.00 NOTE
r-oldrel-windows-ix86+x86_64 3.0-1 15.00 121.00 136.00 NOTE

Check Details

Version: 3.0-1
Check: R code for possible problems
Result: NOTE
    plotgsCP: no visible global function definition for ‘opts’
    plotgsPower: no visible global function definition for ‘opts’
    qplotit: no visible global function definition for ‘opts’
    Undefined global functions or variables:
     opts
Flavors: r-devel-linux-x86_64-debian-clang, r-devel-linux-x86_64-debian-gcc, r-patched-linux-x86_64, r-patched-solaris-sparc, r-patched-solaris-x86, r-release-linux-x86_64, r-release-osx-x86_64-mavericks, r-release-windows-ix86+x86_64

Version: 3.0-1
Check: compiled code
Result: NOTE
    File ‘gsDesign/libs/gsDesign.so’:
     Found no calls to: ‘R_registerRoutines’, ‘R_useDynamicSymbols’
    
    It is good practice to register native routines and to disable symbol
    search.
    
    See ‘Writing portable packages’ in the ‘Writing R Extensions’ manual.
Flavors: r-devel-linux-x86_64-debian-clang, r-devel-linux-x86_64-debian-gcc, r-patched-linux-x86_64

Version: 3.0-1
Flags: --no-stop-on-test-error
Check: R code for possible problems
Result: NOTE
    plotgsCP: no visible global function definition for ‘opts’
    plotgsPower: no visible global function definition for ‘opts’
    qplotit: no visible global function definition for ‘opts’
    Undefined global functions or variables:
     opts
Flavors: r-devel-linux-x86_64-fedora-clang, r-devel-linux-x86_64-fedora-gcc, r-devel-macos-x86_64-clang

Version: 3.0-1
Flags: --no-stop-on-test-error
Check: compiled code
Result: NOTE
    File ‘gsDesign/libs/gsDesign.so’:
     Found no calls to: ‘R_registerRoutines’, ‘R_useDynamicSymbols’
    
    It is good practice to register native routines and to disable symbol
    search.
    
    See ‘Writing portable packages’ in the ‘Writing R Extensions’ manual.
Flavors: r-devel-linux-x86_64-fedora-clang, r-devel-linux-x86_64-fedora-gcc, r-devel-macos-x86_64-clang

Version: 3.0-1
Check: R code for possible problems
Result: NOTE
    plotgsCP: no visible global function definition for 'opts'
    plotgsPower: no visible global function definition for 'opts'
    qplotit: no visible global function definition for 'opts'
Flavor: r-oldrel-windows-ix86+x86_64