CRAN Package Check Results for Package gsDesign

Last updated on 2015-09-05 12:49:24.

Flavor Version Tinstall Tcheck Ttotal Status Flags
r-devel-linux-x86_64-debian-clang 2.9-3 2.44 53.82 56.26 NOTE
r-devel-linux-x86_64-debian-gcc 2.9-3 2.54 51.72 54.26 NOTE
r-devel-linux-x86_64-fedora-clang 2.9-3 108.71 NOTE
r-devel-linux-x86_64-fedora-gcc 2.9-3 101.82 NOTE
r-devel-osx-x86_64-clang 2.9-3 88.80 NOTE
r-devel-windows-ix86+x86_64 2.9-3 23.00 108.00 131.00 NOTE
r-patched-linux-x86_64 2.9-3 2.72 52.93 55.65 NOTE
r-patched-solaris-sparc 2.9-3 630.00 NOTE
r-patched-solaris-x86 2.9-3 131.00 NOTE
r-release-linux-x86_64 2.9-3 2.73 53.27 56.00 NOTE
r-release-osx-x86_64-mavericks 2.9-3 NOTE
r-release-windows-ix86+x86_64 2.9-3 22.00 115.00 137.00 NOTE
r-oldrel-windows-ix86+x86_64 2.9-3 22.00 153.00 175.00 NOTE

Check Details

Version: 2.9-3
Check: S3 generic/method consistency
Result: NOTE
    Found the following apparent S3 methods exported but not registered:
     plot.binomialSPRT plot.gsBinomialExact plot.gsDesign
     plot.gsProbability plot.ssrCP print.eEvents print.gsBoundSummary
     print.gsDesign print.gsProbability print.gsSurv print.nSurv
     print.nSurvival summary.gsDesign summary.spendfn xtable.gsSurv
    See section ‘Registering S3 methods’ in the ‘Writing R Extensions’
    manual.
Flavors: r-devel-linux-x86_64-debian-clang, r-devel-linux-x86_64-debian-gcc, r-devel-linux-x86_64-fedora-clang, r-devel-linux-x86_64-fedora-gcc, r-devel-osx-x86_64-clang, r-patched-linux-x86_64, r-patched-solaris-sparc, r-patched-solaris-x86, r-release-linux-x86_64

Version: 2.9-3
Check: R code for possible problems
Result: NOTE
    KT: no visible global function definition for ‘uniroot’
    KTZ: no visible global function definition for ‘qnorm’
    KTZ: no visible global function definition for ‘pnorm’
    LFPWE: no visible global function definition for ‘qnorm’
    Power.ssrCP: no visible global function definition for ‘pnorm’
    Power.ssrCP: no visible global function definition for ‘dnorm’
    Power.ssrCP: no visible global function definition for ‘uniroot’
    Tdistdiff: no visible global function definition for ‘qt’
    WT: no visible global function definition for ‘uniroot’
    bpdiff: no visible global function definition for ‘pnorm’
    checkMatrix: no visible global function definition for ‘is’
    checkScalar: no visible global function definition for ‘is’
    checkVector: no visible global function definition for ‘is’
    ciBinomial: no visible global function definition for ‘qnorm’
    ciBinomial: no visible global function definition for ‘uniroot’
    condPower: no visible global function definition for ‘pnorm’
    condPowerDiff: no visible global function definition for ‘pnorm’
    diffbetadist: no visible global function definition for ‘pbeta’
    gsAdaptSim: no visible global function definition for ‘qnorm’
    gsAdaptSim: no visible global function definition for ‘rbinom’
    gsBinomialExact: no visible global function definition for ‘dbinom’
    gsBoundCP: no visible global function definition for ‘is’
    gsBoundSummary: no visible global function definition for ‘pnorm’
    gsCP: no visible global function definition for ‘is’
    gsCPOS: no visible global function definition for ‘is’
    gsDErrorCheck: no visible global function definition for ‘qnorm’
    gsDType1: no visible global function definition for ‘uniroot’
    gsDType2and5: no visible global function definition for ‘uniroot’
    gsDType6: no visible global function definition for ‘uniroot’
    gsI: no visible global function definition for ‘qnorm’
    gsI: no visible global function definition for ‘uniroot’
    gsI1: no visible global function definition for ‘uniroot’
    gsPI: no visible global function definition for ‘is’
    gsPI: no visible global function definition for ‘dnorm’
    gsPI: no visible global function definition for ‘uniroot’
    gsPOS: no visible global function definition for ‘is’
    gsPP: no visible global function definition for ‘is’
    gsPP: no visible global function definition for ‘dnorm’
    gsPosterior: no visible global function definition for ‘is’
    gsProbability: no visible global function definition for ‘is’
    gsZ: no visible global function definition for ‘dnorm’
    n2sizediff: no visible global function definition for ‘qnorm’
    nBinomial: no visible global function definition for ‘qnorm’
    nBinomial: no visible global function definition for ‘pnorm’
    nEvents: no visible global function definition for ‘qnorm’
    nEvents: no visible global function definition for ‘pnorm’
    nNormal: no visible global function definition for ‘qnorm’
    nNormal: no visible global function definition for ‘pnorm’
    nSurvival: no visible global function definition for ‘qnorm’
    normalGrid: no visible global function definition for ‘dnorm’
    plot.ssrCP: no visible global function definition for ‘par’
    plot.ssrCP: no visible global function definition for ‘plot’
    plot.ssrCP: no visible global function definition for ‘axis’
    plot.ssrCP: no visible global function definition for ‘mtext’
    plot.ssrCP: no visible global function definition for ‘pnorm’
    plotASN: no visible global function definition for ‘is’
    plotASN: no visible global function definition for ‘plot’
    plotgsCP: no visible global function definition for ‘packageVersion’
    plotgsCP: no visible global function definition for ‘is’
    plotgsCP: no visible global function definition for ‘plot’
    plotgsCP: no visible global function definition for ‘points’
    plotgsCP: no visible global function definition for ‘text’
    plotgsCP: no visible global function definition for ‘matplot’
    plotgsCP: no visible global function definition for ‘matpoints’
    plotgsPower: no visible global function definition for ‘is’
    plotgsPower: no visible global function definition for ‘packageVersion’
    plotgsPower: no visible global function definition for ‘reshape’
    plotgsPower: no visible global function definition for ‘plot’
    plotgsPower: no visible global function definition for ‘axis’
    plotgsPower: no visible global function definition for ‘lines’
    plotgsPower: no visible global function definition for ‘legend’
    plotgsPower: no visible global function definition for ‘strwidth’
    plotgsPower: no visible global function definition for ‘text’
    plotsf: no visible global function definition for ‘packageVersion’
    plotsf: no visible global function definition for ‘is’
    plotsf: no visible global function definition for ‘par’
    plotsf: no visible global function definition for ‘plot’
    plotsf: no visible global function definition for ‘legend’
    plotsf: no visible global function definition for ‘axis’
    plotsf: no visible global function definition for ‘mtext’
    postfn: no visible global function definition for ‘pnorm’
    print.gsDesign: no visible global function definition for ‘pnorm’
    print.gsProbability: no visible global function definition for ‘pnorm’
    qplotit: no visible global function definition for ‘packageVersion’
    qplotit: no visible global function definition for ‘plot’
    qplotit: no visible global function definition for ‘lines’
    qplotit: no visible global function definition for ‘text’
    sfBetaDist: no visible global function definition for ‘nlminb’
    sfBetaDist: no visible global function definition for ‘pbeta’
    sfCauchy: no visible global function definition for ‘qcauchy’
    sfCauchy: no visible global function definition for ‘pcauchy’
    sfLDOF: no visible global function definition for ‘qnorm’
    sfLDOF: no visible global function definition for ‘pnorm’
    sfNormal: no visible global function definition for ‘qnorm’
    sfNormal: no visible global function definition for ‘pnorm’
    sfTDist: no visible global function definition for ‘qt’
    sfTDist: no visible global function definition for ‘uniroot’
    sfTDist: no visible global function definition for ‘pt’
    simBinomial: no visible global function definition for ‘rbinom’
    ssrCP: no visible global function definition for ‘qnorm’
    tEventsIA: no visible global function definition for ‘uniroot’
    xtable.gsDesign: no visible global function definition for ‘pnorm’
    xtable.gsSurv: no visible global function definition for ‘pnorm’
    z2Fisher: no visible global function definition for ‘pchisq’
    z2Fisher: no visible global function definition for ‘pnorm’
    z2Fisher: no visible global function definition for ‘qnorm’
    z2Fisher: no visible global function definition for ‘qchisq’
    Undefined global functions or variables:
     axis dbinom dnorm is legend lines matplot matpoints mtext nlminb
     packageVersion par pbeta pcauchy pchisq plot pnorm points pt qcauchy
     qchisq qnorm qt rbinom reshape strwidth text uniroot
    Consider adding
     importFrom("graphics", "axis", "legend", "lines", "matplot",
     "matpoints", "mtext", "par", "plot", "points", "strwidth",
     "text")
     importFrom("methods", "is")
     importFrom("stats", "dbinom", "dnorm", "nlminb", "pbeta", "pcauchy",
     "pchisq", "pnorm", "pt", "qcauchy", "qchisq", "qnorm", "qt",
     "rbinom", "reshape", "uniroot")
     importFrom("utils", "packageVersion")
    to your NAMESPACE (and ensure that your DESCRIPTION Imports field
    contains 'methods').
Flavors: r-devel-linux-x86_64-debian-clang, r-devel-linux-x86_64-debian-gcc, r-devel-linux-x86_64-fedora-clang, r-devel-linux-x86_64-fedora-gcc, r-devel-windows-ix86+x86_64

Version: 2.9-3
Check: line endings in Makefiles
Result: NOTE
    Found the following Makefile(s) without a final LF:
     inst/unitTests/Makefile
    Some ‘make’ programs ignore lines not ending in LF.
Flavors: r-devel-linux-x86_64-debian-clang, r-devel-linux-x86_64-debian-gcc, r-devel-linux-x86_64-fedora-clang, r-devel-linux-x86_64-fedora-gcc, r-devel-osx-x86_64-clang, r-devel-windows-ix86+x86_64, r-patched-linux-x86_64, r-patched-solaris-sparc, r-patched-solaris-x86, r-release-linux-x86_64, r-release-osx-x86_64-mavericks, r-release-windows-ix86+x86_64, r-oldrel-windows-ix86+x86_64