CRAN Package Check Results for Package gsDesign

Last updated on 2020-09-29 06:46:53 CEST.

Flavor Version Tinstall Tcheck Ttotal Status Flags
r-devel-linux-x86_64-debian-clang 3.1.1 15.62 334.39 350.01 OK
r-devel-linux-x86_64-debian-gcc 3.1.1 13.95 236.33 250.28 OK
r-devel-linux-x86_64-fedora-clang 3.1.1 400.35 NOTE
r-devel-linux-x86_64-fedora-gcc 3.1.1 400.86 NOTE
r-devel-windows-ix86+x86_64 3.1.1 37.00 687.00 724.00 OK
r-patched-linux-x86_64 3.1.1 14.99 318.17 333.16 OK
r-patched-solaris-x86 3.1.1 444.50 NOTE
r-release-linux-x86_64 3.1.1 16.68 321.90 338.58 OK
r-release-macos-x86_64 3.1.1 NOTE
r-release-windows-ix86+x86_64 3.1.1 42.00 723.00 765.00 OK
r-oldrel-macos-x86_64 3.1.1 NOTE
r-oldrel-windows-ix86+x86_64 3.1.1 34.00 692.00 726.00 OK

Check Details

Version: 3.1.1
Check: dependencies in R code
Result: NOTE
    Namespaces in Imports field not imported from:
     ‘mvtnorm’ ‘tibble’ ‘utils’
     All declared Imports should be used.
Flavors: r-devel-linux-x86_64-fedora-clang, r-devel-linux-x86_64-fedora-gcc, r-patched-solaris-x86, r-release-macos-x86_64, r-oldrel-macos-x86_64