CRAN Package Check Results for Package gsDesign

Last updated on 2017-09-24 11:48:09.

Flavor Version Tinstall Tcheck Ttotal Status Flags
r-devel-linux-x86_64-debian-clang 3.0-1 3.11 69.43 72.54 NOTE
r-devel-linux-x86_64-debian-gcc 3.0-1 2.89 67.28 70.16 NOTE
r-devel-linux-x86_64-fedora-clang 3.0-1 135.89 NOTE
r-devel-linux-x86_64-fedora-gcc 3.0-1 133.24 NOTE
r-devel-windows-ix86+x86_64 3.0-1 16.00 142.00 158.00 NOTE
r-patched-linux-x86_64 3.0-1 2.86 69.41 72.27 NOTE
r-patched-solaris-x86 3.0-1 159.20 NOTE
r-release-linux-x86_64 3.0-1 2.78 71.18 73.96 NOTE
r-release-windows-ix86+x86_64 3.0-1 14.00 135.00 149.00 NOTE
r-release-osx-x86_64 3.0-1 NOTE
r-oldrel-windows-ix86+x86_64 3.0-1 17.00 113.00 130.00 NOTE
r-oldrel-osx-x86_64 3.0-1 NOTE

Check Details

Version: 3.0-1
Check: R code for possible problems
Result: NOTE
    plotgsCP: no visible global function definition for ‘opts’
    plotgsPower: no visible global function definition for ‘opts’
    qplotit: no visible global function definition for ‘opts’
    Undefined global functions or variables:
     opts
Flavors: r-devel-linux-x86_64-debian-clang, r-devel-linux-x86_64-debian-gcc, r-devel-linux-x86_64-fedora-clang, r-devel-linux-x86_64-fedora-gcc, r-devel-windows-ix86+x86_64, r-patched-linux-x86_64, r-patched-solaris-x86, r-release-linux-x86_64, r-release-windows-ix86+x86_64, r-release-osx-x86_64, r-oldrel-windows-ix86+x86_64, r-oldrel-osx-x86_64

Version: 3.0-1
Check: compiled code
Result: NOTE
    File ‘gsDesign/libs/gsDesign.so’:
     Found no calls to: ‘R_registerRoutines’, ‘R_useDynamicSymbols’
    
    It is good practice to register native routines and to disable symbol
    search.
    
    See ‘Writing portable packages’ in the ‘Writing R Extensions’ manual.
Flavors: r-devel-linux-x86_64-debian-clang, r-devel-linux-x86_64-debian-gcc, r-devel-linux-x86_64-fedora-clang, r-devel-linux-x86_64-fedora-gcc, r-patched-linux-x86_64, r-release-linux-x86_64