CRAN Package Check Results for Package gsDesign

Last updated on 2014-07-24 16:47:59.

Flavor Version Tinstall Tcheck Ttotal Status Flags
r-devel-linux-x86_64-debian-clang 2.8-8 3.28 56.73 60.01 NOTE
r-devel-linux-x86_64-debian-gcc 2.8-8 3.13 55.71 58.84 NOTE
r-devel-linux-x86_64-fedora-clang 2.8-8 148.61 NOTE
r-devel-linux-x86_64-fedora-gcc 2.8-8 144.02 NOTE
r-devel-osx-x86_64-clang 2.8-8 110.64 NOTE
r-devel-windows-ix86+x86_64 2.8-8 16.00 111.00 127.00 NOTE
r-patched-linux-x86_64 2.8-8 3.15 56.05 59.20 NOTE
r-patched-solaris-sparc 2.8-8 684.00 NOTE
r-patched-solaris-x86 2.8-8 166.80 NOTE
r-release-linux-ix86 2.8-8 4.14 72.76 76.90 NOTE
r-release-linux-x86_64 2.8-8 3.12 57.20 60.33 NOTE
r-release-osx-x86_64-mavericks 2.8-8 NOTE
r-release-osx-x86_64-snowleopard 2.8-8 OK
r-release-windows-ix86+x86_64 2.8-8 17.00 119.00 136.00 NOTE
r-oldrel-windows-ix86+x86_64 2.8-8 18.00 113.00 131.00 NOTE

Check Details

Version: 2.8-8
Check: dependencies in R code
Result: NOTE
    Packages in Depends field not imported from:
     ‘RUnit’ ‘ggplot2’ ‘plyr’ ‘stringr’ ‘xtable’
     These packages need to be imported from (in the NAMESPACE file)
     for when this namespace is loaded but not attached.
    See the information on DESCRIPTION files in the chapter ‘Creating R
    packages’ of the ‘Writing R Extensions’ manual.
Flavors: r-devel-linux-x86_64-debian-clang, r-devel-linux-x86_64-debian-gcc, r-devel-linux-x86_64-fedora-clang, r-devel-linux-x86_64-fedora-gcc, r-devel-osx-x86_64-clang, r-devel-windows-ix86+x86_64, r-patched-linux-x86_64, r-patched-solaris-sparc, r-patched-solaris-x86, r-release-linux-ix86, r-release-linux-x86_64, r-release-osx-x86_64-mavericks, r-release-windows-ix86+x86_64, r-oldrel-windows-ix86+x86_64