CRAN Package Check Results for Package gsDesign

Last updated on 2016-09-27 16:47:43.

Flavor Version Tinstall Tcheck Ttotal Status Flags
r-devel-linux-x86_64-debian-clang 3.0-1 2.56 57.35 59.92 NOTE
r-devel-linux-x86_64-debian-gcc 3.0-1 2.63 58.10 60.74 NOTE
r-devel-linux-x86_64-fedora-clang 3.0-1 107.98 NOTE
r-devel-linux-x86_64-fedora-gcc 3.0-1 103.55 NOTE
r-devel-macos-x86_64-clang 3.0-1 76.27 NOTE
r-devel-windows-ix86+x86_64 3.0-1 24.00 139.00 163.00 NOTE
r-patched-linux-x86_64 3.0-1 2.38 56.58 58.97 NOTE
r-patched-solaris-sparc 3.0-1 587.10 NOTE
r-patched-solaris-x86 3.0-1 112.00 NOTE
r-release-linux-x86_64 3.0-1 2.61 58.54 61.15 NOTE
r-release-osx-x86_64-mavericks 3.0-1 NOTE
r-release-windows-ix86+x86_64 3.0-1 22.00 145.00 167.00 NOTE
r-oldrel-windows-ix86+x86_64 3.0-1 23.00 111.00 134.00 NOTE

Check Details

Version: 3.0-1
Check: R code for possible problems
Result: NOTE
    plotgsCP: no visible global function definition for ‘opts’
    plotgsPower: no visible global function definition for ‘opts’
    qplotit: no visible global function definition for ‘opts’
    Undefined global functions or variables:
     opts
Flavors: r-devel-linux-x86_64-debian-clang, r-devel-linux-x86_64-debian-gcc, r-devel-linux-x86_64-fedora-clang, r-devel-linux-x86_64-fedora-gcc, r-devel-macos-x86_64-clang, r-devel-windows-ix86+x86_64, r-patched-linux-x86_64, r-patched-solaris-sparc, r-patched-solaris-x86, r-release-linux-x86_64, r-release-osx-x86_64-mavericks, r-release-windows-ix86+x86_64

Version: 3.0-1
Check: R code for possible problems
Result: NOTE
    plotgsCP: no visible global function definition for 'opts'
    plotgsPower: no visible global function definition for 'opts'
    qplotit: no visible global function definition for 'opts'
Flavor: r-oldrel-windows-ix86+x86_64