CRAN Package Check Results for Package gsDesign

Last updated on 2015-03-26 23:47:44.

Flavor Version Tinstall Tcheck Ttotal Status Flags
r-devel-linux-x86_64-debian-clang 2.9-3 2.72 56.69 59.41 NOTE
r-devel-linux-x86_64-debian-gcc 2.9-3 2.66 55.93 58.59 NOTE
r-devel-linux-x86_64-fedora-clang 2.9-3 115.18 NOTE
r-devel-linux-x86_64-fedora-gcc 2.9-3 109.68 NOTE
r-devel-osx-x86_64-clang 2.9-3 107.18 NOTE
r-prerel-windows-ix86+x86_64 2.9-3 18.00 97.00 115.00 NOTE
r-prerel-linux-x86_64 2.9-3 2.73 54.83 57.56 NOTE
r-prerel-solaris-sparc 2.9-3 701.30 NOTE
r-prerel-solaris-x86 2.9-3 129.30 NOTE
r-release-linux-x86_64 2.9-3 4.11 64.62 68.73 NOTE
r-release-osx-x86_64-mavericks 2.9-3 NOTE
r-release-osx-x86_64-snowleopard 2.9-3 OK
r-release-windows-ix86+x86_64 2.9-3 19.00 135.00 154.00 NOTE
r-oldrel-windows-ix86+x86_64 2.9-3 19.00 126.00 145.00 OK

Check Details

Version: 2.9-3
Check: S3 generic/method consistency
Result: NOTE
    Found the following apparent S3 methods exported but not registered:
     plot.binomialSPRT plot.gsBinomialExact plot.gsDesign
     plot.gsProbability plot.ssrCP print.eEvents print.gsBoundSummary
     print.gsDesign print.gsProbability print.gsSurv print.nSurv
     print.nSurvival summary.gsDesign summary.spendfn xtable.gsSurv
    See section ‘Registering S3 methods’ in the ‘Writing R Extensions’
    manual.
Flavors: r-devel-linux-x86_64-debian-clang, r-devel-linux-x86_64-debian-gcc, r-devel-linux-x86_64-fedora-clang, r-devel-linux-x86_64-fedora-gcc, r-devel-osx-x86_64-clang, r-prerel-linux-x86_64

Version: 2.9-3
Check: line endings in Makefiles
Result: NOTE
    Found the following Makefile(s) without a final LF:
     inst/unitTests/Makefile
    Some ‘make’ programs ignore lines not ending in LF.
Flavors: r-devel-linux-x86_64-debian-clang, r-devel-linux-x86_64-debian-gcc, r-devel-linux-x86_64-fedora-clang, r-devel-linux-x86_64-fedora-gcc, r-devel-osx-x86_64-clang, r-prerel-windows-ix86+x86_64, r-prerel-linux-x86_64, r-prerel-solaris-sparc, r-prerel-solaris-x86, r-release-linux-x86_64, r-release-osx-x86_64-mavericks, r-release-windows-ix86+x86_64