CRAN Package Check Results for Package gsDesign

Last updated on 2017-02-25 17:47:24.

Flavor Version Tinstall Tcheck Ttotal Status Flags
r-devel-linux-x86_64-debian-clang 3.0-1 2.91 69.89 72.80 NOTE
r-devel-linux-x86_64-debian-gcc 3.0-1 2.76 66.98 69.74 NOTE
r-devel-linux-x86_64-fedora-clang 3.0-1 146.13 NOTE --no-stop-on-test-error
r-devel-linux-x86_64-fedora-gcc 3.0-1 134.00 NOTE --no-stop-on-test-error
r-devel-macos-x86_64-clang 3.0-1 99.55 NOTE --no-stop-on-test-error
r-devel-windows-ix86+x86_64 3.0-1 19.00 181.00 200.00 NOTE
r-patched-linux-x86_64 3.0-1 2.72 56.79 59.51 NOTE
r-patched-solaris-sparc 3.0-1 622.40 NOTE
r-patched-solaris-x86 3.0-1 122.50 NOTE
r-release-linux-x86_64 3.0-1 2.90 59.07 61.96 NOTE
r-release-osx-x86_64-mavericks 3.0-1 NOTE
r-release-windows-ix86+x86_64 3.0-1 18.00 115.00 133.00 NOTE
r-oldrel-windows-ix86+x86_64 3.0-1 22.00 155.00 177.00 NOTE

Check Details

Version: 3.0-1
Check: R code for possible problems
Result: NOTE
    plotgsCP: no visible global function definition for ‘opts’
    plotgsPower: no visible global function definition for ‘opts’
    qplotit: no visible global function definition for ‘opts’
    Undefined global functions or variables:
     opts
Flavors: r-devel-linux-x86_64-debian-clang, r-devel-linux-x86_64-debian-gcc, r-devel-windows-ix86+x86_64, r-patched-linux-x86_64, r-patched-solaris-sparc, r-patched-solaris-x86, r-release-linux-x86_64, r-release-osx-x86_64-mavericks, r-release-windows-ix86+x86_64

Version: 3.0-1
Check: compiled code
Result: NOTE
    File ‘gsDesign/libs/gsDesign.so’:
     Found no calls to: ‘R_registerRoutines’, ‘R_useDynamicSymbols’
    
    It is good practice to register native routines and to disable symbol
    search.
    
    See ‘Writing portable packages’ in the ‘Writing R Extensions’ manual.
Flavors: r-devel-linux-x86_64-debian-clang, r-devel-linux-x86_64-debian-gcc

Version: 3.0-1
Flags: --no-stop-on-test-error
Check: R code for possible problems
Result: NOTE
    plotgsCP: no visible global function definition for ‘opts’
    plotgsPower: no visible global function definition for ‘opts’
    qplotit: no visible global function definition for ‘opts’
    Undefined global functions or variables:
     opts
Flavors: r-devel-linux-x86_64-fedora-clang, r-devel-linux-x86_64-fedora-gcc, r-devel-macos-x86_64-clang

Version: 3.0-1
Flags: --no-stop-on-test-error
Check: compiled code
Result: NOTE
    File ‘gsDesign/libs/gsDesign.so’:
     Found no calls to: ‘R_registerRoutines’, ‘R_useDynamicSymbols’
    
    It is good practice to register native routines and to disable symbol
    search.
    
    See ‘Writing portable packages’ in the ‘Writing R Extensions’ manual.
Flavors: r-devel-linux-x86_64-fedora-clang, r-devel-linux-x86_64-fedora-gcc, r-devel-macos-x86_64-clang

Version: 3.0-1
Check: R code for possible problems
Result: NOTE
    plotgsCP: no visible global function definition for 'opts'
    plotgsPower: no visible global function definition for 'opts'
    qplotit: no visible global function definition for 'opts'
Flavor: r-oldrel-windows-ix86+x86_64