CRAN Package Check Results for Package gsDesign

Last updated on 2016-05-24 13:47:12.

Flavor Version Tinstall Tcheck Ttotal Status Flags
r-devel-linux-x86_64-debian-gcc 3.0-1 2.50 54.02 56.52 NOTE
r-devel-linux-x86_64-fedora-clang 3.0-1 107.97 NOTE
r-devel-linux-x86_64-fedora-gcc 3.0-1 99.91 NOTE
r-devel-osx-x86_64-clang 3.0-1 107.97 NOTE
r-devel-windows-ix86+x86_64 3.0-1 10.00 110.00 120.00 NOTE
r-patched-linux-x86_64 3.0-1 2.58 53.78 56.36 NOTE
r-patched-solaris-sparc 3.0-1 588.80 NOTE
r-patched-solaris-x86 3.0-1 113.30 NOTE
r-release-linux-x86_64 3.0-1 2.80 53.72 56.53 NOTE
r-release-osx-x86_64-mavericks 3.0-1 NOTE
r-release-windows-ix86+x86_64 3.0-1 10.00 110.00 120.00 NOTE
r-oldrel-windows-ix86+x86_64 3.0-1 22.00 109.00 131.00 NOTE

Check Details

Version: 3.0-1
Check: R code for possible problems
Result: NOTE
    plotgsCP: no visible global function definition for ‘opts’
    plotgsPower: no visible global function definition for ‘opts’
    qplotit: no visible global function definition for ‘opts’
    Undefined global functions or variables:
     opts
Flavors: r-devel-linux-x86_64-debian-gcc, r-devel-linux-x86_64-fedora-clang, r-devel-linux-x86_64-fedora-gcc, r-devel-osx-x86_64-clang, r-devel-windows-ix86+x86_64, r-patched-linux-x86_64, r-patched-solaris-sparc, r-patched-solaris-x86, r-release-linux-x86_64, r-release-osx-x86_64-mavericks, r-release-windows-ix86+x86_64

Version: 3.0-1
Check: R code for possible problems
Result: NOTE
    plotgsCP: no visible global function definition for 'opts'
    plotgsPower: no visible global function definition for 'opts'
    qplotit: no visible global function definition for 'opts'
Flavor: r-oldrel-windows-ix86+x86_64