CRAN Package Check Results for Package gsDesign

Last updated on 2015-05-24 03:48:02.

Flavor Version Tinstall Tcheck Ttotal Status Flags
r-devel-linux-x86_64-debian-clang 2.9-3 2.89 54.18 57.07 NOTE
r-devel-linux-x86_64-debian-gcc 2.9-3 2.72 52.64 55.36 NOTE
r-devel-linux-x86_64-fedora-clang 2.9-3 111.01 NOTE
r-devel-linux-x86_64-fedora-gcc 2.9-3 105.44 NOTE
r-devel-osx-x86_64-clang 2.9-3 94.36 NOTE
r-devel-windows-ix86+x86_64 2.9-3 16.00 99.00 115.00 NOTE
r-patched-linux-x86_64 2.9-3 2.58 52.92 55.50 NOTE
r-patched-solaris-sparc 2.9-3 629.00 NOTE
r-patched-solaris-x86 2.9-3 130.60 NOTE
r-release-linux-x86_64 2.9-3 2.71 55.55 58.26 NOTE
r-release-osx-x86_64-mavericks 2.9-3 NOTE
r-release-osx-x86_64-snowleopard 2.9-3 ERROR
r-release-windows-ix86+x86_64 2.9-3 19.00 97.00 116.00 NOTE
r-oldrel-windows-ix86+x86_64 2.9-3 21.00 130.00 151.00 NOTE

Check Details

Version: 2.9-3
Check: S3 generic/method consistency
Result: NOTE
    Found the following apparent S3 methods exported but not registered:
     plot.binomialSPRT plot.gsBinomialExact plot.gsDesign
     plot.gsProbability plot.ssrCP print.eEvents print.gsBoundSummary
     print.gsDesign print.gsProbability print.gsSurv print.nSurv
     print.nSurvival summary.gsDesign summary.spendfn xtable.gsSurv
    See section ‘Registering S3 methods’ in the ‘Writing R Extensions’
    manual.
Flavors: r-devel-linux-x86_64-debian-clang, r-devel-linux-x86_64-debian-gcc, r-devel-linux-x86_64-fedora-clang, r-devel-linux-x86_64-fedora-gcc, r-devel-osx-x86_64-clang, r-patched-linux-x86_64, r-patched-solaris-sparc, r-patched-solaris-x86, r-release-linux-x86_64

Version: 2.9-3
Check: line endings in Makefiles
Result: NOTE
    Found the following Makefile(s) without a final LF:
     inst/unitTests/Makefile
    Some ‘make’ programs ignore lines not ending in LF.
Flavors: r-devel-linux-x86_64-debian-clang, r-devel-linux-x86_64-debian-gcc, r-devel-linux-x86_64-fedora-clang, r-devel-linux-x86_64-fedora-gcc, r-devel-osx-x86_64-clang, r-devel-windows-ix86+x86_64, r-patched-linux-x86_64, r-patched-solaris-sparc, r-patched-solaris-x86, r-release-linux-x86_64, r-release-osx-x86_64-mavericks, r-release-windows-ix86+x86_64, r-oldrel-windows-ix86+x86_64

Version: 2.9-3
Check: package dependencies
Result: ERROR
    Package required but not available: ‘ggplot2’
    
    Package suggested but not available for checking: ‘knitr’
    
    VignetteBuilder package required for checking but not installed: ‘knitr’
    
    Files named as vignettes but with no recognized vignette engine:
     ‘inst/doc/gsSurvTemplate.rnw’
     ‘inst/doc/gsSurvTemplateInstructions.rnw’
    (Is a VignetteBuilder field missing?)
    
    See section ‘The DESCRIPTION file’ in the ‘Writing R Extensions’
    manual.
Flavor: r-release-osx-x86_64-snowleopard