CRAN Package Check Results for Package gsDesign

Last updated on 2017-11-23 11:52:19 CET.

Flavor Version Tinstall Tcheck Ttotal Status Flags
r-devel-linux-x86_64-debian-clang 3.0-1 2.95 110.88 113.82 NOTE
r-devel-linux-x86_64-debian-gcc 3.0-1 3.38 146.01 149.39 NOTE
r-devel-linux-x86_64-fedora-clang 3.0-1 126.89 NOTE
r-devel-linux-x86_64-fedora-gcc 3.0-1 129.67 NOTE
r-devel-windows-ix86+x86_64 3.0-1 15.00 149.00 164.00 NOTE
r-patched-linux-x86_64 3.0-1 3.84 176.29 180.12 NOTE
r-patched-solaris-x86 3.0-1 168.30 NOTE
r-release-linux-x86_64 3.0-1 3.06 69.38 72.44 NOTE
r-release-windows-ix86+x86_64 3.0-1 18.00 149.00 167.00 NOTE
r-release-osx-x86_64 3.0-1 NOTE
r-oldrel-windows-ix86+x86_64 3.0-1 16.00 131.00 147.00 NOTE
r-oldrel-osx-x86_64 3.0-1 NOTE

Check Details

Version: 3.0-1
Check: R code for possible problems
Result: NOTE
    plotgsCP: no visible global function definition for ‘opts’
    plotgsPower: no visible global function definition for ‘opts’
    qplotit: no visible global function definition for ‘opts’
    Undefined global functions or variables:
     opts
Flavors: r-devel-linux-x86_64-debian-clang, r-devel-linux-x86_64-debian-gcc, r-devel-linux-x86_64-fedora-clang, r-devel-linux-x86_64-fedora-gcc, r-devel-windows-ix86+x86_64, r-patched-linux-x86_64, r-patched-solaris-x86, r-release-linux-x86_64, r-release-windows-ix86+x86_64, r-release-osx-x86_64, r-oldrel-windows-ix86+x86_64, r-oldrel-osx-x86_64

Version: 3.0-1
Check: compiled code
Result: NOTE
    File ‘gsDesign/libs/gsDesign.so’:
     Found no calls to: ‘R_registerRoutines’, ‘R_useDynamicSymbols’
    
    It is good practice to register native routines and to disable symbol
    search.
    
    See ‘Writing portable packages’ in the ‘Writing R Extensions’ manual.
Flavors: r-devel-linux-x86_64-debian-clang, r-devel-linux-x86_64-debian-gcc, r-devel-linux-x86_64-fedora-clang, r-devel-linux-x86_64-fedora-gcc, r-patched-linux-x86_64, r-release-linux-x86_64