CRAN Package Check Results for Package gsDesign

Last updated on 2016-08-31 17:47:41.

Flavor Version Tinstall Tcheck Ttotal Status Flags
r-devel-linux-x86_64-debian-clang 3.0-1 2.60 57.50 60.10 NOTE
r-devel-linux-x86_64-debian-gcc 3.0-1 2.62 56.69 59.32 NOTE
r-devel-linux-x86_64-fedora-clang 3.0-1 108.04 NOTE
r-devel-linux-x86_64-fedora-gcc 3.0-1 101.41 NOTE
r-devel-osx-x86_64-clang 3.0-1 77.82 NOTE
r-devel-windows-ix86+x86_64 3.0-1 22.00 142.00 164.00 NOTE
r-patched-linux-x86_64 3.0-1 2.89 56.16 59.04 NOTE
r-patched-solaris-sparc 3.0-1 587.10 NOTE
r-patched-solaris-x86 3.0-1 116.80 NOTE
r-release-linux-x86_64 3.0-1 2.66 56.71 59.37 NOTE
r-release-osx-x86_64-mavericks 3.0-1 NOTE
r-release-windows-ix86+x86_64 3.0-1 21.00 140.00 161.00 NOTE
r-oldrel-windows-ix86+x86_64 3.0-1 24.00 143.00 167.00 NOTE

Check Details

Version: 3.0-1
Check: R code for possible problems
Result: NOTE
    plotgsCP: no visible global function definition for ‘opts’
    plotgsPower: no visible global function definition for ‘opts’
    qplotit: no visible global function definition for ‘opts’
    Undefined global functions or variables:
     opts
Flavors: r-devel-linux-x86_64-debian-clang, r-devel-linux-x86_64-debian-gcc, r-devel-linux-x86_64-fedora-clang, r-devel-linux-x86_64-fedora-gcc, r-devel-osx-x86_64-clang, r-devel-windows-ix86+x86_64, r-patched-linux-x86_64, r-patched-solaris-sparc, r-patched-solaris-x86, r-release-linux-x86_64, r-release-osx-x86_64-mavericks, r-release-windows-ix86+x86_64

Version: 3.0-1
Check: R code for possible problems
Result: NOTE
    plotgsCP: no visible global function definition for 'opts'
    plotgsPower: no visible global function definition for 'opts'
    qplotit: no visible global function definition for 'opts'
Flavor: r-oldrel-windows-ix86+x86_64