CRAN Package Check Results for Package gsDesign

Last updated on 2017-01-23 14:48:06.

Flavor Version Tinstall Tcheck Ttotal Status Flags
r-devel-linux-x86_64-debian-clang 3.0-1 3.07 70.20 73.27 NOTE
r-devel-linux-x86_64-debian-gcc 3.0-1 2.88 70.25 73.13 NOTE
r-devel-linux-x86_64-fedora-clang 3.0-1 136.26 NOTE --no-stop-on-test-error
r-devel-linux-x86_64-fedora-gcc 3.0-1 136.43 NOTE --no-stop-on-test-error
r-devel-macos-x86_64-clang 3.0-1 98.27 NOTE --no-stop-on-test-error
r-devel-windows-ix86+x86_64 3.0-1 17.00 146.00 163.00 NOTE
r-patched-linux-x86_64 3.0-1 2.59 59.38 61.97 NOTE
r-patched-solaris-sparc 3.0-1 622.40 NOTE
r-patched-solaris-x86 3.0-1 124.70 NOTE
r-release-linux-x86_64 3.0-1 2.97 59.50 62.47 NOTE
r-release-osx-x86_64-mavericks 3.0-1 NOTE
r-release-windows-ix86+x86_64 3.0-1 41.00 126.00 167.00 NOTE
r-oldrel-windows-ix86+x86_64 3.0-1 39.00 160.00 199.00 NOTE

Check Details

Version: 3.0-1
Check: R code for possible problems
Result: NOTE
    plotgsCP: no visible global function definition for ‘opts’
    plotgsPower: no visible global function definition for ‘opts’
    qplotit: no visible global function definition for ‘opts’
    Undefined global functions or variables:
     opts
Flavors: r-devel-linux-x86_64-debian-clang, r-devel-linux-x86_64-debian-gcc, r-devel-windows-ix86+x86_64, r-patched-linux-x86_64, r-patched-solaris-sparc, r-patched-solaris-x86, r-release-linux-x86_64, r-release-osx-x86_64-mavericks, r-release-windows-ix86+x86_64

Version: 3.0-1
Flags: --no-stop-on-test-error
Check: R code for possible problems
Result: NOTE
    plotgsCP: no visible global function definition for ‘opts’
    plotgsPower: no visible global function definition for ‘opts’
    qplotit: no visible global function definition for ‘opts’
    Undefined global functions or variables:
     opts
Flavors: r-devel-linux-x86_64-fedora-clang, r-devel-linux-x86_64-fedora-gcc, r-devel-macos-x86_64-clang

Version: 3.0-1
Check: R code for possible problems
Result: NOTE
    plotgsCP: no visible global function definition for 'opts'
    plotgsPower: no visible global function definition for 'opts'
    qplotit: no visible global function definition for 'opts'
Flavor: r-oldrel-windows-ix86+x86_64