CRAN Package Check Results for Package gsDesign

Last updated on 2016-04-29 19:49:48.

Flavor Version Tinstall Tcheck Ttotal Status Flags
r-devel-linux-x86_64-debian-gcc 3.0-1 2.73 53.96 56.69 NOTE
r-devel-linux-x86_64-fedora-clang 3.0-1 105.51 NOTE
r-devel-linux-x86_64-fedora-gcc 3.0-1 99.42 NOTE
r-devel-osx-x86_64-clang 3.0-1 107.69 NOTE
r-devel-windows-ix86+x86_64 3.0-1 11.00 118.00 129.00 NOTE
r-patched-linux-x86_64 3.0-1 2.52 53.43 55.95 NOTE
r-patched-solaris-sparc 3.0-1 585.30 NOTE
r-patched-solaris-x86 3.0-1 114.10 NOTE
r-release-linux-x86_64 3.0-1 2.63 55.73 58.36 NOTE
r-release-osx-x86_64-mavericks 3.0-1 NOTE
r-release-windows-ix86+x86_64 3.0-1 14.00 107.00 121.00 NOTE
r-oldrel-windows-ix86+x86_64 3.0-1 22.00 170.00 192.00 NOTE

Check Details

Version: 3.0-1
Check: R code for possible problems
Result: NOTE
    plotgsCP: no visible global function definition for ‘opts’
    plotgsPower: no visible global function definition for ‘opts’
    qplotit: no visible global function definition for ‘opts’
    Undefined global functions or variables:
     opts
Flavors: r-devel-linux-x86_64-debian-gcc, r-devel-linux-x86_64-fedora-clang, r-devel-linux-x86_64-fedora-gcc, r-devel-osx-x86_64-clang, r-devel-windows-ix86+x86_64, r-patched-linux-x86_64, r-patched-solaris-sparc, r-patched-solaris-x86

Version: 3.0-1
Check: R code for possible problems
Result: NOTE
    plotgsCP: no visible global function definition for ‘opts’
    plotgsPower: no visible global function definition for ‘opts’
    qplotit: no visible global function definition for ‘opts’
Flavors: r-release-linux-x86_64, r-release-osx-x86_64-mavericks, r-release-windows-ix86+x86_64, r-oldrel-windows-ix86+x86_64