CRAN Package Check Results for Package gsDesign

Last updated on 2017-05-30 02:46:37.

Flavor Version Tinstall Tcheck Ttotal Status Flags
r-devel-linux-x86_64-debian-clang 3.0-1 3.08 69.45 72.53 NOTE
r-devel-linux-x86_64-debian-gcc 3.0-1 2.90 65.91 68.81 NOTE
r-devel-linux-x86_64-fedora-clang 3.0-1 138.41 NOTE
r-devel-linux-x86_64-fedora-gcc 3.0-1 135.17 NOTE
r-devel-windows-ix86+x86_64 3.0-1 18.00 197.00 215.00 NOTE
r-patched-linux-x86_64 3.0-1 2.81 69.23 72.05 NOTE
r-patched-solaris-sparc 3.0-1 756.30 NOTE
r-patched-solaris-x86 3.0-1 149.70 NOTE
r-release-linux-x86_64 3.0-1 3.01 70.14 73.16 NOTE
r-release-windows-ix86+x86_64 3.0-1 23.00 198.00 221.00 NOTE
r-release-osx-x86_64 3.0-1 NOTE
r-oldrel-windows-ix86+x86_64 3.0-1 14.00 112.00 126.00 NOTE
r-oldrel-osx-x86_64 3.0-1 NOTE

Check Details

Version: 3.0-1
Check: R code for possible problems
Result: NOTE
    plotgsCP: no visible global function definition for ‘opts’
    plotgsPower: no visible global function definition for ‘opts’
    qplotit: no visible global function definition for ‘opts’
    Undefined global functions or variables:
     opts
Flavors: r-devel-linux-x86_64-debian-clang, r-devel-linux-x86_64-debian-gcc, r-devel-linux-x86_64-fedora-clang, r-devel-linux-x86_64-fedora-gcc, r-devel-windows-ix86+x86_64, r-patched-linux-x86_64, r-patched-solaris-sparc, r-patched-solaris-x86, r-release-linux-x86_64, r-release-windows-ix86+x86_64, r-release-osx-x86_64, r-oldrel-windows-ix86+x86_64, r-oldrel-osx-x86_64

Version: 3.0-1
Check: compiled code
Result: NOTE
    File ‘gsDesign/libs/gsDesign.so’:
     Found no calls to: ‘R_registerRoutines’, ‘R_useDynamicSymbols’
    
    It is good practice to register native routines and to disable symbol
    search.
    
    See ‘Writing portable packages’ in the ‘Writing R Extensions’ manual.
Flavors: r-devel-linux-x86_64-debian-clang, r-devel-linux-x86_64-debian-gcc, r-devel-linux-x86_64-fedora-clang, r-devel-linux-x86_64-fedora-gcc, r-patched-linux-x86_64, r-release-linux-x86_64