CRAN Package Check Results for Package gsDesign

Last updated on 2016-07-30 23:47:30.

Flavor Version Tinstall Tcheck Ttotal Status Flags
r-devel-linux-x86_64-debian-clang 3.0-1 2.56 58.04 60.60 NOTE
r-devel-linux-x86_64-debian-gcc 3.0-1 2.59 56.39 58.98 NOTE
r-devel-linux-x86_64-fedora-clang 3.0-1 104.96 NOTE
r-devel-linux-x86_64-fedora-gcc 3.0-1 93.51 NOTE
r-devel-osx-x86_64-clang 3.0-1 77.49 NOTE
r-devel-windows-ix86+x86_64 3.0-1 12.00 119.00 131.00 NOTE
r-patched-linux-x86_64 3.0-1 2.97 57.22 60.19 NOTE
r-patched-solaris-sparc 3.0-1 587.10 NOTE
r-patched-solaris-x86 3.0-1 110.90 NOTE
r-release-linux-x86_64 3.0-1 3.41 66.45 69.86 NOTE
r-release-osx-x86_64-mavericks 3.0-1 NOTE
r-release-windows-ix86+x86_64 3.0-1 17.00 152.00 169.00 NOTE
r-oldrel-windows-ix86+x86_64 3.0-1 26.00 118.00 144.00 NOTE

Check Details

Version: 3.0-1
Check: R code for possible problems
Result: NOTE
    plotgsCP: no visible global function definition for ‘opts’
    plotgsPower: no visible global function definition for ‘opts’
    qplotit: no visible global function definition for ‘opts’
    Undefined global functions or variables:
     opts
Flavors: r-devel-linux-x86_64-debian-clang, r-devel-linux-x86_64-debian-gcc, r-devel-linux-x86_64-fedora-clang, r-devel-linux-x86_64-fedora-gcc, r-devel-osx-x86_64-clang, r-devel-windows-ix86+x86_64, r-patched-linux-x86_64, r-patched-solaris-sparc, r-patched-solaris-x86, r-release-linux-x86_64, r-release-osx-x86_64-mavericks, r-release-windows-ix86+x86_64

Version: 3.0-1
Check: R code for possible problems
Result: NOTE
    plotgsCP: no visible global function definition for 'opts'
    plotgsPower: no visible global function definition for 'opts'
    qplotit: no visible global function definition for 'opts'
Flavor: r-oldrel-windows-ix86+x86_64