CRAN Package Check Results for Package gsDesign

Last updated on 2016-12-09 03:51:36.

Flavor Version Tinstall Tcheck Ttotal Status Flags
r-devel-linux-x86_64-debian-clang 3.0-1 2.89 71.27 74.16 NOTE
r-devel-linux-x86_64-debian-gcc 3.0-1 2.72 71.64 74.36 NOTE
r-devel-linux-x86_64-fedora-clang 3.0-1 154.31 NOTE --no-stop-on-test-error
r-devel-linux-x86_64-fedora-gcc 3.0-1 142.36 NOTE --no-stop-on-test-error
r-devel-macos-x86_64-clang 3.0-1 99.92 NOTE
r-devel-windows-ix86+x86_64 3.0-1 12.00 151.00 163.00 NOTE
r-patched-linux-x86_64 3.0-1 2.73 57.64 60.36 NOTE
r-patched-solaris-sparc 3.0-1 618.50 NOTE
r-patched-solaris-x86 3.0-1 115.70 NOTE
r-release-linux-x86_64 3.0-1 2.64 59.84 62.48 NOTE
r-release-osx-x86_64-mavericks 3.0-1 NOTE
r-release-windows-ix86+x86_64 3.0-1 12.00 110.00 122.00 NOTE
r-oldrel-windows-ix86+x86_64 3.0-1 28.00 124.00 152.00 NOTE

Check Details

Version: 3.0-1
Check: R code for possible problems
Result: NOTE
    plotgsCP: no visible global function definition for ‘opts’
    plotgsPower: no visible global function definition for ‘opts’
    qplotit: no visible global function definition for ‘opts’
    Undefined global functions or variables:
     opts
Flavors: r-devel-linux-x86_64-debian-clang, r-devel-linux-x86_64-debian-gcc, r-devel-macos-x86_64-clang, r-devel-windows-ix86+x86_64, r-patched-linux-x86_64, r-patched-solaris-sparc, r-patched-solaris-x86, r-release-linux-x86_64, r-release-osx-x86_64-mavericks, r-release-windows-ix86+x86_64

Version: 3.0-1
Flags: --no-stop-on-test-error
Check: R code for possible problems
Result: NOTE
    plotgsCP: no visible global function definition for ‘opts’
    plotgsPower: no visible global function definition for ‘opts’
    qplotit: no visible global function definition for ‘opts’
    Undefined global functions or variables:
     opts
Flavors: r-devel-linux-x86_64-fedora-clang, r-devel-linux-x86_64-fedora-gcc

Version: 3.0-1
Check: R code for possible problems
Result: NOTE
    plotgsCP: no visible global function definition for 'opts'
    plotgsPower: no visible global function definition for 'opts'
    qplotit: no visible global function definition for 'opts'
Flavor: r-oldrel-windows-ix86+x86_64