Last updated on 2025-04-23 00:50:36 CEST.
Flavor | Version | Tinstall | Tcheck | Ttotal | Status | Flags |
---|---|---|---|---|---|---|
r-devel-linux-x86_64-debian-clang | 0.1.0 | 33.97 | 52.01 | 85.98 | OK | |
r-devel-linux-x86_64-debian-gcc | 0.2.0 | 20.11 | 35.69 | 55.80 | OK | |
r-devel-linux-x86_64-fedora-clang | 0.2.0 | 134.30 | OK | |||
r-devel-linux-x86_64-fedora-gcc | 0.2.0 | 148.20 | OK | |||
r-devel-windows-x86_64 | 0.2.0 | 31.00 | 103.00 | 134.00 | OK | |
r-patched-linux-x86_64 | 0.1.0 | 30.29 | 52.11 | 82.40 | OK | |
r-release-linux-x86_64 | 0.1.0 | 33.93 | 52.51 | 86.44 | OK | |
r-release-macos-arm64 | 0.2.0 | 46.00 | OK | |||
r-release-macos-x86_64 | 0.2.0 | 73.00 | OK | |||
r-release-windows-x86_64 | 0.1.0 | 42.00 | 86.00 | 128.00 | OK | |
r-oldrel-macos-arm64 | 0.2.0 | 51.00 | NOTE | |||
r-oldrel-macos-x86_64 | 0.2.0 | 80.00 | NOTE | |||
r-oldrel-windows-x86_64 | 0.1.0 | 46.00 | 103.00 | 149.00 | OK |
Version: 0.2.0
Check: installed package size
Result: NOTE
installed size is 8.2Mb
sub-directories of 1Mb or more:
help 1.8Mb
libs 6.1Mb
Flavors: r-oldrel-macos-arm64, r-oldrel-macos-x86_64