CRAN Package Check Results for Package gsarima

Last updated on 2016-02-08 19:48:25.

Flavor Version Tinstall Tcheck Ttotal Status Flags
r-devel-linux-x86_64-debian-gcc 0.1-4 0.61 12.27 12.89 NOTE
r-devel-linux-x86_64-fedora-clang 0.1-4 22.15 NOTE
r-devel-linux-x86_64-fedora-gcc 0.1-4 21.16 NOTE
r-devel-osx-x86_64-clang 0.1-4 25.99 NOTE
r-devel-windows-ix86+x86_64 0.1-4 3.00 28.00 31.00 NOTE
r-patched-linux-x86_64 0.1-4 0.57 13.03 13.60 OK
r-patched-solaris-sparc 0.1-4 153.80 OK
r-patched-solaris-x86 0.1-4 31.20 OK
r-release-linux-x86_64 0.1-4 0.60 12.66 13.26 OK
r-release-osx-x86_64-mavericks 0.1-4 OK
r-release-windows-ix86+x86_64 0.1-4 3.00 21.00 24.00 OK
r-oldrel-windows-ix86+x86_64 0.1-4 4.00 24.00 28.00 OK

Check Details

Version: 0.1-4
Check: R code for possible problems
Result: NOTE
    garsim: no visible global function definition for ‘rnorm’
    garsim: no visible global function definition for ‘rpois’
    Undefined global functions or variables:
     rnorm rpois
    Consider adding
     importFrom("stats", "rnorm", "rpois")
    to your NAMESPACE file.
Flavors: r-devel-linux-x86_64-debian-gcc, r-devel-linux-x86_64-fedora-clang, r-devel-linux-x86_64-fedora-gcc, r-devel-osx-x86_64-clang, r-devel-windows-ix86+x86_64