CRAN Package Check Results for Package gsarima

Last updated on 2016-07-26 11:50:52.

Flavor Version Tinstall Tcheck Ttotal Status Flags
r-devel-linux-x86_64-debian-clang 0.1-4 0.68 16.59 17.27 NOTE
r-devel-linux-x86_64-debian-gcc 0.1-4 0.66 16.64 17.30 NOTE
r-devel-linux-x86_64-fedora-clang 0.1-4 24.53 NOTE
r-devel-linux-x86_64-fedora-gcc 0.1-4 22.10 NOTE
r-devel-osx-x86_64-clang 0.1-4 21.02 NOTE
r-devel-windows-ix86+x86_64 0.1-4 3.00 47.00 50.00 NOTE
r-patched-linux-x86_64 0.1-4 0.59 16.39 16.97 NOTE
r-patched-solaris-sparc 0.1-4 154.70 NOTE
r-patched-solaris-x86 0.1-4 29.90 NOTE
r-release-linux-x86_64 0.1-4 0.66 16.08 16.73 NOTE
r-release-osx-x86_64-mavericks 0.1-4 NOTE
r-release-windows-ix86+x86_64 0.1-4 3.00 53.00 56.00 NOTE
r-oldrel-windows-ix86+x86_64 0.1-4 3.00 42.00 45.00 OK

Check Details

Version: 0.1-4
Check: R code for possible problems
Result: NOTE
    garsim: no visible global function definition for ‘rnorm’
    garsim: no visible global function definition for ‘rpois’
    Undefined global functions or variables:
     rnorm rpois
    Consider adding
     importFrom("stats", "rnorm", "rpois")
    to your NAMESPACE file.
Flavors: r-devel-linux-x86_64-debian-clang, r-devel-linux-x86_64-debian-gcc, r-devel-linux-x86_64-fedora-clang, r-devel-linux-x86_64-fedora-gcc, r-devel-osx-x86_64-clang, r-devel-windows-ix86+x86_64, r-patched-linux-x86_64, r-patched-solaris-sparc, r-patched-solaris-x86, r-release-linux-x86_64, r-release-osx-x86_64-mavericks, r-release-windows-ix86+x86_64