CRAN Package Check Results for Package gsarima

Last updated on 2018-04-25 19:46:54 CEST.

Flavor Version Tinstall Tcheck Ttotal Status Flags
r-devel-linux-x86_64-debian-clang 0.1-4 1.76 23.65 25.41 NOTE
r-devel-linux-x86_64-debian-gcc 0.1-4 1.38 18.27 19.65 NOTE
r-devel-linux-x86_64-fedora-clang 0.1-4 30.37 NOTE
r-devel-linux-x86_64-fedora-gcc 0.1-4 28.91 NOTE
r-devel-windows-ix86+x86_64 0.1-4 5.00 35.00 40.00 NOTE
r-patched-linux-x86_64 0.1-4 1.92 23.34 25.26 NOTE
r-patched-solaris-x86 0.1-4 49.90 NOTE
r-release-linux-x86_64 0.1-4 1.25 23.52 24.77 NOTE
r-release-windows-ix86+x86_64 0.1-4 5.00 35.00 40.00 NOTE
r-release-osx-x86_64 0.1-4 NOTE
r-oldrel-windows-ix86+x86_64 0.1-4 3.00 50.00 53.00 NOTE
r-oldrel-osx-x86_64 0.1-4 NOTE

Check Details

Version: 0.1-4
Check: R code for possible problems
Result: NOTE
    garsim: no visible global function definition for ‘rnorm’
    garsim: no visible global function definition for ‘rpois’
    Undefined global functions or variables:
     rnorm rpois
    Consider adding
     importFrom("stats", "rnorm", "rpois")
    to your NAMESPACE file.
Flavors: r-devel-linux-x86_64-debian-clang, r-devel-linux-x86_64-debian-gcc, r-devel-linux-x86_64-fedora-clang, r-devel-linux-x86_64-fedora-gcc, r-devel-windows-ix86+x86_64, r-patched-linux-x86_64, r-patched-solaris-x86, r-release-linux-x86_64, r-release-windows-ix86+x86_64, r-release-osx-x86_64, r-oldrel-windows-ix86+x86_64, r-oldrel-osx-x86_64

Version: 0.1-4
Check: package dependencies
Result: NOTE
    Package suggested but not available for checking: 'dse1'
Flavors: r-devel-windows-ix86+x86_64, r-release-windows-ix86+x86_64