CRAN Package Check Results for Package gsarima

Last updated on 2018-02-23 01:46:25 CET.

Flavor Version Tinstall Tcheck Ttotal Status Flags
r-devel-linux-x86_64-debian-clang 0.1-4 1.79 22.11 23.90 NOTE
r-devel-linux-x86_64-debian-gcc 0.1-4 1.42 18.02 19.44 NOTE
r-devel-linux-x86_64-fedora-clang 0.1-4 30.13 NOTE
r-devel-linux-x86_64-fedora-gcc 0.1-4 28.68 NOTE
r-devel-windows-ix86+x86_64 0.1-4 6.00 32.00 38.00 NOTE
r-patched-linux-x86_64 0.1-4 0.60 24.32 24.92 NOTE
r-patched-solaris-x86 0.1-4 42.90 NOTE
r-release-linux-x86_64 0.1-4 0.81 24.35 25.16 NOTE
r-release-windows-ix86+x86_64 0.1-4 3.00 46.00 49.00 NOTE
r-release-osx-x86_64 0.1-4 NOTE
r-oldrel-windows-ix86+x86_64 0.1-4 2.00 46.00 48.00 NOTE
r-oldrel-osx-x86_64 0.1-4 NOTE

Check Details

Version: 0.1-4
Check: R code for possible problems
Result: NOTE
    garsim: no visible global function definition for ‘rnorm’
    garsim: no visible global function definition for ‘rpois’
    Undefined global functions or variables:
     rnorm rpois
    Consider adding
     importFrom("stats", "rnorm", "rpois")
    to your NAMESPACE file.
Flavors: r-devel-linux-x86_64-debian-clang, r-devel-linux-x86_64-debian-gcc, r-devel-linux-x86_64-fedora-clang, r-devel-linux-x86_64-fedora-gcc, r-devel-windows-ix86+x86_64, r-patched-linux-x86_64, r-patched-solaris-x86, r-release-linux-x86_64, r-release-windows-ix86+x86_64, r-release-osx-x86_64, r-oldrel-windows-ix86+x86_64, r-oldrel-osx-x86_64

Version: 0.1-4
Check: package dependencies
Result: NOTE
    Package suggested but not available for checking: 'dse1'
Flavor: r-devel-windows-ix86+x86_64