CRAN Package Check Results for Package gsarima

Last updated on 2017-12-12 02:49:36 CET.

Flavor Version Tinstall Tcheck Ttotal Status Flags
r-devel-linux-x86_64-debian-clang 0.1-4 0.75 21.68 22.43 NOTE
r-devel-linux-x86_64-debian-gcc 0.1-4 0.51 18.58 19.09 NOTE
r-devel-linux-x86_64-fedora-clang 0.1-4 28.24 NOTE
r-devel-linux-x86_64-fedora-gcc 0.1-4 27.43 NOTE
r-devel-windows-ix86+x86_64 0.1-4 3.00 40.00 43.00 NOTE
r-patched-linux-x86_64 0.1-4 0.70 24.18 24.88 NOTE
r-patched-solaris-x86 0.1-4 44.60 NOTE
r-release-linux-x86_64 0.1-4 0.76 23.81 24.57 NOTE
r-release-windows-ix86+x86_64 0.1-4 2.00 37.00 39.00 NOTE
r-release-osx-x86_64 0.1-4 NOTE
r-oldrel-windows-ix86+x86_64 0.1-4 3.00 51.00 54.00 NOTE
r-oldrel-osx-x86_64 0.1-4 NOTE

Check Details

Version: 0.1-4
Check: R code for possible problems
Result: NOTE
    garsim: no visible global function definition for ‘rnorm’
    garsim: no visible global function definition for ‘rpois’
    Undefined global functions or variables:
     rnorm rpois
    Consider adding
     importFrom("stats", "rnorm", "rpois")
    to your NAMESPACE file.
Flavors: r-devel-linux-x86_64-debian-clang, r-devel-linux-x86_64-debian-gcc, r-devel-linux-x86_64-fedora-clang, r-devel-linux-x86_64-fedora-gcc, r-devel-windows-ix86+x86_64, r-patched-linux-x86_64, r-patched-solaris-x86, r-release-linux-x86_64, r-release-windows-ix86+x86_64, r-release-osx-x86_64, r-oldrel-windows-ix86+x86_64, r-oldrel-osx-x86_64