CRAN Package Check Results for Package gsarima

Last updated on 2016-12-10 07:47:26.

Flavor Version Tinstall Tcheck Ttotal Status Flags
r-devel-linux-x86_64-debian-clang 0.1-4 0.60 16.68 17.28 NOTE
r-devel-linux-x86_64-debian-gcc 0.1-4 0.65 16.08 16.73 NOTE
r-devel-linux-x86_64-fedora-clang 0.1-4 33.27 NOTE --no-stop-on-test-error
r-devel-linux-x86_64-fedora-gcc 0.1-4 30.82 NOTE --no-stop-on-test-error
r-devel-macos-x86_64-clang 0.1-4 24.86 NOTE --no-stop-on-test-error
r-devel-windows-ix86+x86_64 0.1-4 2.00 36.00 38.00 NOTE
r-patched-linux-x86_64 0.1-4 0.56 13.64 14.20 NOTE
r-patched-solaris-sparc 0.1-4 154.70 NOTE
r-patched-solaris-x86 0.1-4 30.60 NOTE
r-release-linux-x86_64 0.1-4 0.52 13.49 14.01 NOTE
r-release-osx-x86_64-mavericks 0.1-4 NOTE
r-release-windows-ix86+x86_64 0.1-4 2.00 34.00 36.00 NOTE
r-oldrel-windows-ix86+x86_64 0.1-4 4.00 30.00 34.00 OK

Check Details

Version: 0.1-4
Check: R code for possible problems
Result: NOTE
    garsim: no visible global function definition for ‘rnorm’
    garsim: no visible global function definition for ‘rpois’
    Undefined global functions or variables:
     rnorm rpois
    Consider adding
     importFrom("stats", "rnorm", "rpois")
    to your NAMESPACE file.
Flavors: r-devel-linux-x86_64-debian-clang, r-devel-linux-x86_64-debian-gcc, r-devel-windows-ix86+x86_64, r-patched-linux-x86_64, r-patched-solaris-sparc, r-patched-solaris-x86, r-release-linux-x86_64, r-release-osx-x86_64-mavericks, r-release-windows-ix86+x86_64

Version: 0.1-4
Flags: --no-stop-on-test-error
Check: R code for possible problems
Result: NOTE
    garsim: no visible global function definition for ‘rnorm’
    garsim: no visible global function definition for ‘rpois’
    Undefined global functions or variables:
     rnorm rpois
    Consider adding
     importFrom("stats", "rnorm", "rpois")
    to your NAMESPACE file.
Flavors: r-devel-linux-x86_64-fedora-clang, r-devel-linux-x86_64-fedora-gcc, r-devel-macos-x86_64-clang