CRAN Package Check Results for Package gsarima

Last updated on 2017-08-17 20:46:42.

Flavor Version Tinstall Tcheck Ttotal Status Flags
r-devel-linux-x86_64-debian-clang 0.1-4 0.61 17.59 18.20 NOTE
r-devel-linux-x86_64-debian-gcc 0.1-4 0.69 17.04 17.73 NOTE
r-devel-linux-x86_64-fedora-clang 0.1-4 30.09 NOTE
r-devel-linux-x86_64-fedora-gcc 0.1-4 29.47 NOTE
r-devel-windows-ix86+x86_64 0.1-4 2.00 47.00 49.00 NOTE
r-patched-linux-x86_64 0.1-4 0.60 16.97 17.57 NOTE
r-patched-solaris-x86 0.1-4 44.10 NOTE
r-release-linux-x86_64 0.1-4 0.59 16.94 17.53 NOTE
r-release-windows-ix86+x86_64 0.1-4 2.00 38.00 40.00 NOTE
r-release-osx-x86_64 0.1-4 NOTE
r-oldrel-windows-ix86+x86_64 0.1-4 2.00 59.00 61.00 NOTE
r-oldrel-osx-x86_64 0.1-4 NOTE

Check Details

Version: 0.1-4
Check: R code for possible problems
Result: NOTE
    garsim: no visible global function definition for ‘rnorm’
    garsim: no visible global function definition for ‘rpois’
    Undefined global functions or variables:
     rnorm rpois
    Consider adding
     importFrom("stats", "rnorm", "rpois")
    to your NAMESPACE file.
Flavors: r-devel-linux-x86_64-debian-clang, r-devel-linux-x86_64-debian-gcc, r-devel-linux-x86_64-fedora-clang, r-devel-linux-x86_64-fedora-gcc, r-devel-windows-ix86+x86_64, r-patched-linux-x86_64, r-patched-solaris-x86, r-release-linux-x86_64, r-release-windows-ix86+x86_64, r-release-osx-x86_64, r-oldrel-windows-ix86+x86_64, r-oldrel-osx-x86_64