CRAN Package Check Results for Package gsarima

Last updated on 2015-07-29 12:47:25.

Flavor Version Tinstall Tcheck Ttotal Status Flags
r-devel-linux-x86_64-debian-clang 0.1-4 0.52 12.57 13.09 NOTE
r-devel-linux-x86_64-debian-gcc 0.1-4 0.55 12.49 13.04 NOTE
r-devel-linux-x86_64-fedora-clang 0.1-4 24.32 NOTE
r-devel-linux-x86_64-fedora-gcc 0.1-4 23.77 NOTE
r-devel-osx-x86_64-clang 0.1-4 23.49 OK
r-devel-windows-ix86+x86_64 0.1-4 3.00 21.00 24.00 NOTE
r-patched-linux-x86_64 0.1-4 0.53 12.75 13.28 OK
r-patched-solaris-sparc 0.1-4 175.00 OK
r-patched-solaris-x86 0.1-4 37.20 OK
r-release-linux-x86_64 0.1-4 0.52 12.93 13.45 OK
r-release-osx-x86_64-mavericks 0.1-4 OK
r-release-windows-ix86+x86_64 0.1-4 3.00 22.00 25.00 OK
r-oldrel-windows-ix86+x86_64 0.1-4 4.00 25.00 29.00 OK

Check Details

Version: 0.1-4
Check: R code for possible problems
Result: NOTE
    garsim: no visible global function definition for ‘rnorm’
    garsim: no visible global function definition for ‘rpois’
    Undefined global functions or variables:
     rnorm rpois
    Consider adding
     importFrom("stats", "rnorm", "rpois")
    to your NAMESPACE.
Flavors: r-devel-linux-x86_64-debian-clang, r-devel-linux-x86_64-debian-gcc, r-devel-linux-x86_64-fedora-clang, r-devel-linux-x86_64-fedora-gcc, r-devel-windows-ix86+x86_64