CRAN Package Check Results for Package gsarima

Last updated on 2016-09-25 11:47:09.

Flavor Version Tinstall Tcheck Ttotal Status Flags
r-devel-linux-x86_64-debian-clang 0.1-4 0.50 14.33 14.83 NOTE
r-devel-linux-x86_64-debian-gcc 0.1-4 0.69 14.01 14.70 NOTE
r-devel-linux-x86_64-fedora-clang 0.1-4 25.82 NOTE
r-devel-linux-x86_64-fedora-gcc 0.1-4 23.72 NOTE
r-devel-macos-x86_64-clang 0.1-4 20.87 NOTE
r-devel-windows-ix86+x86_64 0.1-4 4.00 40.00 44.00 NOTE
r-patched-linux-x86_64 0.1-4 0.53 13.94 14.47 NOTE
r-patched-solaris-sparc 0.1-4 154.70 NOTE
r-patched-solaris-x86 0.1-4 31.00 NOTE
r-release-linux-x86_64 0.1-4 0.52 13.95 14.47 NOTE
r-release-osx-x86_64-mavericks 0.1-4 NOTE
r-release-windows-ix86+x86_64 0.1-4 2.00 33.00 35.00 NOTE
r-oldrel-windows-ix86+x86_64 0.1-4 4.00 34.00 38.00 OK

Check Details

Version: 0.1-4
Check: R code for possible problems
Result: NOTE
    garsim: no visible global function definition for ‘rnorm’
    garsim: no visible global function definition for ‘rpois’
    Undefined global functions or variables:
     rnorm rpois
    Consider adding
     importFrom("stats", "rnorm", "rpois")
    to your NAMESPACE file.
Flavors: r-devel-linux-x86_64-debian-clang, r-devel-linux-x86_64-debian-gcc, r-devel-linux-x86_64-fedora-clang, r-devel-linux-x86_64-fedora-gcc, r-devel-macos-x86_64-clang, r-devel-windows-ix86+x86_64, r-patched-linux-x86_64, r-patched-solaris-sparc, r-patched-solaris-x86, r-release-linux-x86_64, r-release-osx-x86_64-mavericks, r-release-windows-ix86+x86_64