CRAN Package Check Results for Package gsarima

Last updated on 2014-11-26 05:47:47.

Flavor Version Tinstall Tcheck Ttotal Status Flags
r-devel-linux-x86_64-debian-clang 0.1-4 0.58 15.91 16.48 NOTE
r-devel-linux-x86_64-debian-gcc 0.1-4 0.60 15.66 16.26 OK
r-devel-linux-x86_64-fedora-clang 0.1-4 36.36 OK
r-devel-linux-x86_64-fedora-gcc 0.1-4 33.17 OK
r-devel-osx-x86_64-clang 0.1-4 34.96 OK
r-devel-windows-ix86+x86_64 0.1-4 3.00 23.00 26.00 OK
r-patched-linux-x86_64 0.1-4 0.61 15.82 16.43 NOTE
r-patched-solaris-sparc 0.1-4 197.50 OK
r-patched-solaris-x86 0.1-4 47.20 OK
r-release-linux-ix86 0.1-4 0.88 22.06 22.94 OK
r-release-linux-x86_64 0.1-4 0.60 15.84 16.44 OK
r-release-osx-x86_64-mavericks 0.1-4 OK
r-release-osx-x86_64-snowleopard 0.1-4 OK
r-release-windows-ix86+x86_64 0.1-4 2.00 25.00 27.00 OK
r-oldrel-windows-ix86+x86_64 0.1-4 2.00 30.00 32.00 OK

Check Details

Version: 0.1-4
Check: package dependencies
Result: NOTE
    Package suggested but not available for checking: ‘dse1’
Flavors: r-devel-linux-x86_64-debian-clang, r-patched-linux-x86_64