CRAN Package Check Results for Package gsarima

Last updated on 2016-08-31 15:47:59.

Flavor Version Tinstall Tcheck Ttotal Status Flags
r-devel-linux-x86_64-debian-clang 0.1-4 0.54 14.14 14.68 NOTE
r-devel-linux-x86_64-debian-gcc 0.1-4 0.60 13.90 14.50 NOTE
r-devel-linux-x86_64-fedora-clang 0.1-4 24.33 NOTE
r-devel-linux-x86_64-fedora-gcc 0.1-4 24.35 NOTE
r-devel-osx-x86_64-clang 0.1-4 20.95 NOTE
r-devel-windows-ix86+x86_64 0.1-4 4.00 41.00 45.00 NOTE
r-patched-linux-x86_64 0.1-4 0.59 14.20 14.79 NOTE
r-patched-solaris-sparc 0.1-4 154.70 NOTE
r-patched-solaris-x86 0.1-4 30.50 NOTE
r-release-linux-x86_64 0.1-4 0.59 14.00 14.59 NOTE
r-release-osx-x86_64-mavericks 0.1-4 NOTE
r-release-windows-ix86+x86_64 0.1-4 4.00 41.00 45.00 NOTE
r-oldrel-windows-ix86+x86_64 0.1-4 4.00 35.00 39.00 OK

Check Details

Version: 0.1-4
Check: R code for possible problems
Result: NOTE
    garsim: no visible global function definition for ‘rnorm’
    garsim: no visible global function definition for ‘rpois’
    Undefined global functions or variables:
     rnorm rpois
    Consider adding
     importFrom("stats", "rnorm", "rpois")
    to your NAMESPACE file.
Flavors: r-devel-linux-x86_64-debian-clang, r-devel-linux-x86_64-debian-gcc, r-devel-linux-x86_64-fedora-clang, r-devel-linux-x86_64-fedora-gcc, r-devel-osx-x86_64-clang, r-devel-windows-ix86+x86_64, r-patched-linux-x86_64, r-patched-solaris-sparc, r-patched-solaris-x86, r-release-linux-x86_64, r-release-osx-x86_64-mavericks, r-release-windows-ix86+x86_64