CRAN Package Check Results for Package gsarima

Last updated on 2017-10-19 19:47:06.

Flavor Version Tinstall Tcheck Ttotal Status Flags
r-devel-linux-x86_64-debian-clang 0.1-4 0.59 17.19 17.79 NOTE
r-devel-linux-x86_64-debian-gcc 0.1-4 0.64 16.54 17.18 NOTE
r-devel-linux-x86_64-fedora-clang 0.1-4 31.15 NOTE
r-devel-linux-x86_64-fedora-gcc 0.1-4 29.81 NOTE
r-devel-windows-ix86+x86_64 0.1-4 2.00 34.00 36.00 NOTE
r-patched-linux-x86_64 0.1-4 0.62 16.87 17.49 NOTE
r-patched-solaris-x86 0.1-4 44.50 NOTE
r-release-linux-x86_64 0.1-4 0.58 17.28 17.86 NOTE
r-release-windows-ix86+x86_64 0.1-4 7.00 42.00 49.00 NOTE
r-release-osx-x86_64 0.1-4 NOTE
r-oldrel-windows-ix86+x86_64 0.1-4 3.00 41.00 44.00 NOTE
r-oldrel-osx-x86_64 0.1-4 NOTE

Check Details

Version: 0.1-4
Check: R code for possible problems
Result: NOTE
    garsim: no visible global function definition for ‘rnorm’
    garsim: no visible global function definition for ‘rpois’
    Undefined global functions or variables:
     rnorm rpois
    Consider adding
     importFrom("stats", "rnorm", "rpois")
    to your NAMESPACE file.
Flavors: r-devel-linux-x86_64-debian-clang, r-devel-linux-x86_64-debian-gcc, r-devel-linux-x86_64-fedora-clang, r-devel-linux-x86_64-fedora-gcc, r-devel-windows-ix86+x86_64, r-patched-linux-x86_64, r-patched-solaris-x86, r-release-linux-x86_64, r-release-windows-ix86+x86_64, r-release-osx-x86_64, r-oldrel-windows-ix86+x86_64, r-oldrel-osx-x86_64