CRAN Package Check Results for Package gsbDesign

Last updated on 2015-02-28 12:51:13.

Flavor Version Tinstall Tcheck Ttotal Status Flags
r-devel-linux-x86_64-debian-clang 0.96-2 1.30 23.76 25.06 NOTE
r-devel-linux-x86_64-debian-gcc 0.96-2 1.36 22.96 24.32 NOTE
r-devel-linux-x86_64-fedora-clang 0.96-2 50.82 NOTE
r-devel-linux-x86_64-fedora-gcc 0.96-2 47.28 NOTE
r-devel-osx-x86_64-clang 0.96-2 49.97 NOTE
r-devel-windows-ix86+x86_64 0.96-2 9.00 37.00 46.00 NOTE
r-patched-linux-x86_64 0.96-2 2.38 33.14 35.52 NOTE
r-patched-solaris-sparc 0.96-2 378.90 NOTE
r-patched-solaris-x86 0.96-2 86.20 NOTE
r-release-linux-ix86 0.96-2 2.19 38.93 41.12 NOTE
r-release-linux-x86_64 0.96-2 2.31 32.93 35.24 NOTE
r-release-osx-x86_64-mavericks 0.96-2 NOTE
r-release-osx-x86_64-snowleopard 0.96-2 OK
r-release-windows-ix86+x86_64 0.96-2 9.00 55.00 64.00 NOTE
r-oldrel-windows-ix86+x86_64 0.96-2 10.00 57.00 67.00 NOTE

Check Details

Version: 0.96-2
Check: top-level files
Result: NOTE
    Non-standard file/directory found at top level:
     ‘changeLog’
Flavors: r-devel-linux-x86_64-debian-clang, r-devel-linux-x86_64-debian-gcc, r-devel-linux-x86_64-fedora-clang, r-devel-linux-x86_64-fedora-gcc, r-patched-linux-x86_64, r-release-linux-ix86, r-release-linux-x86_64

Version: 0.96-2
Check: dependencies in R code
Result: NOTE
    Packages in Depends field not imported from:
     ‘grid’ ‘gsDesign’ ‘lattice’
     These packages need to be imported from (in the NAMESPACE file)
     for when this namespace is loaded but not attached.
Flavors: r-devel-linux-x86_64-debian-clang, r-devel-linux-x86_64-debian-gcc, r-devel-linux-x86_64-fedora-clang, r-devel-linux-x86_64-fedora-gcc, r-devel-osx-x86_64-clang, r-devel-windows-ix86+x86_64, r-patched-linux-x86_64, r-patched-solaris-x86

Version: 0.96-2
Check: R code for possible problems
Result: NOTE
    gsbCalcDif: no visible global function definition for ‘gsProbability’
    plot.boundary : panel: no visible global function definition for
     ‘panel.grid’
    plot.boundary : panel: no visible global function definition for
     ‘panel.xyplot’
    plot.boundary: no visible global function definition for ‘xyplot’
    plot.gsbMainOut: no visible global function definition for
     ‘trellis.par.get’
    plot.gsbMainOut: no visible global function definition for
     ‘trellis.par.set’
    plot.gsbSimArm.result : pan.function: no visible global function
     definition for ‘current.panel.limits’
    plot.gsbSimArm.result : pan.function: no visible global function
     definition for ‘panel.levelplot’
    plot.gsbSimArm.result : pan.function: no visible global function
     definition for ‘grid.points’
    plot.gsbSimArm.result: no visible global function definition for
     ‘levelplot’
    plot.gsbSimArm.result: no visible global function definition for
     ‘contourplot’
    plot.gsbSimArm.sliced: no visible global function definition for
     ‘trellis.par.get’
    plot.gsbSimArm.sliced: no visible global function definition for
     ‘trellis.par.set’
    plot.gsbSimArm.sliced : panel: no visible global function definition
     for ‘panel.grid’
    plot.gsbSimArm.sliced : panel: no visible global function definition
     for ‘panel.xyplot’
    plot.gsbSimArm.sliced: no visible global function definition for
     ‘xyplot’
    plot.gsbSimDif.result : panel: no visible global function definition
     for ‘panel.grid’
    plot.gsbSimDif.result : panel: no visible global function definition
     for ‘panel.xyplot’
    plot.gsbSimDif.result: no visible global function definition for
     ‘xyplot’
Flavors: r-devel-linux-x86_64-debian-clang, r-devel-linux-x86_64-debian-gcc, r-devel-linux-x86_64-fedora-clang, r-devel-linux-x86_64-fedora-gcc, r-devel-osx-x86_64-clang, r-devel-windows-ix86+x86_64, r-patched-linux-x86_64, r-patched-solaris-sparc, r-patched-solaris-x86, r-release-linux-ix86, r-release-linux-x86_64, r-release-osx-x86_64-mavericks, r-release-windows-ix86+x86_64

Version: 0.96-2
Check: Rd line widths
Result: NOTE
    Rd file 'plot.gsbMainOut.Rd':
     \examples lines wider than 100 characters:
     p1 <- qplot(delta,value,geom="blank",color=type,facets=.~stage,data=datgraph2, xlab=expression(delta))
    
    These lines will be truncated in the PDF manual.
Flavors: r-devel-linux-x86_64-debian-clang, r-devel-linux-x86_64-debian-gcc, r-devel-linux-x86_64-fedora-clang, r-devel-linux-x86_64-fedora-gcc, r-patched-linux-x86_64, r-release-linux-ix86, r-release-linux-x86_64

Version: 0.96-2
Check: dependencies in R code
Result: NOTE
    Packages in Depends field not imported from:
     ‘grid’ ‘gsDesign’ ‘lattice’
     These packages need to be imported from (in the NAMESPACE file)
     for when this namespace is loaded but not attached.
    See the information on DESCRIPTION files in the chapter ‘Creating R
    packages’ of the ‘Writing R Extensions’ manual.
Flavors: r-patched-solaris-sparc, r-release-linux-ix86, r-release-linux-x86_64, r-release-osx-x86_64-mavericks, r-release-windows-ix86+x86_64

Version: 0.96-2
Check: dependencies in R code
Result: NOTE
    Packages in Depends field not imported from:
     'gsDesign' 'lattice'
     These packages need to be imported from (in the NAMESPACE file)
     for when this namespace is loaded but not attached.
    See the information on DESCRIPTION files in the chapter 'Creating R
    packages' of the 'Writing R Extensions' manual.
Flavor: r-oldrel-windows-ix86+x86_64