CRAN Package Check Results for Package gsbDesign

Last updated on 2014-12-20 16:49:01.

Flavor Version Tinstall Tcheck Ttotal Status Flags
r-devel-linux-x86_64-debian-clang 0.96-2 1.78 30.92 32.70 NOTE
r-devel-linux-x86_64-debian-gcc 0.96-2 1.74 31.16 32.90 NOTE
r-devel-linux-x86_64-fedora-clang 0.96-2 68.49 NOTE
r-devel-linux-x86_64-fedora-gcc 0.96-2 60.71 NOTE
r-devel-osx-x86_64-clang 0.96-2 63.90 NOTE
r-devel-windows-ix86+x86_64 0.96-2 11.00 54.00 65.00 NOTE
r-patched-linux-x86_64 0.96-2 1.81 30.78 32.58 NOTE
r-patched-solaris-sparc 0.96-2 372.40 NOTE
r-patched-solaris-x86 0.96-2 84.10 NOTE
r-release-linux-ix86 0.96-2 2.18 37.87 40.06 NOTE
r-release-linux-x86_64 0.96-2 1.81 31.20 33.02 NOTE
r-release-osx-x86_64-mavericks 0.96-2 NOTE
r-release-osx-x86_64-snowleopard 0.96-2 OK
r-release-windows-ix86+x86_64 0.96-2 10.00 54.00 64.00 NOTE
r-oldrel-windows-ix86+x86_64 0.96-2 8.00 58.00 66.00 NOTE

Check Details

Version: 0.96-2
Check: top-level files
Result: NOTE
    Non-standard file/directory found at top level:
     ‘changeLog’
Flavors: r-devel-linux-x86_64-debian-clang, r-devel-linux-x86_64-debian-gcc, r-devel-linux-x86_64-fedora-clang, r-devel-linux-x86_64-fedora-gcc, r-patched-linux-x86_64, r-release-linux-x86_64

Version: 0.96-2
Check: dependencies in R code
Result: NOTE
    Packages in Depends field not imported from:
     ‘grid’ ‘gsDesign’ ‘lattice’
     These packages need to be imported from (in the NAMESPACE file)
     for when this namespace is loaded but not attached.
    See the information on DESCRIPTION files in the chapter ‘Creating R
    packages’ of the ‘Writing R Extensions’ manual.
Flavors: r-devel-linux-x86_64-debian-clang, r-devel-linux-x86_64-debian-gcc, r-devel-linux-x86_64-fedora-clang, r-devel-linux-x86_64-fedora-gcc, r-devel-osx-x86_64-clang, r-devel-windows-ix86+x86_64, r-patched-linux-x86_64, r-patched-solaris-sparc, r-patched-solaris-x86, r-release-linux-ix86, r-release-linux-x86_64, r-release-windows-ix86+x86_64

Version: 0.96-2
Check: R code for possible problems
Result: NOTE
    gsbCalcDif: no visible global function definition for ‘gsProbability’
    plot.boundary : panel: no visible global function definition for
     ‘panel.grid’
    plot.boundary : panel: no visible global function definition for
     ‘panel.xyplot’
    plot.boundary: no visible global function definition for ‘xyplot’
    plot.gsbMainOut: no visible global function definition for
     ‘trellis.par.get’
    plot.gsbMainOut: no visible global function definition for
     ‘trellis.par.set’
    plot.gsbSimArm.result : pan.function: no visible global function
     definition for ‘current.panel.limits’
    plot.gsbSimArm.result : pan.function: no visible global function
     definition for ‘panel.levelplot’
    plot.gsbSimArm.result : pan.function: no visible global function
     definition for ‘grid.points’
    plot.gsbSimArm.result: no visible global function definition for
     ‘levelplot’
    plot.gsbSimArm.result: no visible global function definition for
     ‘contourplot’
    plot.gsbSimArm.sliced: no visible global function definition for
     ‘trellis.par.get’
    plot.gsbSimArm.sliced: no visible global function definition for
     ‘trellis.par.set’
    plot.gsbSimArm.sliced : panel: no visible global function definition
     for ‘panel.grid’
    plot.gsbSimArm.sliced : panel: no visible global function definition
     for ‘panel.xyplot’
    plot.gsbSimArm.sliced: no visible global function definition for
     ‘xyplot’
    plot.gsbSimDif.result : panel: no visible global function definition
     for ‘panel.grid’
    plot.gsbSimDif.result : panel: no visible global function definition
     for ‘panel.xyplot’
    plot.gsbSimDif.result: no visible global function definition for
     ‘xyplot’
Flavors: r-devel-linux-x86_64-debian-clang, r-devel-linux-x86_64-debian-gcc, r-devel-linux-x86_64-fedora-clang, r-devel-linux-x86_64-fedora-gcc, r-devel-osx-x86_64-clang, r-devel-windows-ix86+x86_64, r-patched-linux-x86_64, r-patched-solaris-sparc, r-patched-solaris-x86, r-release-linux-ix86, r-release-linux-x86_64, r-release-windows-ix86+x86_64

Version: 0.96-2
Check: Rd line widths
Result: NOTE
    Rd file 'plot.gsbMainOut.Rd':
     \examples lines wider than 100 characters:
     p1 <- qplot(delta,value,geom="blank",color=type,facets=.~stage,data=datgraph2, xlab=expression(delta))
    
    These lines will be truncated in the PDF manual.
Flavors: r-devel-linux-x86_64-debian-clang, r-devel-linux-x86_64-debian-gcc, r-devel-linux-x86_64-fedora-clang, r-devel-linux-x86_64-fedora-gcc, r-patched-linux-x86_64, r-release-linux-x86_64

Version: 0.96-2
Check: dependencies in R code
Result: NOTE
    Packages in Depends field not imported from:
     ‘gsDesign’ ‘lattice’
     These packages need to be imported from (in the NAMESPACE file)
     for when this namespace is loaded but not attached.
    See the information on DESCRIPTION files in the chapter ‘Creating R
    packages’ of the ‘Writing R Extensions’ manual.
Flavors: r-release-osx-x86_64-mavericks, r-oldrel-windows-ix86+x86_64