CRAN Package Check Results for Package gsbDesign

Last updated on 2014-04-24 09:49:02.

Flavor Version Tinstall Tcheck Ttotal Status Flags
r-devel-linux-x86_64-debian-clang 0.96-2 2.52 32.80 35.33 NOTE
r-devel-linux-x86_64-debian-gcc 0.96-2 1.98 32.72 34.70 NOTE
r-devel-linux-x86_64-fedora-clang 0.96-2 69.94 NOTE
r-devel-linux-x86_64-fedora-gcc 0.96-2 67.52 NOTE
r-devel-osx-x86_64-clang 0.96-2 63.74 NOTE
r-devel-osx-x86_64-gcc 0.96-2 ERROR
r-devel-windows-ix86+x86_64 0.96-2 7.00 47.00 54.00 NOTE
r-patched-linux-x86_64 0.96-2 1.92 33.16 35.09 NOTE
r-patched-solaris-sparc 0.96-2 375.30 NOTE
r-patched-solaris-x86 0.96-2 87.70 NOTE
r-release-linux-ix86 0.96-2 3.00 58.00 61.00 NOTE
r-release-linux-x86_64 0.96-2 2.12 33.21 35.33 NOTE
r-release-osx-x86_64-mavericks 0.96-2 WARN
r-release-osx-x86_64-snowleopard 0.96-2 OK
r-release-windows-ix86+x86_64 0.96-2 7.00 48.00 55.00 NOTE
r-oldrel-windows-ix86+x86_64 0.96-2 8.00 53.00 61.00 NOTE

Check Details

Version: 0.96-2
Check: dependencies in R code
Result: NOTE
    Packages in Depends field not imported from:
     ‘gsDesign’ ‘lattice’
     These packages need to be imported from (in the NAMESPACE file)
     for when this namespace is loaded but not attached.
    See the information on DESCRIPTION files in the chapter ‘Creating R
    packages’ of the ‘Writing R Extensions’ manual.
Flavors: r-devel-linux-x86_64-debian-clang, r-devel-linux-x86_64-debian-gcc, r-devel-linux-x86_64-fedora-clang, r-devel-linux-x86_64-fedora-gcc, r-devel-osx-x86_64-clang, r-devel-windows-ix86+x86_64, r-patched-linux-x86_64, r-patched-solaris-sparc, r-patched-solaris-x86, r-release-linux-ix86, r-release-linux-x86_64, r-release-osx-x86_64-mavericks, r-release-windows-ix86+x86_64, r-oldrel-windows-ix86+x86_64

Version: 0.96-2
Check: top-level files
Result: NOTE
    Non-standard file/directory found at top level:
     ‘changeLog’
Flavors: r-devel-linux-x86_64-fedora-clang, r-devel-linux-x86_64-fedora-gcc

Version: 0.96-2
Check: Rd line widths
Result: NOTE
    Rd file 'plot.gsbMainOut.Rd':
     \examples lines wider than 100 characters:
     p1 <- qplot(delta,value,geom="blank",color=type,facets=.~stage,data=datgraph2, xlab=expression(delta))
    
    These lines will be truncated in the PDF manual.
Flavors: r-devel-linux-x86_64-fedora-clang, r-devel-linux-x86_64-fedora-gcc

Version: 0.96-2
Check: package dependencies
Result: ERROR
    Package required but not available: ‘gsDesign’
    
    See the information on DESCRIPTION files in the chapter ‘Creating R
    packages’ of the ‘Writing R Extensions’ manual.
Flavor: r-devel-osx-x86_64-gcc

Version: 0.96-2
Check: PDF version of manual
Result: WARNING
    LaTeX errors when creating PDF version.
    This typically indicates Rd problems.
    LaTeX errors found:
    ! LaTeX Error: File `upquote.sty' not found.
    
    Type X to quit or <RETURN> to proceed,
    or enter new name. (Default extension: sty)
    
    2e48d0b/Rd2.tex:8: ==> Fatal error occurred, no output PDF file produced!
Flavor: r-release-osx-x86_64-mavericks