CRAN Package Check Results for Package gsbDesign

Last updated on 2015-06-30 22:47:20.

Flavor Version Tinstall Tcheck Ttotal Status Flags
r-devel-linux-x86_64-debian-clang 0.96-2 1.30 24.39 25.68 NOTE
r-devel-linux-x86_64-debian-gcc 0.96-2 1.28 24.38 25.66 NOTE
r-devel-linux-x86_64-fedora-clang 0.96-2 49.46 NOTE
r-devel-linux-x86_64-fedora-gcc 0.96-2 47.42 NOTE
r-devel-osx-x86_64-clang 0.96-2 48.10 NOTE
r-devel-windows-ix86+x86_64 0.96-2 6.00 38.00 44.00 NOTE
r-patched-linux-x86_64 0.96-2 1.34 23.69 25.04 NOTE
r-patched-solaris-sparc 0.96-2 316.50 NOTE
r-patched-solaris-x86 0.96-2 72.80 NOTE
r-release-linux-x86_64 0.96-2 1.66 24.18 25.84 NOTE
r-release-osx-x86_64-mavericks 0.96-2 NOTE
r-release-windows-ix86+x86_64 0.96-2 10.00 39.00 49.00 NOTE
r-oldrel-windows-ix86+x86_64 0.96-2 10.00 59.00 69.00 NOTE

Check Details

Version: 0.96-2
Check: top-level files
Result: NOTE
    Non-standard file/directory found at top level:
     ‘changeLog’
Flavors: r-devel-linux-x86_64-debian-clang, r-devel-linux-x86_64-debian-gcc, r-devel-linux-x86_64-fedora-clang, r-devel-linux-x86_64-fedora-gcc, r-patched-linux-x86_64, r-release-linux-x86_64

Version: 0.96-2
Check: dependencies in R code
Result: NOTE
    Packages in Depends field not imported from:
     ‘grid’ ‘gsDesign’ ‘lattice’
     These packages need to be imported from (in the NAMESPACE file)
     for when this namespace is loaded but not attached.
Flavors: r-devel-linux-x86_64-debian-clang, r-devel-linux-x86_64-debian-gcc, r-devel-linux-x86_64-fedora-clang, r-devel-linux-x86_64-fedora-gcc, r-devel-osx-x86_64-clang, r-devel-windows-ix86+x86_64, r-patched-linux-x86_64, r-patched-solaris-sparc, r-patched-solaris-x86, r-release-linux-x86_64, r-release-osx-x86_64-mavericks, r-release-windows-ix86+x86_64, r-oldrel-windows-ix86+x86_64

Version: 0.96-2
Check: R code for possible problems
Result: NOTE
    gsbCalcDif: no visible global function definition for ‘gsProbability’
    gsbCgrid: no visible global function definition for ‘runif’
    gsbCriteria: no visible global function definition for ‘qnorm’
    gsbSimArm: no visible global function definition for ‘rnorm’
    gsbSimArm: no visible global function definition for ‘qnorm’
    gsbSimDif: no visible global function definition for ‘qnorm’
    gsbSimulation: no visible global function definition for ‘runif’
    plot.boundary : panel: no visible global function definition for
     ‘panel.grid’
    plot.boundary : panel: no visible global function definition for
     ‘panel.xyplot’
    plot.boundary: no visible global function definition for ‘xyplot’
    plot.gsbDesign: no visible global function definition for ‘barplot’
    plot.gsbMainOut: no visible global function definition for
     ‘trellis.par.get’
    plot.gsbMainOut: no visible global function definition for
     ‘trellis.par.set’
    plot.gsbMainOut: no visible global function definition for ‘png’
    plot.gsbMainOut: no visible global function definition for ‘dev.off’
    plot.gsbMainOut: no visible global function definition for ‘plot’
    plot.gsbSimArm.result : pan.function: no visible global function
     definition for ‘current.panel.limits’
    plot.gsbSimArm.result : pan.function: no visible global function
     definition for ‘predict’
    plot.gsbSimArm.result : pan.function: no visible global function
     definition for ‘panel.levelplot’
    plot.gsbSimArm.result : pan.function: no visible global function
     definition for ‘grid.points’
    plot.gsbSimArm.result: no visible global function definition for
     ‘colorRampPalette’
    plot.gsbSimArm.result: no visible global function definition for
     ‘levelplot’
    plot.gsbSimArm.result: no visible global function definition for
     ‘contourplot’
    plot.gsbSimArm.sliced: no visible global function definition for
     ‘trellis.par.get’
    plot.gsbSimArm.sliced: no visible global function definition for
     ‘trellis.par.set’
    plot.gsbSimArm.sliced : panel: no visible global function definition
     for ‘panel.grid’
    plot.gsbSimArm.sliced : panel: no visible global function definition
     for ‘panel.xyplot’
    plot.gsbSimArm.sliced: no visible global function definition for
     ‘xyplot’
    plot.gsbSimDif.result : panel: no visible global function definition
     for ‘panel.grid’
    plot.gsbSimDif.result : panel: no visible global function definition
     for ‘panel.xyplot’
    plot.gsbSimDif.result: no visible global function definition for
     ‘xyplot’
    plot.gsbSimulation: no visible global function definition for ‘plot’
    print.gsbDesign: no visible global function definition for ‘na.omit’
    rmvnorm: no visible global function definition for ‘rnorm’
    tab: no visible global function definition for ‘write.table’
    tabDif : <anonymous>: no visible global function definition for
     ‘approx’
Flavors: r-devel-linux-x86_64-debian-clang, r-devel-linux-x86_64-debian-gcc, r-devel-linux-x86_64-fedora-clang, r-devel-linux-x86_64-fedora-gcc, r-devel-windows-ix86+x86_64

Version: 0.96-2
Check: Rd line widths
Result: NOTE
    Rd file 'plot.gsbMainOut.Rd':
     \examples lines wider than 100 characters:
     p1 <- qplot(delta,value,geom="blank",color=type,facets=.~stage,data=datgraph2, xlab=expression(delta))
    
    These lines will be truncated in the PDF manual.
Flavors: r-devel-linux-x86_64-debian-clang, r-devel-linux-x86_64-debian-gcc, r-devel-linux-x86_64-fedora-clang, r-devel-linux-x86_64-fedora-gcc, r-patched-linux-x86_64, r-release-linux-x86_64

Version: 0.96-2
Check: R code for possible problems
Result: NOTE
    gsbCalcDif: no visible global function definition for ‘gsProbability’
    plot.boundary : panel: no visible global function definition for
     ‘panel.grid’
    plot.boundary : panel: no visible global function definition for
     ‘panel.xyplot’
    plot.boundary: no visible global function definition for ‘xyplot’
    plot.gsbMainOut: no visible global function definition for
     ‘trellis.par.get’
    plot.gsbMainOut: no visible global function definition for
     ‘trellis.par.set’
    plot.gsbSimArm.result : pan.function: no visible global function
     definition for ‘current.panel.limits’
    plot.gsbSimArm.result : pan.function: no visible global function
     definition for ‘panel.levelplot’
    plot.gsbSimArm.result : pan.function: no visible global function
     definition for ‘grid.points’
    plot.gsbSimArm.result: no visible global function definition for
     ‘levelplot’
    plot.gsbSimArm.result: no visible global function definition for
     ‘contourplot’
    plot.gsbSimArm.sliced: no visible global function definition for
     ‘trellis.par.get’
    plot.gsbSimArm.sliced: no visible global function definition for
     ‘trellis.par.set’
    plot.gsbSimArm.sliced : panel: no visible global function definition
     for ‘panel.grid’
    plot.gsbSimArm.sliced : panel: no visible global function definition
     for ‘panel.xyplot’
    plot.gsbSimArm.sliced: no visible global function definition for
     ‘xyplot’
    plot.gsbSimDif.result : panel: no visible global function definition
     for ‘panel.grid’
    plot.gsbSimDif.result : panel: no visible global function definition
     for ‘panel.xyplot’
    plot.gsbSimDif.result: no visible global function definition for
     ‘xyplot’
Flavors: r-devel-osx-x86_64-clang, r-patched-linux-x86_64, r-patched-solaris-sparc, r-patched-solaris-x86, r-release-linux-x86_64, r-release-osx-x86_64-mavericks, r-release-windows-ix86+x86_64, r-oldrel-windows-ix86+x86_64