CRAN Package Check Results for Package gsbDesign

Last updated on 2014-07-22 19:47:51.

Flavor Version Tinstall Tcheck Ttotal Status Flags
r-devel-linux-x86_64-debian-clang 0.96-2 1.76 31.26 33.02 NOTE
r-devel-linux-x86_64-debian-gcc 0.96-2 1.76 30.33 32.09 NOTE
r-devel-linux-x86_64-fedora-clang 0.96-2 69.79 NOTE
r-devel-linux-x86_64-fedora-gcc 0.96-2 68.44 NOTE
r-devel-osx-x86_64-clang 0.96-2 60.90 NOTE
r-devel-windows-ix86+x86_64 0.96-2 8.00 51.00 59.00 NOTE
r-patched-linux-x86_64 0.96-2 2.55 30.84 33.39 NOTE
r-patched-solaris-sparc 0.96-2 375.30 NOTE
r-patched-solaris-x86 0.96-2 83.90 NOTE
r-release-linux-ix86 0.96-2 2.28 39.42 41.71 NOTE
r-release-linux-x86_64 0.96-2 1.89 31.32 33.21 NOTE
r-release-osx-x86_64-mavericks 0.96-2 NOTE
r-release-osx-x86_64-snowleopard 0.96-2 OK
r-release-windows-ix86+x86_64 0.96-2 9.00 53.00 62.00 NOTE
r-oldrel-windows-ix86+x86_64 0.96-2 8.00 53.00 61.00 NOTE

Check Details

Version: 0.96-2
Check: dependencies in R code
Result: NOTE
    Packages in Depends field not imported from:
     ‘gsDesign’ ‘lattice’
     These packages need to be imported from (in the NAMESPACE file)
     for when this namespace is loaded but not attached.
    See the information on DESCRIPTION files in the chapter ‘Creating R
    packages’ of the ‘Writing R Extensions’ manual.
Flavors: r-devel-linux-x86_64-debian-clang, r-devel-linux-x86_64-debian-gcc, r-devel-linux-x86_64-fedora-clang, r-devel-linux-x86_64-fedora-gcc, r-devel-osx-x86_64-clang, r-devel-windows-ix86+x86_64, r-patched-linux-x86_64, r-patched-solaris-sparc, r-patched-solaris-x86, r-release-linux-ix86, r-release-linux-x86_64, r-release-osx-x86_64-mavericks, r-release-windows-ix86+x86_64, r-oldrel-windows-ix86+x86_64

Version: 0.96-2
Check: top-level files
Result: NOTE
    Non-standard file/directory found at top level:
     ‘changeLog’
Flavors: r-devel-linux-x86_64-fedora-clang, r-devel-linux-x86_64-fedora-gcc

Version: 0.96-2
Check: Rd line widths
Result: NOTE
    Rd file 'plot.gsbMainOut.Rd':
     \examples lines wider than 100 characters:
     p1 <- qplot(delta,value,geom="blank",color=type,facets=.~stage,data=datgraph2, xlab=expression(delta))
    
    These lines will be truncated in the PDF manual.
Flavors: r-devel-linux-x86_64-fedora-clang, r-devel-linux-x86_64-fedora-gcc