Last updated on 2023-12-09 18:54:18 CET.
Flavor | Version | Tinstall | Tcheck | Ttotal | Status | Flags |
---|---|---|---|---|---|---|
r-devel-linux-x86_64-debian-clang | 0.1.2 | 64.95 | 537.14 | 602.09 | OK | |
r-devel-linux-x86_64-debian-gcc | 0.1.2 | 55.74 | 395.63 | 451.37 | OK | |
r-devel-linux-x86_64-fedora-clang | 0.1.2 | 820.41 | OK | |||
r-devel-linux-x86_64-fedora-gcc | 0.1.2 | 808.90 | OK | |||
r-devel-windows-x86_64 | 0.1.2 | 61.00 | 377.00 | 438.00 | OK | |
r-patched-linux-x86_64 | 0.1.2 | 51.77 | 523.10 | 574.87 | OK | |
r-release-linux-x86_64 | 0.1.2 | 51.86 | 510.52 | 562.38 | OK | |
r-release-macos-arm64 | 0.1.2 | 5.00 | ERROR | |||
r-release-macos-x86_64 | 0.1.2 | 328.00 | OK | |||
r-release-windows-x86_64 | 0.1.2 | 81.00 | 475.00 | 556.00 | OK | |
r-oldrel-macos-arm64 | 0.1.2 | 10.00 | ERROR | |||
r-oldrel-macos-x86_64 | 0.1.2 | 11.00 | ERROR | |||
r-oldrel-windows-x86_64 | 0.1.2 | 76.00 | 435.00 | 511.00 | OK |
Version: 0.1.2
Check: package dependencies
Result: ERROR
Package required but not available: ‘CelliD’
See section ‘The DESCRIPTION file’ in the ‘Writing R Extensions’
manual.
Flavors: r-release-macos-arm64, r-oldrel-macos-arm64, r-oldrel-macos-x86_64