Last updated on 2023-06-06 17:00:46 CEST.
Flavor | Version | Tinstall | Tcheck | Ttotal | Status | Flags |
---|---|---|---|---|---|---|
r-devel-linux-x86_64-debian-clang | 0.1.2 | 61.80 | 482.46 | 544.26 | OK | |
r-devel-linux-x86_64-debian-gcc | 0.1.2 | 53.70 | 355.18 | 408.88 | OK | |
r-devel-linux-x86_64-fedora-clang | 0.1.2 | 716.72 | OK | |||
r-devel-linux-x86_64-fedora-gcc | 0.1.2 | 653.92 | OK | |||
r-devel-windows-x86_64 | 0.1.2 | 53.00 | 334.00 | 387.00 | OK | |
r-patched-linux-x86_64 | 0.1.2 | 60.37 | 448.66 | 509.03 | OK | |
r-release-linux-x86_64 | 0.1.2 | 53.40 | 447.22 | 500.62 | OK | |
r-release-macos-arm64 | 0.1.2 | 5.00 | ERROR | |||
r-release-macos-x86_64 | 0.1.2 | 328.00 | OK | |||
r-release-windows-x86_64 | 0.1.2 | 74.00 | 448.00 | 522.00 | OK | |
r-oldrel-macos-arm64 | 0.1.2 | 9.00 | ERROR | |||
r-oldrel-macos-x86_64 | 0.1.2 | 11.00 | ERROR | |||
r-oldrel-windows-x86_64 | 0.1.2 | 73.00 | 418.00 | 491.00 | OK |
Version: 0.1.2
Check: package dependencies
Result: ERROR
Package required but not available: ‘CelliD’
See section ‘The DESCRIPTION file’ in the ‘Writing R Extensions’
manual.
Flavors: r-release-macos-arm64, r-oldrel-macos-arm64, r-oldrel-macos-x86_64