CRAN Package Check Results for Package gsg

Last updated on 2015-07-30 13:47:28.

Flavor Version Tinstall Tcheck Ttotal Status Flags
r-devel-linux-x86_64-debian-clang 2.0 2.72 38.44 41.16 NOTE
r-devel-linux-x86_64-debian-gcc 2.0 2.69 37.60 40.29 NOTE
r-devel-linux-x86_64-fedora-clang 2.0 82.75 NOTE
r-devel-linux-x86_64-fedora-gcc 2.0 77.71 NOTE
r-devel-osx-x86_64-clang 2.0 61.11 OK
r-devel-windows-ix86+x86_64 2.0 11.00 87.00 98.00 NOTE
r-patched-linux-x86_64 2.0 3.00 37.66 40.65 OK
r-patched-solaris-sparc 2.0 494.30 OK
r-patched-solaris-x86 2.0 115.90 OK
r-release-linux-x86_64 2.0 2.89 38.30 41.19 OK
r-release-osx-x86_64-mavericks 2.0 OK
r-release-windows-ix86+x86_64 2.0 9.00 85.00 94.00 OK
r-oldrel-windows-ix86+x86_64 2.0 10.00 103.00 113.00 OK

Check Details

Version: 2.0
Check: R code for possible problems
Result: NOTE
    fitness.landscape : case.boot.fit.land: no visible global function
     definition for ‘as.formula’
    fitness.landscape : para.boot.fit.land : simulate.gam.gsg: no visible
     global function definition for ‘predict’
    fitness.landscape : para.boot.fit.land : simulate.gam.gsg: no visible
     global function definition for ‘rpois’
    fitness.landscape : para.boot.fit.land : simulate.gam.gsg: no visible
     global function definition for ‘rbinom’
    fitness.landscape : para.boot.fit.land: no visible global function
     definition for ‘as.formula’
    fitness.landscape: no visible global function definition for ‘terms’
    fitness.landscape : pts: no visible global function definition for ‘sd’
    fitness.landscape: no visible global function definition for
     ‘flush.console’
    fitness.landscape: no visible binding for global variable ‘quantile’
    gam.gradients : gradients: no visible binding for global variable ‘sd’
    gam.gradients : boot.gradients: no visible global function definition
     for ‘as.formula’
    gam.gradients : simulate.gam.gsg: no visible global function definition
     for ‘predict’
    gam.gradients : simulate.gam.gsg: no visible global function definition
     for ‘rpois’
    gam.gradients : simulate.gam.gsg: no visible global function definition
     for ‘rbinom’
    gam.gradients : simulate.gam.gsg: no visible global function definition
     for ‘rnbinom’
    gam.gradients : simulate.gam.gsg: no visible global function definition
     for ‘rnorm’
    gam.gradients : boot.gradients.para: no visible global function
     definition for ‘as.formula’
    gam.gradients : permute.W.refit: no visible global function definition
     for ‘as.formula’
    gam.gradients : permute.W.refit: no visible global function definition
     for ‘predict’
    gam.gradients : permute.W.refit: no visible global function definition
     for ‘var’
    gam.gradients: no visible global function definition for ‘terms’
    gam.gradients: no visible global function definition for
     ‘flush.console’
    gam.gradients: no visible binding for global variable ‘sd’
    gppr: no visible global function definition for ‘ppr’
    gppr: no visible global function definition for ‘as.formula’
    gppr: no visible global function definition for ‘predict’
    gppr.gradients : Wbar: no visible global function definition for
     ‘predict’
    gppr.gradients : gradients: no visible binding for global variable ‘sd’
    gppr.gradients : simulate.gppr.gsg: no visible global function
     definition for ‘predict’
    gppr.gradients : simulate.gppr.gsg: no visible global function
     definition for ‘rpois’
    gppr.gradients : simulate.gppr.gsg: no visible global function
     definition for ‘rbinom’
    gppr.gradients : boot.gradients.para: no visible global function
     definition for ‘plot’
    gppr.gradients : permute.W.refit: no visible global function definition
     for ‘predict’
    gppr.gradients : permute.W.refit: no visible global function definition
     for ‘var’
    gppr.gradients: no visible global function definition for ‘terms’
    gppr.gradients: no visible global function definition for
     ‘flush.console’
    gppr.gradients: no visible binding for global variable ‘sd’
    moments.differentials : Pmatrix: no visible global function definition
     for ‘var’
    moments.differentials : Pmatrix: no visible global function definition
     for ‘cov’
    moments.differentials : weighted.covar: no visible global function
     definition for ‘weighted.mean’
    moments.differentials : coef.moments : <anonymous>: no visible global
     function definition for ‘sd’
    moments.differentials : coef.moments: no visible global function
     definition for ‘weighted.mean’
    moments.differentials : coef.moments: no visible global function
     definition for ‘var’
    moments.differentials : coef.moments: no visible global function
     definition for ‘cov’
    moments.differentials : <anonymous>: no visible global function
     definition for ‘sd’
    predict.gppr: no visible global function definition for ‘predict’
    Undefined global functions or variables:
     as.formula cov flush.console plot ppr predict quantile rbinom rnbinom
     rnorm rpois sd terms var weighted.mean
    Consider adding
     importFrom("graphics", "plot")
     importFrom("stats", "as.formula", "cov", "ppr", "predict", "quantile",
     "rbinom", "rnbinom", "rnorm", "rpois", "sd", "terms", "var",
     "weighted.mean")
     importFrom("utils", "flush.console")
    to your NAMESPACE.
Flavors: r-devel-linux-x86_64-debian-clang, r-devel-linux-x86_64-debian-gcc, r-devel-linux-x86_64-fedora-clang, r-devel-linux-x86_64-fedora-gcc, r-devel-windows-ix86+x86_64