CRAN Package Check Results for Package gsg

Last updated on 2014-09-02 20:48:50.

Flavor Version Tinstall Tcheck Ttotal Status Flags
r-devel-linux-x86_64-debian-clang 1.0 3.57 41.52 45.08 NOTE
r-devel-linux-x86_64-debian-gcc 1.0 3.33 39.51 42.84 NOTE
r-devel-linux-x86_64-fedora-clang 1.0 106.96 NOTE
r-devel-linux-x86_64-fedora-gcc 1.0 102.79 NOTE
r-devel-osx-x86_64-clang 1.0 82.22 NOTE
r-devel-windows-ix86+x86_64 1.0 9.00 62.00 71.00 NOTE
r-patched-linux-x86_64 1.0 3.64 41.88 45.51 NOTE
r-patched-solaris-sparc 1.0 568.00 NOTE
r-patched-solaris-x86 1.0 142.10 NOTE
r-release-linux-ix86 1.0 4.09 52.68 56.78 NOTE
r-release-linux-x86_64 1.0 3.79 43.05 46.84 NOTE
r-release-osx-x86_64-mavericks 1.0 NOTE
r-release-osx-x86_64-snowleopard 1.0 ERROR
r-release-windows-ix86+x86_64 1.0 8.00 63.00 71.00 NOTE
r-oldrel-windows-ix86+x86_64 1.0 10.00 58.00 68.00 NOTE

Check Details

Version: 1.0
Check: dependencies in R code
Result: NOTE
    Packages in Depends field not imported from:
     ‘boot’ ‘mvtnorm’ ‘numDeriv’
     These packages need to be imported from (in the NAMESPACE file)
     for when this namespace is loaded but not attached.
    See the information on DESCRIPTION files in the chapter ‘Creating R
    packages’ of the ‘Writing R Extensions’ manual.
Flavors: r-devel-linux-x86_64-debian-clang, r-devel-linux-x86_64-debian-gcc, r-devel-linux-x86_64-fedora-clang, r-devel-linux-x86_64-fedora-gcc, r-devel-osx-x86_64-clang, r-devel-windows-ix86+x86_64, r-patched-linux-x86_64, r-patched-solaris-sparc, r-patched-solaris-x86, r-release-linux-ix86, r-release-linux-x86_64, r-release-osx-x86_64-mavericks, r-release-windows-ix86+x86_64, r-oldrel-windows-ix86+x86_64

Version: 1.0
Check: R code for possible problems
Result: NOTE
    fitness.landscape : para.boot.fit.land : simulate.gam.gsg: no visible
     global function definition for ‘inv.logit’
    fitness.landscape: no visible global function definition for ‘boot’
    gam.gradients : gradients: no visible global function definition for
     ‘grad’
    gam.gradients : gradients: no visible global function definition for
     ‘hessian’
    gam.gradients : simulate.gam.gsg: no visible global function definition
     for ‘inv.logit’
    gam.gradients : posterior.sim.gradients: no visible global function
     definition for ‘rmvnorm’
    gam.gradients: no visible global function definition for ‘boot’
    moments.differentials: no visible global function definition for ‘boot’
Flavors: r-devel-linux-x86_64-debian-clang, r-devel-linux-x86_64-debian-gcc, r-devel-linux-x86_64-fedora-clang, r-devel-linux-x86_64-fedora-gcc, r-devel-osx-x86_64-clang, r-devel-windows-ix86+x86_64

Version: 1.0
Check: whether package can be installed
Result: ERROR
    Installation failed.
Flavor: r-release-osx-x86_64-snowleopard