CRAN Package Check Results for Package gsg

Last updated on 2014-11-01 05:48:54.

Flavor Version Tinstall Tcheck Ttotal Status Flags
r-devel-linux-x86_64-debian-clang 2.0 3.46 44.00 47.46 OK
r-devel-linux-x86_64-debian-gcc 2.0 3.37 43.65 47.02 OK
r-devel-linux-x86_64-fedora-clang 2.0 114.09 OK
r-devel-linux-x86_64-fedora-gcc 2.0 107.09 OK
r-devel-osx-x86_64-clang 2.0 91.23 OK
r-devel-windows-ix86+x86_64 2.0 10.00 64.00 74.00 OK
r-patched-linux-x86_64 2.0 3.56 45.10 48.66 OK
r-patched-solaris-sparc 2.0 578.10 OK
r-patched-solaris-x86 2.0 148.70 OK
r-release-linux-ix86 1.0 4.23 52.65 56.88 NOTE
r-release-linux-x86_64 1.0 3.60 42.90 46.51 NOTE
r-release-osx-x86_64-mavericks 2.0 OK
r-release-osx-x86_64-snowleopard 2.0 OK
r-release-windows-ix86+x86_64 2.0 9.00 62.00 71.00 OK
r-oldrel-windows-ix86+x86_64 2.0 9.00 59.00 68.00 OK

Check Details

Version: 1.0
Check: dependencies in R code
Result: NOTE
    Packages in Depends field not imported from:
     ‘boot’ ‘mvtnorm’ ‘numDeriv’
     These packages need to be imported from (in the NAMESPACE file)
     for when this namespace is loaded but not attached.
    See the information on DESCRIPTION files in the chapter ‘Creating R
    packages’ of the ‘Writing R Extensions’ manual.
Flavors: r-release-linux-ix86, r-release-linux-x86_64