CRAN Package Check Results for Package gsg

Last updated on 2014-07-24 11:53:23.

Flavor Version Tinstall Tcheck Ttotal Status Flags
r-devel-linux-x86_64-debian-clang 1.0 3.46 42.83 46.29 NOTE
r-devel-linux-x86_64-debian-gcc 1.0 3.40 41.13 44.52 NOTE
r-devel-linux-x86_64-fedora-clang 1.0 111.59 NOTE
r-devel-linux-x86_64-fedora-gcc 1.0 107.81 NOTE
r-devel-osx-x86_64-clang 1.0 87.26 NOTE
r-devel-windows-ix86+x86_64 1.0 9.00 62.00 71.00 NOTE
r-patched-linux-x86_64 1.0 3.45 41.55 45.00 NOTE
r-patched-solaris-sparc 1.0 566.20 NOTE
r-patched-solaris-x86 1.0 140.40 NOTE
r-release-linux-ix86 1.0 4.14 52.84 56.98 NOTE
r-release-linux-x86_64 1.0 3.52 43.36 46.88 NOTE
r-release-osx-x86_64-mavericks 1.0 NOTE
r-release-osx-x86_64-snowleopard 1.0 ERROR
r-release-windows-ix86+x86_64 1.0 9.00 59.00 68.00 NOTE
r-oldrel-windows-ix86+x86_64 1.0 10.00 56.00 66.00 NOTE

Check Details

Version: 1.0
Check: dependencies in R code
Result: NOTE
    Packages in Depends field not imported from:
     ‘boot’ ‘mvtnorm’ ‘numDeriv’
     These packages need to be imported from (in the NAMESPACE file)
     for when this namespace is loaded but not attached.
    See the information on DESCRIPTION files in the chapter ‘Creating R
    packages’ of the ‘Writing R Extensions’ manual.
Flavors: r-devel-linux-x86_64-debian-clang, r-devel-linux-x86_64-debian-gcc, r-devel-linux-x86_64-fedora-clang, r-devel-linux-x86_64-fedora-gcc, r-devel-osx-x86_64-clang, r-devel-windows-ix86+x86_64, r-patched-linux-x86_64, r-patched-solaris-sparc, r-patched-solaris-x86, r-release-linux-ix86, r-release-linux-x86_64, r-release-osx-x86_64-mavericks, r-release-windows-ix86+x86_64, r-oldrel-windows-ix86+x86_64

Version: 1.0
Check: whether package can be installed
Result: ERROR
    Installation failed.
    See ‘/Volumes/XT3/Builds/R-dev-web/QA/Simon/packages/snowleopard-x86_64/results/3.1/gsg.Rcheck/00install.out’ for details.
Flavor: r-release-osx-x86_64-snowleopard