CRAN Package Check Results for Package gsg

Last updated on 2014-04-25 05:47:16.

Flavor Version Tinstall Tcheck Ttotal Status Flags
r-devel-linux-x86_64-debian-clang 1.0 3.84 45.89 49.73 NOTE
r-devel-linux-x86_64-debian-gcc 1.0 3.69 43.31 47.00 NOTE
r-devel-linux-x86_64-fedora-clang 1.0 111.18 NOTE
r-devel-linux-x86_64-fedora-gcc 1.0 106.08 NOTE
r-devel-osx-x86_64-clang 1.0 81.11 NOTE
r-devel-osx-x86_64-gcc 1.0 NOTE
r-devel-windows-ix86+x86_64 1.0 10.00 64.00 74.00 NOTE
r-patched-linux-x86_64 1.0 3.67 44.25 47.92 NOTE
r-patched-solaris-sparc 1.0 566.20 NOTE
r-patched-solaris-x86 1.0 140.30 NOTE
r-release-linux-ix86 1.0 6.00 71.00 77.00 NOTE
r-release-linux-x86_64 1.0 3.70 45.01 48.71 NOTE
r-release-osx-x86_64-mavericks 1.0 WARN
r-release-osx-x86_64-snowleopard 1.0 ERROR
r-release-windows-ix86+x86_64 1.0 10.00 64.00 74.00 NOTE
r-oldrel-windows-ix86+x86_64 1.0 11.00 58.00 69.00 NOTE

Check Details

Version: 1.0
Check: dependencies in R code
Result: NOTE
    Packages in Depends field not imported from:
     ‘boot’ ‘mvtnorm’ ‘numDeriv’
     These packages need to be imported from (in the NAMESPACE file)
     for when this namespace is loaded but not attached.
    See the information on DESCRIPTION files in the chapter ‘Creating R
    packages’ of the ‘Writing R Extensions’ manual.
Flavors: r-devel-linux-x86_64-debian-clang, r-devel-linux-x86_64-debian-gcc, r-devel-linux-x86_64-fedora-clang, r-devel-linux-x86_64-fedora-gcc, r-devel-osx-x86_64-clang, r-devel-osx-x86_64-gcc, r-devel-windows-ix86+x86_64, r-patched-linux-x86_64, r-patched-solaris-sparc, r-patched-solaris-x86, r-release-linux-ix86, r-release-linux-x86_64, r-release-osx-x86_64-mavericks, r-release-windows-ix86+x86_64, r-oldrel-windows-ix86+x86_64

Version: 1.0
Check: PDF version of manual
Result: WARNING
    LaTeX errors when creating PDF version.
    This typically indicates Rd problems.
    LaTeX errors found:
    ! LaTeX Error: File `upquote.sty' not found.
    
    Type X to quit or <RETURN> to proceed,
    or enter new name. (Default extension: sty)
    
    f59ae96/Rd2.tex:8: ==> Fatal error occurred, no output PDF file produced!
Flavor: r-release-osx-x86_64-mavericks

Version: 1.0
Check: whether package can be installed
Result: ERROR
    Installation failed.
    See ‘/Volumes/XT3/Builds/R-dev-web/QA/Simon/packages/snowleopard-x86_64/results/3.1/gsg.Rcheck/00install.out’ for details.
Flavor: r-release-osx-x86_64-snowleopard