CRAN Package Check Results for Package gskat

Last updated on 2014-12-21 18:52:06.

Flavor Version Tinstall Tcheck Ttotal Status Flags
r-devel-linux-x86_64-debian-clang 1.0 3.39 79.51 82.90 NOTE
r-devel-linux-x86_64-debian-gcc 1.0 3.22 72.34 75.56 NOTE
r-devel-linux-x86_64-fedora-clang 1.0 187.57 NOTE
r-devel-linux-x86_64-fedora-gcc 1.0 185.99 NOTE
r-devel-osx-x86_64-clang 1.0 148.53 NOTE
r-devel-windows-ix86+x86_64 1.0 10.00 108.00 118.00 NOTE
r-patched-linux-x86_64 1.0 3.44 79.28 82.73 NOTE
r-patched-solaris-sparc 1.0 1132.70 NOTE
r-patched-solaris-x86 1.0 261.40 NOTE
r-release-linux-ix86 1.0 4.09 98.48 102.58 NOTE
r-release-linux-x86_64 1.0 3.42 79.50 82.92 NOTE
r-release-osx-x86_64-mavericks 1.0 OK
r-release-osx-x86_64-snowleopard 1.0 OK
r-release-windows-ix86+x86_64 1.0 10.00 122.00 132.00 NOTE
r-oldrel-windows-ix86+x86_64 1.0 10.00 102.00 112.00 OK

Check Details

Version: 1.0
Check: package namespace information
Result: NOTE
     Namespaces with empty importFrom:
     ‘gee’ ‘geepack’
Flavors: r-devel-linux-x86_64-debian-clang, r-devel-linux-x86_64-debian-gcc, r-devel-linux-x86_64-fedora-clang, r-devel-linux-x86_64-fedora-gcc, r-devel-osx-x86_64-clang, r-devel-windows-ix86+x86_64, r-patched-linux-x86_64, r-patched-solaris-sparc, r-patched-solaris-x86, r-release-linux-ix86, r-release-linux-x86_64, r-release-windows-ix86+x86_64

Version: 1.0
Check: R code for possible problems
Result: NOTE
    gee_wrap: no visible global function definition for ‘gee’
    geeglm_wrap: no visible global function definition for ‘geeglm’
Flavors: r-devel-linux-x86_64-debian-clang, r-devel-linux-x86_64-debian-gcc, r-devel-linux-x86_64-fedora-clang, r-devel-linux-x86_64-fedora-gcc, r-devel-osx-x86_64-clang, r-devel-windows-ix86+x86_64, r-patched-linux-x86_64, r-patched-solaris-sparc, r-patched-solaris-x86, r-release-linux-ix86, r-release-linux-x86_64, r-release-windows-ix86+x86_64