CRAN Package Check Results for Package gskat

Last updated on 2014-09-02 22:47:39.

Flavor Version Tinstall Tcheck Ttotal Status Flags
r-devel-linux-x86_64-debian-clang 1.0 3.57 77.35 80.92 NOTE
r-devel-linux-x86_64-debian-gcc 1.0 3.28 74.26 77.54 NOTE
r-devel-linux-x86_64-fedora-clang 1.0 194.86 NOTE
r-devel-linux-x86_64-fedora-gcc 1.0 187.66 NOTE
r-devel-osx-x86_64-clang 1.0 139.00 NOTE
r-devel-windows-ix86+x86_64 1.0 10.00 114.00 124.00 NOTE
r-patched-linux-x86_64 1.0 3.53 79.77 83.30 OK
r-patched-solaris-sparc 1.0 1146.60 OK
r-patched-solaris-x86 1.0 271.80 OK
r-release-linux-ix86 1.0 4.15 102.30 106.45 OK
r-release-linux-x86_64 1.0 3.51 84.14 87.65 OK
r-release-osx-x86_64-mavericks 1.0 OK
r-release-osx-x86_64-snowleopard 1.0 OK
r-release-windows-ix86+x86_64 1.0 10.00 121.00 131.00 OK
r-oldrel-windows-ix86+x86_64 1.0 10.00 111.00 121.00 OK

Check Details

Version: 1.0
Check: package namespace information
Result: NOTE
     Namespaces with empty importFrom:
     ‘gee’ ‘geepack’
Flavors: r-devel-linux-x86_64-debian-clang, r-devel-linux-x86_64-debian-gcc, r-devel-linux-x86_64-fedora-clang, r-devel-linux-x86_64-fedora-gcc, r-devel-osx-x86_64-clang, r-devel-windows-ix86+x86_64

Version: 1.0
Check: R code for possible problems
Result: NOTE
    gee_wrap: no visible global function definition for ‘gee’
    geeglm_wrap: no visible global function definition for ‘geeglm’
Flavors: r-devel-linux-x86_64-debian-clang, r-devel-linux-x86_64-debian-gcc, r-devel-linux-x86_64-fedora-clang, r-devel-linux-x86_64-fedora-gcc, r-devel-osx-x86_64-clang, r-devel-windows-ix86+x86_64