CRAN Package Check Results for Package gskat

Last updated on 2015-06-30 12:47:17.

Flavor Version Tinstall Tcheck Ttotal Status Flags
r-devel-linux-x86_64-debian-clang 1.0 2.63 66.34 68.98 NOTE
r-devel-linux-x86_64-debian-gcc 1.0 2.61 64.56 67.17 NOTE
r-devel-linux-x86_64-fedora-clang 1.0 144.34 NOTE
r-devel-linux-x86_64-fedora-gcc 1.0 141.14 NOTE
r-devel-osx-x86_64-clang 1.0 124.83 NOTE
r-devel-windows-ix86+x86_64 1.0 12.00 104.00 116.00 NOTE
r-patched-linux-x86_64 1.0 2.73 65.96 68.69 NOTE
r-patched-solaris-sparc 1.0 962.30 NOTE
r-patched-solaris-x86 1.0 221.10 NOTE
r-release-linux-x86_64 1.0 2.72 65.12 67.85 NOTE
r-release-osx-x86_64-mavericks 1.0 NOTE
r-release-windows-ix86+x86_64 1.0 10.00 145.00 155.00 NOTE
r-oldrel-windows-ix86+x86_64 1.0 12.00 148.00 160.00 NOTE

Check Details

Version: 1.0
Check: package namespace information
Result: NOTE
     Namespaces with empty importFrom:
     ‘gee’ ‘geepack’
Flavors: r-devel-linux-x86_64-debian-clang, r-devel-linux-x86_64-debian-gcc, r-devel-linux-x86_64-fedora-clang, r-devel-linux-x86_64-fedora-gcc, r-devel-osx-x86_64-clang, r-devel-windows-ix86+x86_64, r-patched-linux-x86_64, r-patched-solaris-sparc, r-patched-solaris-x86, r-release-linux-x86_64, r-release-osx-x86_64-mavericks, r-release-windows-ix86+x86_64, r-oldrel-windows-ix86+x86_64

Version: 1.0
Check: DESCRIPTION meta-information
Result: NOTE
    Malformed Description field: should contain one or more complete sentences.
Flavors: r-devel-linux-x86_64-debian-clang, r-devel-linux-x86_64-debian-gcc, r-devel-linux-x86_64-fedora-clang, r-devel-linux-x86_64-fedora-gcc, r-devel-osx-x86_64-clang, r-devel-windows-ix86+x86_64, r-patched-linux-x86_64, r-patched-solaris-sparc, r-patched-solaris-x86, r-release-linux-x86_64, r-release-osx-x86_64-mavericks, r-release-windows-ix86+x86_64

Version: 1.0
Check: R code for possible problems
Result: NOTE
    fit_FSKAT_IC: no visible global function definition for ‘glm’
    fit_FSKAT_IC: Error while checking: invalid ‘envir’ argument
    fit_FSKAT_IC_cont: no visible global function definition for ‘glm’
    fit_FSKAT_IC_cont: no visible binding for global variable ‘gaussian’
    fit_FSKAT_IC_cont: no visible global function definition for ‘var’
    gee_wrap: no visible global function definition for ‘gee’
    gee_wrap: no visible binding for global variable ‘binomial’
    gee_wrap: no visible global function definition for ‘pnorm’
    geeglm_wrap: no visible global function definition for ‘geeglm’
    geeglm_wrap: no visible binding for global variable ‘binomial’
    genoC: no visible global function definition for ‘dbeta’
    gskat_fit: no visible global function definition for ‘glm’
    gskat_fit: Error while checking: invalid ‘envir’ argument
    gskat_score: no visible global function definition for ‘plogis’
    gskat_score_pert: no visible global function definition for ‘plogis’
    gskat_score_pert : <anonymous>: no visible global function definition
     for ‘rnorm’
    gskat_score_pert: no visible global function definition for ‘pchisq’
    gskat_score_pert: no visible global function definition for ‘var’
    gskat_seq: no visible global function definition for ‘dbeta’
    gskat_seq: no visible global function definition for ‘plogis’
    gskat_seq : <anonymous>: no visible global function definition for
     ‘rnorm’
    gskat_seq: no visible global function definition for ‘var’
    gskat_seq: no visible global function definition for ‘pchisq’
    gskat_seq_cont: no visible global function definition for ‘dbeta’
    gskat_seq_cont: no visible global function definition for ‘var’
    gskat_seq_cont : <anonymous>: no visible global function definition for
     ‘rnorm’
    gskat_seq_cont: no visible global function definition for ‘pchisq’
    inferCutoff: no visible global function definition for ‘cor’
    mybin: no visible global function definition for ‘rpois’
    myfit.RFAM_IC: no visible global function definition for ‘glm’
    myfit.RFAM_IC: Error while checking: invalid ‘envir’ argument
    score.RFAM_IC_burden: no visible global function definition for
     ‘plogis’
    score_FSKAT_IC_pertu: no visible global function definition for ‘dbeta’
    score_FSKAT_IC_pertu: no visible global function definition for
     ‘plogis’
    score_FSKAT_IC_pertu : <anonymous>: no visible global function
     definition for ‘rnorm’
    score_FSKAT_IC_pertu: no visible global function definition for ‘var’
    score_FSKAT_IC_pertu: no visible global function definition for
     ‘pchisq’
Flavors: r-devel-linux-x86_64-debian-clang, r-devel-linux-x86_64-debian-gcc, r-devel-windows-ix86+x86_64

Version: 1.0
Check: R code for possible problems
Result: NOTE
    gee_wrap: no visible global function definition for ‘gee’
    geeglm_wrap: no visible global function definition for ‘geeglm’
Flavors: r-devel-linux-x86_64-fedora-clang, r-devel-linux-x86_64-fedora-gcc, r-devel-osx-x86_64-clang, r-patched-linux-x86_64, r-patched-solaris-sparc, r-patched-solaris-x86, r-release-linux-x86_64, r-release-osx-x86_64-mavericks, r-release-windows-ix86+x86_64, r-oldrel-windows-ix86+x86_64