CRAN Package Check Results for Package gskat

Last updated on 2014-10-30 23:47:18.

Flavor Version Tinstall Tcheck Ttotal Status Flags
r-devel-linux-x86_64-debian-clang 1.0 3.35 75.98 79.34 NOTE
r-devel-linux-x86_64-debian-gcc 1.0 3.30 74.23 77.54 NOTE
r-devel-linux-x86_64-fedora-clang 1.0 193.55 NOTE
r-devel-linux-x86_64-fedora-gcc 1.0 182.75 NOTE
r-devel-osx-x86_64-clang 1.0 145.02 NOTE
r-devel-windows-ix86+x86_64 1.0 9.00 103.00 112.00 NOTE
r-patched-linux-x86_64 1.0 3.99 79.18 83.17 NOTE
r-patched-solaris-sparc 1.0 1132.70 NOTE
r-patched-solaris-x86 1.0 268.30 NOTE
r-release-linux-ix86 1.0 4.33 102.84 107.17 OK
r-release-linux-x86_64 1.0 3.53 80.66 84.19 OK
r-release-osx-x86_64-mavericks 1.0 OK
r-release-osx-x86_64-snowleopard 1.0 OK
r-release-windows-ix86+x86_64 1.0 8.00 116.00 124.00 OK
r-oldrel-windows-ix86+x86_64 1.0 11.00 113.00 124.00 OK

Check Details

Version: 1.0
Check: package namespace information
Result: NOTE
     Namespaces with empty importFrom:
     ‘gee’ ‘geepack’
Flavors: r-devel-linux-x86_64-debian-clang, r-devel-linux-x86_64-debian-gcc, r-devel-linux-x86_64-fedora-clang, r-devel-linux-x86_64-fedora-gcc, r-devel-osx-x86_64-clang, r-devel-windows-ix86+x86_64, r-patched-linux-x86_64, r-patched-solaris-sparc, r-patched-solaris-x86

Version: 1.0
Check: R code for possible problems
Result: NOTE
    gee_wrap: no visible global function definition for ‘gee’
    geeglm_wrap: no visible global function definition for ‘geeglm’
Flavors: r-devel-linux-x86_64-debian-clang, r-devel-linux-x86_64-debian-gcc, r-devel-linux-x86_64-fedora-clang, r-devel-linux-x86_64-fedora-gcc, r-devel-osx-x86_64-clang, r-devel-windows-ix86+x86_64, r-patched-linux-x86_64, r-patched-solaris-sparc, r-patched-solaris-x86