CRAN Package Check Results for Package gskat

Last updated on 2015-01-26 10:47:08.

Flavor Version Tinstall Tcheck Ttotal Status Flags
r-devel-linux-x86_64-debian-clang 1.0 3.18 70.93 74.12 NOTE
r-devel-linux-x86_64-debian-gcc 1.0 3.24 68.49 71.73 NOTE
r-devel-linux-x86_64-fedora-clang 1.0 190.72 NOTE
r-devel-linux-x86_64-fedora-gcc 1.0 175.05 NOTE
r-devel-osx-x86_64-clang 1.0 147.36 NOTE
r-devel-windows-ix86+x86_64 1.0 12.00 135.00 147.00 NOTE
r-patched-linux-x86_64 1.0 5.52 80.55 86.07 NOTE
r-patched-solaris-sparc 1.0 1152.30 NOTE
r-patched-solaris-x86 1.0 263.00 NOTE
r-release-linux-ix86 1.0 4.04 98.26 102.30 NOTE
r-release-linux-x86_64 1.0 3.49 79.80 83.30 NOTE
r-release-osx-x86_64-mavericks 1.0 NOTE
r-release-osx-x86_64-snowleopard 1.0 OK
r-release-windows-ix86+x86_64 1.0 10.00 126.00 136.00 NOTE
r-oldrel-windows-ix86+x86_64 1.0 13.00 160.00 173.00 OK

Check Details

Version: 1.0
Check: package namespace information
Result: NOTE
     Namespaces with empty importFrom:
     ‘gee’ ‘geepack’
Flavors: r-devel-linux-x86_64-debian-clang, r-devel-linux-x86_64-debian-gcc, r-devel-linux-x86_64-fedora-clang, r-devel-linux-x86_64-fedora-gcc, r-devel-osx-x86_64-clang, r-devel-windows-ix86+x86_64, r-patched-linux-x86_64, r-patched-solaris-sparc, r-patched-solaris-x86, r-release-linux-ix86, r-release-linux-x86_64, r-release-osx-x86_64-mavericks, r-release-windows-ix86+x86_64

Version: 1.0
Check: R code for possible problems
Result: NOTE
    gee_wrap: no visible global function definition for ‘gee’
    geeglm_wrap: no visible global function definition for ‘geeglm’
Flavors: r-devel-linux-x86_64-debian-clang, r-devel-linux-x86_64-debian-gcc, r-devel-linux-x86_64-fedora-clang, r-devel-linux-x86_64-fedora-gcc, r-devel-osx-x86_64-clang, r-devel-windows-ix86+x86_64, r-patched-linux-x86_64, r-patched-solaris-sparc, r-patched-solaris-x86, r-release-linux-ix86, r-release-linux-x86_64, r-release-osx-x86_64-mavericks, r-release-windows-ix86+x86_64