CRAN Package Check Results for Package gskat

Last updated on 2015-04-28 16:46:42.

Flavor Version Tinstall Tcheck Ttotal Status Flags
r-devel-linux-x86_64-debian-clang 1.0 2.85 71.56 74.41 NOTE
r-devel-linux-x86_64-debian-gcc 1.0 2.69 65.85 68.54 NOTE
r-devel-linux-x86_64-fedora-clang 1.0 151.18 NOTE
r-devel-linux-x86_64-fedora-gcc 1.0 142.54 NOTE
r-devel-osx-x86_64-clang 1.0 118.35 NOTE
r-devel-windows-ix86+x86_64 1.0 8.00 98.00 106.00 NOTE
r-patched-linux-x86_64 1.0 2.74 66.31 69.05 NOTE
r-patched-solaris-sparc 1.0 960.30 NOTE
r-patched-solaris-x86 1.0 229.10 NOTE
r-release-linux-x86_64 1.0 2.70 66.63 69.34 NOTE
r-release-osx-x86_64-mavericks 1.0 NOTE
r-release-osx-x86_64-snowleopard 1.0 NOTE
r-release-windows-ix86+x86_64 1.0 7.00 97.00 104.00 NOTE
r-oldrel-windows-ix86+x86_64 1.0 10.00 152.00 162.00 NOTE

Check Details

Version: 1.0
Check: package namespace information
Result: NOTE
     Namespaces with empty importFrom:
     ‘gee’ ‘geepack’
Flavors: r-devel-linux-x86_64-debian-clang, r-devel-linux-x86_64-debian-gcc, r-devel-linux-x86_64-fedora-clang, r-devel-linux-x86_64-fedora-gcc, r-devel-osx-x86_64-clang, r-devel-windows-ix86+x86_64, r-patched-linux-x86_64, r-patched-solaris-sparc, r-patched-solaris-x86, r-release-linux-x86_64, r-release-osx-x86_64-mavericks, r-release-osx-x86_64-snowleopard, r-release-windows-ix86+x86_64, r-oldrel-windows-ix86+x86_64

Version: 1.0
Check: DESCRIPTION meta-information
Result: NOTE
    Malformed Description field: should contain one or more complete sentences.
Flavors: r-devel-linux-x86_64-debian-clang, r-devel-linux-x86_64-debian-gcc, r-devel-linux-x86_64-fedora-clang, r-devel-linux-x86_64-fedora-gcc, r-devel-osx-x86_64-clang, r-devel-windows-ix86+x86_64, r-patched-linux-x86_64, r-patched-solaris-sparc, r-patched-solaris-x86, r-release-linux-x86_64, r-release-osx-x86_64-mavericks, r-release-osx-x86_64-snowleopard, r-release-windows-ix86+x86_64

Version: 1.0
Check: R code for possible problems
Result: NOTE
    gee_wrap: no visible global function definition for ‘gee’
    geeglm_wrap: no visible global function definition for ‘geeglm’
Flavors: r-devel-linux-x86_64-debian-clang, r-devel-linux-x86_64-debian-gcc, r-devel-linux-x86_64-fedora-clang, r-devel-linux-x86_64-fedora-gcc, r-devel-osx-x86_64-clang, r-devel-windows-ix86+x86_64, r-patched-linux-x86_64, r-patched-solaris-sparc, r-patched-solaris-x86, r-release-linux-x86_64, r-release-osx-x86_64-mavericks, r-release-osx-x86_64-snowleopard, r-release-windows-ix86+x86_64, r-oldrel-windows-ix86+x86_64