CRAN Package Check Results for Package gskat

Last updated on 2014-11-28 03:47:35.

Flavor Version Tinstall Tcheck Ttotal Status Flags
r-devel-linux-x86_64-debian-clang 1.0 3.34 77.12 80.46 NOTE
r-devel-linux-x86_64-debian-gcc 1.0 3.39 74.61 78.00 NOTE
r-devel-linux-x86_64-fedora-clang 1.0 199.64 NOTE
r-devel-linux-x86_64-fedora-gcc 1.0 208.55 NOTE
r-devel-osx-x86_64-clang 1.0 144.39 NOTE
r-devel-windows-ix86+x86_64 1.0 11.00 102.00 113.00 NOTE
r-patched-linux-x86_64 1.0 3.41 80.13 83.54 NOTE
r-patched-solaris-sparc 1.0 1132.70 NOTE
r-patched-solaris-x86 1.0 268.70 NOTE
r-release-linux-ix86 1.0 4.04 98.23 102.27 NOTE
r-release-linux-x86_64 1.0 3.44 81.24 84.68 NOTE
r-release-osx-x86_64-mavericks 1.0 OK
r-release-osx-x86_64-snowleopard 1.0 OK
r-release-windows-ix86+x86_64 1.0 11.00 111.00 122.00 NOTE
r-oldrel-windows-ix86+x86_64 1.0 10.00 121.00 131.00 OK

Check Details

Version: 1.0
Check: package namespace information
Result: NOTE
     Namespaces with empty importFrom:
     ‘gee’ ‘geepack’
Flavors: r-devel-linux-x86_64-debian-clang, r-devel-linux-x86_64-debian-gcc, r-devel-linux-x86_64-fedora-clang, r-devel-linux-x86_64-fedora-gcc, r-devel-osx-x86_64-clang, r-devel-windows-ix86+x86_64, r-patched-linux-x86_64, r-patched-solaris-sparc, r-patched-solaris-x86, r-release-linux-ix86, r-release-linux-x86_64, r-release-windows-ix86+x86_64

Version: 1.0
Check: R code for possible problems
Result: NOTE
    gee_wrap: no visible global function definition for ‘gee’
    geeglm_wrap: no visible global function definition for ‘geeglm’
Flavors: r-devel-linux-x86_64-debian-clang, r-devel-linux-x86_64-debian-gcc, r-devel-linux-x86_64-fedora-clang, r-devel-linux-x86_64-fedora-gcc, r-devel-osx-x86_64-clang, r-devel-windows-ix86+x86_64, r-patched-linux-x86_64, r-patched-solaris-sparc, r-patched-solaris-x86, r-release-linux-ix86, r-release-linux-x86_64, r-release-windows-ix86+x86_64