CRAN Package Check Results for Package gskat

Last updated on 2014-04-24 17:49:45.

Flavor Version Tinstall Tcheck Ttotal Status Flags
r-devel-linux-x86_64-debian-clang 1.0 3.72 83.94 87.66 OK
r-devel-linux-x86_64-debian-gcc 1.0 3.67 83.54 87.21 OK
r-devel-linux-x86_64-fedora-clang 1.0 205.10 OK
r-devel-linux-x86_64-fedora-gcc 1.0 197.67 OK
r-devel-osx-x86_64-clang 1.0 137.36 OK
r-devel-osx-x86_64-gcc 1.0 OK
r-devel-windows-ix86+x86_64 1.0 10.00 116.00 126.00 OK
r-patched-linux-x86_64 1.0 3.61 82.29 85.90 OK
r-patched-solaris-sparc 1.0 1152.40 OK
r-patched-solaris-x86 1.0 271.50 OK
r-release-linux-ix86 1.0 6.00 133.00 139.00 OK
r-release-linux-x86_64 1.0 3.65 84.66 88.31 OK
r-release-osx-x86_64-mavericks 1.0 WARN
r-release-osx-x86_64-snowleopard 1.0 OK
r-release-windows-ix86+x86_64 1.0 9.00 118.00 127.00 OK
r-oldrel-windows-ix86+x86_64 1.0 10.00 110.00 120.00 OK

Check Details

Version: 1.0
Check: PDF version of manual
Result: WARNING
    LaTeX errors when creating PDF version.
    This typically indicates Rd problems.
    LaTeX errors found:
    ! LaTeX Error: File `upquote.sty' not found.
    
    Type X to quit or <RETURN> to proceed,
    or enter new name. (Default extension: sty)
    
    74e1b/Rd2.tex:8: ==> Fatal error occurred, no output PDF file produced!
Flavor: r-release-osx-x86_64-mavericks