CRAN Package Check Results for Package gskat

Last updated on 2015-02-27 05:48:03.

Flavor Version Tinstall Tcheck Ttotal Status Flags
r-devel-linux-x86_64-debian-clang 1.0 2.65 67.40 70.06 NOTE
r-devel-linux-x86_64-debian-gcc 1.0 2.52 64.93 67.44 NOTE
r-devel-linux-x86_64-fedora-clang 1.0 151.03 NOTE
r-devel-linux-x86_64-fedora-gcc 1.0 139.12 NOTE
r-devel-osx-x86_64-clang 1.0 123.27 NOTE
r-devel-windows-ix86+x86_64 1.0 12.00 96.00 108.00 NOTE
r-patched-linux-x86_64 1.0 3.84 81.06 84.90 NOTE
r-patched-solaris-sparc 1.0 1152.30 NOTE
r-patched-solaris-x86 1.0 267.60 NOTE
r-release-linux-ix86 1.0 4.08 99.86 103.93 NOTE
r-release-linux-x86_64 1.0 3.63 0.26 3.89 NOTE
r-release-osx-x86_64-mavericks 1.0 NOTE
r-release-osx-x86_64-snowleopard 1.0 OK
r-release-windows-ix86+x86_64 1.0 12.00 121.00 133.00 NOTE
r-oldrel-windows-ix86+x86_64 1.0 11.00 165.00 176.00 OK

Check Details

Version: 1.0
Check: package namespace information
Result: NOTE
     Namespaces with empty importFrom:
     ‘gee’ ‘geepack’
Flavors: r-devel-linux-x86_64-debian-clang, r-devel-linux-x86_64-debian-gcc, r-devel-linux-x86_64-fedora-clang, r-devel-linux-x86_64-fedora-gcc, r-devel-osx-x86_64-clang, r-devel-windows-ix86+x86_64, r-patched-linux-x86_64, r-patched-solaris-sparc, r-patched-solaris-x86, r-release-linux-ix86, r-release-osx-x86_64-mavericks, r-release-windows-ix86+x86_64

Version: 1.0
Check: DESCRIPTION meta-information
Result: NOTE
    Malformed Description field: should contain one or more complete sentences.
Flavors: r-devel-linux-x86_64-debian-clang, r-devel-linux-x86_64-debian-gcc, r-devel-linux-x86_64-fedora-clang, r-devel-linux-x86_64-fedora-gcc, r-devel-osx-x86_64-clang, r-devel-windows-ix86+x86_64

Version: 1.0
Check: R code for possible problems
Result: NOTE
    gee_wrap: no visible global function definition for ‘gee’
    geeglm_wrap: no visible global function definition for ‘geeglm’
Flavors: r-devel-linux-x86_64-debian-clang, r-devel-linux-x86_64-debian-gcc, r-devel-linux-x86_64-fedora-clang, r-devel-linux-x86_64-fedora-gcc, r-devel-osx-x86_64-clang, r-devel-windows-ix86+x86_64, r-patched-linux-x86_64, r-patched-solaris-sparc, r-patched-solaris-x86, r-release-linux-ix86, r-release-osx-x86_64-mavericks, r-release-windows-ix86+x86_64

Version: 1.0
Check: package namespace information
Result: NOTE
     Namespaces with empty importFrom:
     ‘gee’ ‘geepack’
    * checking package dependencies ...
Flavor: r-release-linux-x86_64