CRAN Package Check Results for Package gsl

Last updated on 2019-05-22 20:47:52 CEST.

Flavor Version Tinstall Tcheck Ttotal Status Flags
r-devel-linux-x86_64-debian-clang 2.1-6 12.41 48.44 60.85 OK
r-devel-linux-x86_64-debian-gcc 2.1-6 9.28 38.65 47.93 OK
r-devel-linux-x86_64-fedora-clang 2.1-6 72.04 OK
r-devel-linux-x86_64-fedora-gcc 2.1-6 75.40 OK
r-devel-windows-ix86+x86_64 2.1-6 55.00 103.00 158.00 OK
r-patched-linux-x86_64 2.1-6 10.91 49.35 60.26 OK
r-patched-solaris-x86 2.1-6 100.90 OK
r-release-linux-x86_64 2.1-6 11.76 49.41 61.17 OK
r-release-windows-ix86+x86_64 2.1-6 51.00 79.00 130.00 OK
r-release-osx-x86_64 2.1-6 ERROR
r-oldrel-windows-ix86+x86_64 2.1-6 38.00 70.00 108.00 OK
r-oldrel-osx-x86_64 2.1-6 ERROR

Check Details

Version: 2.1-6
Check: whether package can be installed
Result: ERROR
    Installation failed.
Flavors: r-release-osx-x86_64, r-oldrel-osx-x86_64