CRAN Package Check Results for Package gsl

Last updated on 2019-03-26 07:48:51 CET.

Flavor Version Tinstall Tcheck Ttotal Status Flags
r-devel-linux-x86_64-debian-clang 2.1-5 11.15 49.43 60.58 OK
r-devel-linux-x86_64-debian-gcc 2.1-6 9.43 38.97 48.40 OK
r-devel-linux-x86_64-fedora-clang 2.1-6 79.31 OK
r-devel-linux-x86_64-fedora-gcc 2.1-6 76.19 OK
r-devel-windows-ix86+x86_64 2.1-5 58.00 111.00 169.00 OK
r-patched-linux-x86_64 2.1-5 10.78 45.60 56.38 OK
r-patched-solaris-x86 2.1-6 85.10 OK
r-release-linux-x86_64 2.1-6 10.72 44.93 55.65 OK
r-release-windows-ix86+x86_64 2.1-5 60.00 115.00 175.00 OK
r-release-osx-x86_64 2.1-5 ERROR
r-oldrel-windows-ix86+x86_64 2.1-6 49.00 89.00 138.00 OK
r-oldrel-osx-x86_64 2.1-5 ERROR

Check Details

Version: 2.1-5
Check: whether package can be installed
Result: ERROR
    Installation failed.
Flavors: r-release-osx-x86_64, r-oldrel-osx-x86_64