Last updated on 2021-03-02 18:47:40 CET.
Flavor | Version | Tinstall | Tcheck | Ttotal | Status | Flags |
---|---|---|---|---|---|---|
r-devel-linux-x86_64-debian-clang | 0.1.0 | NOTE | ||||
r-devel-linux-x86_64-debian-gcc | 0.1.0 | 1.54 | 20.63 | 22.17 | NOTE | |
r-devel-linux-x86_64-fedora-clang | 0.1.0 | 43.94 | OK | |||
r-devel-linux-x86_64-fedora-gcc | 0.1.0 | 35.08 | OK | |||
r-devel-windows-ix86+x86_64 | 0.1.0 | 5.00 | 42.00 | 47.00 | NOTE | |
r-patched-linux-x86_64 | 0.1.0 | 1.61 | 25.90 | 27.51 | NOTE | |
r-patched-solaris-x86 | 0.1.0 | 52.60 | OK | |||
r-release-linux-x86_64 | 0.1.0 | 1.91 | 25.63 | 27.54 | NOTE | |
r-release-macos-x86_64 | 0.1.0 | OK | ||||
r-release-windows-ix86+x86_64 | 0.1.0 | 5.00 | 32.00 | 37.00 | NOTE | |
r-oldrel-macos-x86_64 | 0.1.0 | OK | ||||
r-oldrel-windows-ix86+x86_64 | 0.1.0 | 19.00 | 41.00 | 60.00 | OK |
Version: 0.1.0
Check: package vignettes
Result: NOTE
Package vignette with placeholder title 'Vignette Title':
'Introduction.Rmd'
Flavors: r-devel-linux-x86_64-debian-clang, r-devel-linux-x86_64-debian-gcc, r-devel-windows-ix86+x86_64, r-patched-linux-x86_64, r-release-linux-x86_64, r-release-windows-ix86+x86_64