CRAN Package Check Results for Package gsloid

Last updated on 2019-03-24 10:46:41 CET.

Flavor Version Tinstall Tcheck Ttotal Status Flags
r-devel-linux-x86_64-debian-clang 0.1.0 1.43 23.37 24.80 WARN
r-devel-linux-x86_64-debian-gcc 0.1.0 1.23 18.77 20.00 OK
r-devel-linux-x86_64-fedora-clang 0.1.0 31.27 OK
r-devel-linux-x86_64-fedora-gcc 0.1.0 28.72 OK
r-devel-windows-ix86+x86_64 0.1.0 7.00 48.00 55.00 OK
r-patched-linux-x86_64 0.1.0 0.78 21.90 22.68 OK
r-patched-solaris-x86 0.1.0 45.10 OK
r-release-linux-x86_64 0.1.0 0.30 2.17 2.47 ERROR
r-release-windows-ix86+x86_64 0.1.0 2.00 35.00 37.00 OK
r-release-osx-x86_64 0.1.0 OK
r-oldrel-windows-ix86+x86_64 0.1.0 2.00 56.00 58.00 OK
r-oldrel-osx-x86_64 0.1.0 OK

Check Details

Version: 0.1.0
Check: whether package can be installed
Result: WARN
    Found the following significant warnings:
     Warning: unable to re-encode 'data.R' lines 54, 55, 159
Flavor: r-devel-linux-x86_64-debian-clang

Version: 0.1.0
Check: whether package can be installed
Result: ERROR
    Installation failed.
Flavor: r-release-linux-x86_64