CRAN Package Check Results for Package gsmoothr

Last updated on 2015-03-29 00:48:16.

Flavor Version Tinstall Tcheck Ttotal Status Flags
r-devel-linux-x86_64-debian-clang 0.1.7 0.84 9.46 10.30 NOTE
r-devel-linux-x86_64-debian-gcc 0.1.7 0.86 9.63 10.49 NOTE
r-devel-linux-x86_64-fedora-clang 0.1.7 20.28 NOTE
r-devel-linux-x86_64-fedora-gcc 0.1.7 20.37 NOTE
r-devel-osx-x86_64-clang 0.1.7 28.55 NOTE
r-prerel-windows-ix86+x86_64 0.1.7 10.00 21.00 31.00 NOTE
r-prerel-linux-x86_64 0.1.7 0.87 9.21 10.08 NOTE
r-prerel-solaris-sparc 0.1.7 137.80 NOTE
r-prerel-solaris-x86 0.1.7 31.40 NOTE
r-release-linux-x86_64 0.1.7 0.91 10.43 11.34 OK
r-release-osx-x86_64-mavericks 0.1.7 OK
r-release-osx-x86_64-snowleopard 0.1.7 OK
r-release-windows-ix86+x86_64 0.1.7 10.00 22.00 32.00 OK
r-oldrel-windows-ix86+x86_64 0.1.7 5.00 21.00 26.00 OK

Check Details

Version: 0.1.7
Check: DESCRIPTION meta-information
Result: NOTE
    Malformed Description field: should contain one or more complete sentences.
Flavors: r-devel-linux-x86_64-debian-clang, r-devel-linux-x86_64-debian-gcc, r-devel-linux-x86_64-fedora-clang, r-devel-linux-x86_64-fedora-gcc, r-devel-osx-x86_64-clang, r-prerel-windows-ix86+x86_64, r-prerel-linux-x86_64, r-prerel-solaris-sparc, r-prerel-solaris-x86