CRAN Package Check Results for Package gsmoothr

Last updated on 2017-03-23 23:50:46.

Flavor Version Tinstall Tcheck Ttotal Status Flags
r-devel-linux-x86_64-debian-clang 0.1.7 1.16 13.31 14.48 NOTE
r-devel-linux-x86_64-debian-gcc 0.1.7 0.93 12.72 13.65 NOTE
r-devel-linux-x86_64-fedora-clang 0.1.7 23.56 NOTE --no-stop-on-test-error
r-devel-linux-x86_64-fedora-gcc 0.1.7 22.38 NOTE --no-stop-on-test-error
r-devel-macos-x86_64-clang 0.1.7 18.85 NOTE --no-stop-on-test-error
r-devel-windows-ix86+x86_64 0.1.7 5.00 28.00 33.00 NOTE
r-patched-linux-x86_64 0.1.7 0.94 9.95 10.89 NOTE
r-patched-solaris-sparc 0.1.7 129.10 NOTE
r-patched-solaris-x86 0.1.7 33.60 NOTE
r-release-linux-x86_64 0.1.7 0.84 9.99 10.83 NOTE
r-release-osx-x86_64-mavericks 0.1.7 NOTE
r-release-windows-ix86+x86_64 0.1.7 5.00 27.00 32.00 NOTE
r-oldrel-windows-ix86+x86_64 0.1.7 6.00 27.00 33.00 NOTE

Check Details

Version: 0.1.7
Check: DESCRIPTION meta-information
Result: NOTE
    Malformed Description field: should contain one or more complete sentences.
Flavors: r-devel-linux-x86_64-debian-clang, r-devel-linux-x86_64-debian-gcc, r-devel-windows-ix86+x86_64, r-patched-linux-x86_64, r-patched-solaris-sparc, r-patched-solaris-x86, r-release-linux-x86_64, r-release-osx-x86_64-mavericks, r-release-windows-ix86+x86_64, r-oldrel-windows-ix86+x86_64

Version: 0.1.7
Check: compiled code
Result: NOTE
    File ‘gsmoothr/libs/gsmoothr.so’:
     Found no call to: ‘R_useDynamicSymbols’
    
    It is good practice to register native routines and to disable symbol
    search.
    
    See ‘Writing portable packages’ in the ‘Writing R Extensions’ manual.
Flavors: r-devel-linux-x86_64-debian-clang, r-devel-linux-x86_64-debian-gcc

Version: 0.1.7
Flags: --no-stop-on-test-error
Check: DESCRIPTION meta-information
Result: NOTE
    Malformed Description field: should contain one or more complete sentences.
Flavors: r-devel-linux-x86_64-fedora-clang, r-devel-linux-x86_64-fedora-gcc, r-devel-macos-x86_64-clang

Version: 0.1.7
Flags: --no-stop-on-test-error
Check: compiled code
Result: NOTE
    File ‘gsmoothr/libs/gsmoothr.so’:
     Found no call to: ‘R_useDynamicSymbols’
    
    It is good practice to register native routines and to disable symbol
    search.
    
    See ‘Writing portable packages’ in the ‘Writing R Extensions’ manual.
Flavors: r-devel-linux-x86_64-fedora-clang, r-devel-linux-x86_64-fedora-gcc, r-devel-macos-x86_64-clang