CRAN Package Check Results for Package gsmoothr

Last updated on 2016-09-30 11:48:37.

Flavor Version Tinstall Tcheck Ttotal Status Flags
r-devel-linux-x86_64-debian-clang 0.1.7 1.04 10.97 12.02 NOTE
r-devel-linux-x86_64-debian-gcc 0.1.7 1.09 10.46 11.55 NOTE
r-devel-linux-x86_64-fedora-clang 0.1.7 19.19 NOTE
r-devel-linux-x86_64-fedora-gcc 0.1.7 16.56 NOTE
r-devel-macos-x86_64-clang 0.1.7 16.00 NOTE
r-devel-windows-ix86+x86_64 0.1.7 8.00 34.00 42.00 NOTE
r-patched-linux-x86_64 0.1.7 0.96 9.77 10.73 NOTE
r-patched-solaris-sparc 0.1.7 99.40 NOTE
r-patched-solaris-x86 0.1.7 23.20 NOTE
r-release-linux-x86_64 0.1.7 1.32 9.96 11.27 NOTE
r-release-osx-x86_64-mavericks 0.1.7 NOTE
r-release-windows-ix86+x86_64 0.1.7 5.00 24.00 29.00 NOTE
r-oldrel-windows-ix86+x86_64 0.1.7 6.00 21.00 27.00 NOTE

Check Details

Version: 0.1.7
Check: DESCRIPTION meta-information
Result: NOTE
    Malformed Description field: should contain one or more complete sentences.
Flavors: r-devel-linux-x86_64-debian-clang, r-devel-linux-x86_64-debian-gcc, r-devel-linux-x86_64-fedora-clang, r-devel-linux-x86_64-fedora-gcc, r-devel-macos-x86_64-clang, r-devel-windows-ix86+x86_64, r-patched-linux-x86_64, r-patched-solaris-sparc, r-patched-solaris-x86, r-release-linux-x86_64, r-release-osx-x86_64-mavericks, r-release-windows-ix86+x86_64, r-oldrel-windows-ix86+x86_64