CRAN Package Check Results for Package gsmoothr

Last updated on 2015-07-04 19:47:39.

Flavor Version Tinstall Tcheck Ttotal Status Flags
r-devel-linux-x86_64-debian-clang 0.1.7 0.89 9.52 10.41 NOTE
r-devel-linux-x86_64-debian-gcc 0.1.7 0.77 9.11 9.88 NOTE
r-devel-linux-x86_64-fedora-clang 0.1.7 19.31 NOTE
r-devel-linux-x86_64-fedora-gcc 0.1.7 18.02 NOTE
r-devel-osx-x86_64-clang 0.1.7 20.67 NOTE
r-devel-windows-ix86+x86_64 0.1.7 7.00 32.00 39.00 NOTE
r-patched-linux-x86_64 0.1.7 0.87 9.39 10.26 NOTE
r-patched-solaris-sparc 0.1.7 134.80 NOTE
r-patched-solaris-x86 0.1.7 32.40 NOTE
r-release-linux-x86_64 0.1.7 0.84 9.71 10.54 NOTE
r-release-osx-x86_64-mavericks 0.1.7 NOTE
r-release-windows-ix86+x86_64 0.1.7 8.00 20.00 28.00 NOTE
r-oldrel-windows-ix86+x86_64 0.1.7 10.00 22.00 32.00 OK

Check Details

Version: 0.1.7
Check: DESCRIPTION meta-information
Result: NOTE
    Malformed Description field: should contain one or more complete sentences.
Flavors: r-devel-linux-x86_64-debian-clang, r-devel-linux-x86_64-debian-gcc, r-devel-linux-x86_64-fedora-clang, r-devel-linux-x86_64-fedora-gcc, r-devel-osx-x86_64-clang, r-devel-windows-ix86+x86_64, r-patched-linux-x86_64, r-patched-solaris-sparc, r-patched-solaris-x86, r-release-linux-x86_64, r-release-osx-x86_64-mavericks, r-release-windows-ix86+x86_64