CRAN Package Check Results for Package gsmoothr

Last updated on 2016-05-28 23:47:39.

Flavor Version Tinstall Tcheck Ttotal Status Flags
r-devel-linux-x86_64-debian-gcc 0.1.7 0.99 9.54 10.53 NOTE
r-devel-linux-x86_64-fedora-clang 0.1.7 17.35 NOTE
r-devel-linux-x86_64-fedora-gcc 0.1.7 16.00 NOTE
r-devel-osx-x86_64-clang 0.1.7 20.95 NOTE
r-devel-windows-ix86+x86_64 0.1.7 5.00 28.00 33.00 NOTE
r-patched-linux-x86_64 0.1.7 0.81 9.75 10.56 NOTE
r-patched-solaris-sparc 0.1.7 99.90 NOTE
r-patched-solaris-x86 0.1.7 23.30 NOTE
r-release-linux-x86_64 0.1.7 0.86 9.40 10.27 NOTE
r-release-osx-x86_64-mavericks 0.1.7 NOTE
r-release-windows-ix86+x86_64 0.1.7 5.00 35.00 40.00 NOTE
r-oldrel-windows-ix86+x86_64 0.1.7 6.00 21.00 27.00 NOTE

Check Details

Version: 0.1.7
Check: DESCRIPTION meta-information
Result: NOTE
    Malformed Description field: should contain one or more complete sentences.
Flavors: r-devel-linux-x86_64-debian-gcc, r-devel-linux-x86_64-fedora-clang, r-devel-linux-x86_64-fedora-gcc, r-devel-osx-x86_64-clang, r-devel-windows-ix86+x86_64, r-patched-linux-x86_64, r-patched-solaris-sparc, r-patched-solaris-x86, r-release-linux-x86_64, r-release-osx-x86_64-mavericks, r-release-windows-ix86+x86_64, r-oldrel-windows-ix86+x86_64