CRAN Package Check Results for Package gsmoothr

Last updated on 2016-04-29 11:48:30.

Flavor Version Tinstall Tcheck Ttotal Status Flags
r-devel-linux-x86_64-debian-gcc 0.1.7 0.90 10.06 10.96 NOTE
r-devel-linux-x86_64-fedora-clang 0.1.7 17.26 NOTE
r-devel-linux-x86_64-fedora-gcc 0.1.7 16.38 NOTE
r-devel-osx-x86_64-clang 0.1.7 21.03 NOTE
r-devel-windows-ix86+x86_64 0.1.7 5.00 26.00 31.00 NOTE
r-patched-linux-x86_64 0.1.7 0.87 9.65 10.52 NOTE
r-patched-solaris-sparc 0.1.7 99.40 NOTE
r-patched-solaris-x86 0.1.7 22.90 NOTE
r-release-linux-x86_64 0.1.7 0.96 10.86 11.82 NOTE
r-release-osx-x86_64-mavericks 0.1.7 NOTE
r-release-windows-ix86+x86_64 0.1.7 6.00 21.00 27.00 NOTE
r-oldrel-windows-ix86+x86_64 0.1.7 10.00 22.00 32.00 OK

Check Details

Version: 0.1.7
Check: DESCRIPTION meta-information
Result: NOTE
    Malformed Description field: should contain one or more complete sentences.
Flavors: r-devel-linux-x86_64-debian-gcc, r-devel-linux-x86_64-fedora-clang, r-devel-linux-x86_64-fedora-gcc, r-devel-osx-x86_64-clang, r-devel-windows-ix86+x86_64, r-patched-linux-x86_64, r-patched-solaris-sparc, r-patched-solaris-x86, r-release-linux-x86_64, r-release-osx-x86_64-mavericks, r-release-windows-ix86+x86_64