CRAN Package Check Results for Package gsmoothr

Last updated on 2018-04-26 01:46:42 CEST.

Flavor Version Tinstall Tcheck Ttotal Status Flags
r-devel-linux-x86_64-debian-clang 0.1.7 1.42 15.53 16.95 NOTE
r-devel-linux-x86_64-debian-gcc 0.1.7 1.07 14.26 15.33 NOTE
r-devel-linux-x86_64-fedora-clang 0.1.7 22.74 NOTE
r-devel-linux-x86_64-fedora-gcc 0.1.7 21.60 NOTE
r-devel-windows-ix86+x86_64 0.1.7 8.00 33.00 41.00 NOTE
r-patched-linux-x86_64 0.1.7 1.43 17.30 18.73 NOTE
r-patched-solaris-x86 0.1.7 38.70 NOTE
r-release-linux-x86_64 0.1.7 1.43 17.43 18.86 NOTE
r-release-windows-ix86+x86_64 0.1.7 8.00 33.00 41.00 NOTE
r-release-osx-x86_64 0.1.7 NOTE
r-oldrel-windows-ix86+x86_64 0.1.7 5.00 29.00 34.00 NOTE
r-oldrel-osx-x86_64 0.1.7 NOTE

Check Details

Version: 0.1.7
Check: DESCRIPTION meta-information
Result: NOTE
    Malformed Description field: should contain one or more complete sentences.
Flavors: r-devel-linux-x86_64-debian-clang, r-devel-linux-x86_64-debian-gcc, r-devel-linux-x86_64-fedora-clang, r-devel-linux-x86_64-fedora-gcc, r-devel-windows-ix86+x86_64, r-patched-linux-x86_64, r-patched-solaris-x86, r-release-linux-x86_64, r-release-windows-ix86+x86_64, r-release-osx-x86_64, r-oldrel-windows-ix86+x86_64, r-oldrel-osx-x86_64

Version: 0.1.7
Check: compiled code
Result: NOTE
    File ‘gsmoothr/libs/gsmoothr.so’:
     Found no call to: ‘R_useDynamicSymbols’
    
    It is good practice to register native routines and to disable symbol
    search.
    
    See ‘Writing portable packages’ in the ‘Writing R Extensions’ manual.
Flavors: r-devel-linux-x86_64-debian-clang, r-devel-linux-x86_64-debian-gcc, r-devel-linux-x86_64-fedora-clang, r-devel-linux-x86_64-fedora-gcc, r-patched-linux-x86_64, r-release-linux-x86_64