CRAN Package Check Results for Package gsmoothr

Last updated on 2016-02-09 20:47:07.

Flavor Version Tinstall Tcheck Ttotal Status Flags
r-devel-linux-x86_64-debian-gcc 0.1.7 0.81 8.43 9.23 NOTE
r-devel-linux-x86_64-fedora-clang 0.1.7 17.17 NOTE
r-devel-linux-x86_64-fedora-gcc 0.1.7 15.97 NOTE
r-devel-osx-x86_64-clang 0.1.7 20.32 NOTE
r-devel-windows-ix86+x86_64 0.1.7 10.00 23.00 33.00 NOTE
r-patched-linux-x86_64 0.1.7 0.96 9.24 10.20 NOTE
r-patched-solaris-sparc 0.1.7 113.70 NOTE
r-patched-solaris-x86 0.1.7 26.10 NOTE
r-release-linux-x86_64 0.1.7 0.91 9.28 10.19 NOTE
r-release-osx-x86_64-mavericks 0.1.7 NOTE
r-release-windows-ix86+x86_64 0.1.7 6.00 21.00 27.00 NOTE
r-oldrel-windows-ix86+x86_64 0.1.7 10.00 22.00 32.00 OK

Check Details

Version: 0.1.7
Check: DESCRIPTION meta-information
Result: NOTE
    Malformed Description field: should contain one or more complete sentences.
Flavors: r-devel-linux-x86_64-debian-gcc, r-devel-linux-x86_64-fedora-clang, r-devel-linux-x86_64-fedora-gcc, r-devel-osx-x86_64-clang, r-devel-windows-ix86+x86_64, r-patched-linux-x86_64, r-patched-solaris-sparc, r-patched-solaris-x86, r-release-linux-x86_64, r-release-osx-x86_64-mavericks, r-release-windows-ix86+x86_64