CRAN Package Check Results for Package gsmoothr

Last updated on 2017-05-26 12:48:51.

Flavor Version Tinstall Tcheck Ttotal Status Flags
r-devel-linux-x86_64-debian-clang 0.1.7 1.09 11.86 12.95 NOTE
r-devel-linux-x86_64-debian-gcc 0.1.7 1.01 12.93 13.94 NOTE
r-devel-linux-x86_64-fedora-clang 0.1.7 21.78 NOTE
r-devel-linux-x86_64-fedora-gcc 0.1.7 19.77 NOTE
r-devel-windows-ix86+x86_64 0.1.7 11.00 40.00 51.00 NOTE
r-patched-linux-x86_64 0.1.7 1.05 12.69 13.73 NOTE
r-patched-solaris-sparc 0.1.7 129.10 NOTE
r-patched-solaris-x86 0.1.7 33.90 NOTE
r-release-linux-x86_64 0.1.7 0.93 12.15 13.08 NOTE
r-release-windows-ix86+x86_64 0.1.7 6.00 28.00 34.00 NOTE
r-release-osx-x86_64 0.1.7 NOTE
r-oldrel-windows-ix86+x86_64 0.1.7 5.00 27.00 32.00 NOTE
r-oldrel-osx-x86_64 0.1.7 NOTE

Check Details

Version: 0.1.7
Check: DESCRIPTION meta-information
Result: NOTE
    Malformed Description field: should contain one or more complete sentences.
Flavors: r-devel-linux-x86_64-debian-clang, r-devel-linux-x86_64-debian-gcc, r-devel-linux-x86_64-fedora-clang, r-devel-linux-x86_64-fedora-gcc, r-devel-windows-ix86+x86_64, r-patched-linux-x86_64, r-patched-solaris-sparc, r-patched-solaris-x86, r-release-linux-x86_64, r-release-windows-ix86+x86_64, r-release-osx-x86_64, r-oldrel-windows-ix86+x86_64, r-oldrel-osx-x86_64

Version: 0.1.7
Check: compiled code
Result: NOTE
    File ‘gsmoothr/libs/gsmoothr.so’:
     Found no call to: ‘R_useDynamicSymbols’
    
    It is good practice to register native routines and to disable symbol
    search.
    
    See ‘Writing portable packages’ in the ‘Writing R Extensions’ manual.
Flavors: r-devel-linux-x86_64-debian-clang, r-devel-linux-x86_64-debian-gcc, r-devel-linux-x86_64-fedora-clang, r-devel-linux-x86_64-fedora-gcc, r-patched-linux-x86_64, r-release-linux-x86_64