CRAN Package Check Results for Package gsmoothr

Last updated on 2015-05-26 11:48:32.

Flavor Version Tinstall Tcheck Ttotal Status Flags
r-devel-linux-x86_64-debian-clang 0.1.7 0.94 9.51 10.46 NOTE
r-devel-linux-x86_64-debian-gcc 0.1.7 0.82 9.56 10.38 NOTE
r-devel-linux-x86_64-fedora-clang 0.1.7 20.70 NOTE
r-devel-linux-x86_64-fedora-gcc 0.1.7 19.49 NOTE
r-devel-osx-x86_64-clang 0.1.7 25.28 NOTE
r-devel-windows-ix86+x86_64 0.1.7 6.00 21.00 27.00 NOTE
r-patched-linux-x86_64 0.1.7 0.86 9.42 10.27 NOTE
r-patched-solaris-sparc 0.1.7 134.80 NOTE
r-patched-solaris-x86 0.1.7 32.00 NOTE
r-release-linux-x86_64 0.1.7 0.84 9.61 10.45 NOTE
r-release-osx-x86_64-mavericks 0.1.7 NOTE
r-release-osx-x86_64-snowleopard 0.1.7 NOTE
r-release-windows-ix86+x86_64 0.1.7 5.00 22.00 27.00 NOTE
r-oldrel-windows-ix86+x86_64 0.1.7 10.00 22.00 32.00 OK

Check Details

Version: 0.1.7
Check: DESCRIPTION meta-information
Result: NOTE
    Malformed Description field: should contain one or more complete sentences.
Flavors: r-devel-linux-x86_64-debian-clang, r-devel-linux-x86_64-debian-gcc, r-devel-linux-x86_64-fedora-clang, r-devel-linux-x86_64-fedora-gcc, r-devel-osx-x86_64-clang, r-devel-windows-ix86+x86_64, r-patched-linux-x86_64, r-patched-solaris-sparc, r-patched-solaris-x86, r-release-linux-x86_64, r-release-osx-x86_64-mavericks, r-release-osx-x86_64-snowleopard, r-release-windows-ix86+x86_64