CRAN Package Check Results for Package gsmoothr

Last updated on 2016-07-31 04:51:39.

Flavor Version Tinstall Tcheck Ttotal Status Flags
r-devel-linux-x86_64-debian-clang 0.1.7 0.96 9.90 10.87 NOTE
r-devel-linux-x86_64-debian-gcc 0.1.7 0.83 10.18 11.01 NOTE
r-devel-linux-x86_64-fedora-clang 0.1.7 17.10 NOTE
r-devel-linux-x86_64-fedora-gcc 0.1.7 16.17 NOTE
r-devel-osx-x86_64-clang 0.1.7 15.95 NOTE
r-devel-windows-ix86+x86_64 0.1.7 4.00 25.00 29.00 NOTE
r-patched-linux-x86_64 0.1.7 0.92 9.64 10.56 NOTE
r-patched-solaris-sparc 0.1.7 99.40 NOTE
r-patched-solaris-x86 0.1.7 22.60 NOTE
r-release-linux-x86_64 0.1.7 0.98 11.48 12.45 NOTE
r-release-osx-x86_64-mavericks 0.1.7 NOTE
r-release-windows-ix86+x86_64 0.1.7 5.00 35.00 40.00 NOTE
r-oldrel-windows-ix86+x86_64 0.1.7 6.00 21.00 27.00 NOTE

Check Details

Version: 0.1.7
Check: DESCRIPTION meta-information
Result: NOTE
    Malformed Description field: should contain one or more complete sentences.
Flavors: r-devel-linux-x86_64-debian-clang, r-devel-linux-x86_64-debian-gcc, r-devel-linux-x86_64-fedora-clang, r-devel-linux-x86_64-fedora-gcc, r-devel-osx-x86_64-clang, r-devel-windows-ix86+x86_64, r-patched-linux-x86_64, r-patched-solaris-sparc, r-patched-solaris-x86, r-release-linux-x86_64, r-release-osx-x86_64-mavericks, r-release-windows-ix86+x86_64, r-oldrel-windows-ix86+x86_64