CRAN Package Check Results for Package gsmoothr

Last updated on 2016-12-09 05:49:00.

Flavor Version Tinstall Tcheck Ttotal Status Flags
r-devel-linux-x86_64-debian-clang 0.1.7 1.12 11.37 12.49 NOTE
r-devel-linux-x86_64-debian-gcc 0.1.7 1.02 11.14 12.16 NOTE
r-devel-linux-x86_64-fedora-clang 0.1.7 22.36 NOTE --no-stop-on-test-error
r-devel-linux-x86_64-fedora-gcc 0.1.7 20.21 NOTE --no-stop-on-test-error
r-devel-macos-x86_64-clang 0.1.7 18.94 NOTE
r-devel-windows-ix86+x86_64 0.1.7 5.00 36.00 41.00 NOTE
r-patched-linux-x86_64 0.1.7 0.83 9.45 10.28 NOTE
r-patched-solaris-sparc 0.1.7 99.40 NOTE
r-patched-solaris-x86 0.1.7 22.80 NOTE
r-release-linux-x86_64 0.1.7 0.81 9.70 10.51 NOTE
r-release-osx-x86_64-mavericks 0.1.7 NOTE
r-release-windows-ix86+x86_64 0.1.7 5.00 27.00 32.00 NOTE
r-oldrel-windows-ix86+x86_64 0.1.7 6.00 27.00 33.00 NOTE

Check Details

Version: 0.1.7
Check: DESCRIPTION meta-information
Result: NOTE
    Malformed Description field: should contain one or more complete sentences.
Flavors: r-devel-linux-x86_64-debian-clang, r-devel-linux-x86_64-debian-gcc, r-devel-macos-x86_64-clang, r-devel-windows-ix86+x86_64, r-patched-linux-x86_64, r-patched-solaris-sparc, r-patched-solaris-x86, r-release-linux-x86_64, r-release-osx-x86_64-mavericks, r-release-windows-ix86+x86_64, r-oldrel-windows-ix86+x86_64

Version: 0.1.7
Flags: --no-stop-on-test-error
Check: DESCRIPTION meta-information
Result: NOTE
    Malformed Description field: should contain one or more complete sentences.
Flavors: r-devel-linux-x86_64-fedora-clang, r-devel-linux-x86_64-fedora-gcc