CRAN Package Check Results for Package gsmoothr

Last updated on 2017-02-27 18:48:58.

Flavor Version Tinstall Tcheck Ttotal Status Flags
r-devel-linux-x86_64-debian-clang 0.1.7 1.10 12.40 13.50 NOTE
r-devel-linux-x86_64-debian-gcc 0.1.7 0.96 11.86 12.81 NOTE
r-devel-linux-x86_64-fedora-clang 0.1.7 21.03 NOTE --no-stop-on-test-error
r-devel-linux-x86_64-fedora-gcc 0.1.7 19.77 NOTE --no-stop-on-test-error
r-devel-macos-x86_64-clang 0.1.7 19.55 NOTE --no-stop-on-test-error
r-devel-windows-ix86+x86_64 0.1.7 6.00 63.00 69.00 NOTE
r-patched-linux-x86_64 0.1.7 0.87 10.07 10.94 NOTE
r-patched-solaris-sparc 0.1.7 102.20 NOTE
r-patched-solaris-x86 0.1.7 28.90 NOTE
r-release-linux-x86_64 0.1.7 0.81 10.03 10.84 NOTE
r-release-osx-x86_64-mavericks 0.1.7 NOTE
r-release-windows-ix86+x86_64 0.1.7 5.00 27.00 32.00 NOTE
r-oldrel-windows-ix86+x86_64 0.1.7 6.00 27.00 33.00 NOTE

Check Details

Version: 0.1.7
Check: DESCRIPTION meta-information
Result: NOTE
    Malformed Description field: should contain one or more complete sentences.
Flavors: r-devel-linux-x86_64-debian-clang, r-devel-linux-x86_64-debian-gcc, r-devel-windows-ix86+x86_64, r-patched-linux-x86_64, r-patched-solaris-sparc, r-patched-solaris-x86, r-release-linux-x86_64, r-release-osx-x86_64-mavericks, r-release-windows-ix86+x86_64, r-oldrel-windows-ix86+x86_64

Version: 0.1.7
Check: compiled code
Result: NOTE
    File ‘gsmoothr/libs/gsmoothr.so’:
     Found no call to: ‘R_useDynamicSymbols’
    
    It is good practice to register native routines and to disable symbol
    search.
    
    See ‘Writing portable packages’ in the ‘Writing R Extensions’ manual.
Flavors: r-devel-linux-x86_64-debian-clang, r-devel-linux-x86_64-debian-gcc

Version: 0.1.7
Flags: --no-stop-on-test-error
Check: DESCRIPTION meta-information
Result: NOTE
    Malformed Description field: should contain one or more complete sentences.
Flavors: r-devel-linux-x86_64-fedora-clang, r-devel-linux-x86_64-fedora-gcc, r-devel-macos-x86_64-clang

Version: 0.1.7
Flags: --no-stop-on-test-error
Check: compiled code
Result: NOTE
    File ‘gsmoothr/libs/gsmoothr.so’:
     Found no call to: ‘R_useDynamicSymbols’
    
    It is good practice to register native routines and to disable symbol
    search.
    
    See ‘Writing portable packages’ in the ‘Writing R Extensions’ manual.
Flavors: r-devel-linux-x86_64-fedora-clang, r-devel-linux-x86_64-fedora-gcc, r-devel-macos-x86_64-clang