CRAN Package Check Results for Package gsmoothr

Last updated on 2015-09-05 12:49:24.

Flavor Version Tinstall Tcheck Ttotal Status Flags
r-devel-linux-x86_64-debian-clang 0.1.7 0.82 9.09 9.91 NOTE
r-devel-linux-x86_64-debian-gcc 0.1.7 0.77 8.79 9.56 NOTE
r-devel-linux-x86_64-fedora-clang 0.1.7 18.24 NOTE
r-devel-linux-x86_64-fedora-gcc 0.1.7 17.38 NOTE
r-devel-osx-x86_64-clang 0.1.7 20.60 NOTE
r-devel-windows-ix86+x86_64 0.1.7 5.00 33.00 38.00 NOTE
r-patched-linux-x86_64 0.1.7 0.86 9.54 10.40 NOTE
r-patched-solaris-sparc 0.1.7 133.60 NOTE
r-patched-solaris-x86 0.1.7 32.50 NOTE
r-release-linux-x86_64 0.1.7 0.88 9.57 10.44 NOTE
r-release-osx-x86_64-mavericks 0.1.7 NOTE
r-release-windows-ix86+x86_64 0.1.7 6.00 22.00 28.00 NOTE
r-oldrel-windows-ix86+x86_64 0.1.7 10.00 22.00 32.00 OK

Check Details

Version: 0.1.7
Check: DESCRIPTION meta-information
Result: NOTE
    Malformed Description field: should contain one or more complete sentences.
Flavors: r-devel-linux-x86_64-debian-clang, r-devel-linux-x86_64-debian-gcc, r-devel-linux-x86_64-fedora-clang, r-devel-linux-x86_64-fedora-gcc, r-devel-osx-x86_64-clang, r-devel-windows-ix86+x86_64, r-patched-linux-x86_64, r-patched-solaris-sparc, r-patched-solaris-x86, r-release-linux-x86_64, r-release-osx-x86_64-mavericks, r-release-windows-ix86+x86_64