CRAN Package Check Results for Package gsmoothr

Last updated on 2014-04-23 12:48:19.

Flavor Version Tinstall Tcheck Ttotal Status Flags
r-devel-linux-x86_64-debian-clang 0.1.5 0.90 9.85 10.75 NOTE
r-devel-linux-x86_64-debian-gcc 0.1.5 0.88 9.54 10.43 NOTE
r-devel-linux-x86_64-fedora-clang 0.1.5 20.93 NOTE
r-devel-linux-x86_64-fedora-gcc 0.1.5 20.62 NOTE
r-devel-osx-x86_64-clang 0.1.5 21.73 NOTE
r-devel-osx-x86_64-gcc 0.1.5 NOTE
r-devel-windows-ix86+x86_64 0.1.5 6.00 20.00 26.00 NOTE
r-patched-linux-x86_64 0.1.5 0.83 10.05 10.88 NOTE
r-patched-solaris-sparc 0.1.5 121.60 NOTE
r-patched-solaris-x86 0.1.5 32.30 NOTE
r-release-linux-ix86 0.1.5 2.00 23.00 25.00 NOTE
r-release-linux-x86_64 0.1.5 0.82 9.72 10.54 NOTE
r-release-osx-x86_64-mavericks 0.1.5 NOTE
r-release-windows-ix86+x86_64 0.1.5 13.00 26.00 39.00 NOTE
r-oldrel-windows-ix86+x86_64 0.1.5 5.00 21.00 26.00 NOTE

Check Details

Version: 0.1.5
Check: dependencies in R code
Result: NOTE
    Package in Depends field not imported from: ‘methods’
     These packages need to be imported from (in the NAMESPACE file)
     for when this namespace is loaded but not attached.
    See the information on DESCRIPTION files in the chapter ‘Creating R
    packages’ of the ‘Writing R Extensions’ manual.
Flavors: r-devel-linux-x86_64-debian-clang, r-devel-linux-x86_64-debian-gcc, r-devel-linux-x86_64-fedora-clang, r-devel-linux-x86_64-fedora-gcc, r-devel-osx-x86_64-clang, r-devel-osx-x86_64-gcc, r-devel-windows-ix86+x86_64, r-patched-linux-x86_64, r-patched-solaris-sparc, r-patched-solaris-x86, r-release-linux-ix86, r-release-linux-x86_64, r-release-osx-x86_64-mavericks, r-release-windows-ix86+x86_64, r-oldrel-windows-ix86+x86_64