CRAN Package Check Results for Package gsmoothr

Last updated on 2017-01-23 08:48:43.

Flavor Version Tinstall Tcheck Ttotal Status Flags
r-devel-linux-x86_64-debian-clang 0.1.7 1.14 11.15 12.29 NOTE
r-devel-linux-x86_64-debian-gcc 0.1.7 1.00 11.99 12.99 NOTE
r-devel-linux-x86_64-fedora-clang 0.1.7 20.51 NOTE --no-stop-on-test-error
r-devel-linux-x86_64-fedora-gcc 0.1.7 20.75 NOTE --no-stop-on-test-error
r-devel-macos-x86_64-clang 0.1.7 18.54 NOTE --no-stop-on-test-error
r-devel-windows-ix86+x86_64 0.1.7 4.00 28.00 32.00 NOTE
r-patched-linux-x86_64 0.1.7 0.86 9.78 10.64 NOTE
r-patched-solaris-sparc 0.1.7 102.20 NOTE
r-patched-solaris-x86 0.1.7 28.70 NOTE
r-release-linux-x86_64 0.1.7 0.84 9.38 10.21 NOTE
r-release-osx-x86_64-mavericks 0.1.7 NOTE
r-release-windows-ix86+x86_64 0.1.7 5.00 27.00 32.00 NOTE
r-oldrel-windows-ix86+x86_64 0.1.7 6.00 27.00 33.00 NOTE

Check Details

Version: 0.1.7
Check: DESCRIPTION meta-information
Result: NOTE
    Malformed Description field: should contain one or more complete sentences.
Flavors: r-devel-linux-x86_64-debian-clang, r-devel-linux-x86_64-debian-gcc, r-devel-windows-ix86+x86_64, r-patched-linux-x86_64, r-patched-solaris-sparc, r-patched-solaris-x86, r-release-linux-x86_64, r-release-osx-x86_64-mavericks, r-release-windows-ix86+x86_64, r-oldrel-windows-ix86+x86_64

Version: 0.1.7
Flags: --no-stop-on-test-error
Check: DESCRIPTION meta-information
Result: NOTE
    Malformed Description field: should contain one or more complete sentences.
Flavors: r-devel-linux-x86_64-fedora-clang, r-devel-linux-x86_64-fedora-gcc, r-devel-macos-x86_64-clang