CRAN Package Check Results for Package gsmoothr

Last updated on 2017-04-24 20:47:17.

Flavor Version Tinstall Tcheck Ttotal Status Flags
r-devel-linux-x86_64-debian-clang 0.1.7 1.06 12.05 13.11 NOTE
r-devel-linux-x86_64-debian-gcc 0.1.7 0.97 11.87 12.83 NOTE
r-devel-linux-x86_64-fedora-clang 0.1.7 20.93 NOTE --no-stop-on-test-error
r-devel-linux-x86_64-fedora-gcc 0.1.7 20.14 NOTE --no-stop-on-test-error
r-devel-windows-ix86+x86_64 0.1.7 NOTE
r-patched-linux-x86_64 0.1.7 0.92 12.16 13.08 NOTE
r-patched-solaris-sparc 0.1.7 129.10 NOTE
r-patched-solaris-x86 0.1.7 33.40 NOTE
r-release-linux-x86_64 0.1.7 1.00 11.89 12.90 NOTE
r-release-windows-ix86+x86_64 0.1.7 6.00 28.00 34.00 NOTE
r-release-osx-x86_64 0.1.7 NOTE
r-oldrel-windows-ix86+x86_64 0.1.7 5.00 27.00 32.00 NOTE
r-oldrel-osx-x86_64 0.1.7 NOTE

Check Details

Version: 0.1.7
Check: DESCRIPTION meta-information
Result: NOTE
    Malformed Description field: should contain one or more complete sentences.
Flavors: r-devel-linux-x86_64-debian-clang, r-devel-linux-x86_64-debian-gcc, r-devel-windows-ix86+x86_64, r-patched-linux-x86_64, r-patched-solaris-sparc, r-patched-solaris-x86, r-release-linux-x86_64, r-release-windows-ix86+x86_64, r-release-osx-x86_64, r-oldrel-windows-ix86+x86_64, r-oldrel-osx-x86_64

Version: 0.1.7
Check: compiled code
Result: NOTE
    File ‘gsmoothr/libs/gsmoothr.so’:
     Found no call to: ‘R_useDynamicSymbols’
    
    It is good practice to register native routines and to disable symbol
    search.
    
    See ‘Writing portable packages’ in the ‘Writing R Extensions’ manual.
Flavors: r-devel-linux-x86_64-debian-clang, r-devel-linux-x86_64-debian-gcc, r-patched-linux-x86_64, r-release-linux-x86_64

Version: 0.1.7
Flags: --no-stop-on-test-error
Check: DESCRIPTION meta-information
Result: NOTE
    Malformed Description field: should contain one or more complete sentences.
Flavors: r-devel-linux-x86_64-fedora-clang, r-devel-linux-x86_64-fedora-gcc

Version: 0.1.7
Flags: --no-stop-on-test-error
Check: compiled code
Result: NOTE
    File ‘gsmoothr/libs/gsmoothr.so’:
     Found no call to: ‘R_useDynamicSymbols’
    
    It is good practice to register native routines and to disable symbol
    search.
    
    See ‘Writing portable packages’ in the ‘Writing R Extensions’ manual.
Flavors: r-devel-linux-x86_64-fedora-clang, r-devel-linux-x86_64-fedora-gcc