CRAN Package Check Results for Package gss

Last updated on 2016-08-26 06:47:20.

Flavor Version Tinstall Tcheck Ttotal Status Flags
r-devel-linux-x86_64-debian-clang 2.1-5 7.86 75.27 83.13 WARN
r-devel-linux-x86_64-debian-gcc 2.1-5 13.04 94.52 107.56 WARN
r-devel-linux-x86_64-fedora-clang 2.1-5 137.70 WARN
r-devel-linux-x86_64-fedora-gcc 2.1-5 129.96 WARN
r-devel-osx-x86_64-clang 2.1-5 114.04 WARN
r-devel-windows-ix86+x86_64 2.1-5 48.00 169.00 217.00 OK
r-patched-linux-x86_64 2.1-5 9.68 70.49 80.17 OK
r-patched-solaris-sparc 2.1-5 936.50 OK
r-patched-solaris-x86 2.1-5 160.80 OK
r-release-linux-x86_64 2.1-5 9.20 72.76 81.96 OK
r-release-osx-x86_64-mavericks 2.1-5 OK
r-release-windows-ix86+x86_64 2.1-5 52.00 166.00 218.00 OK
r-oldrel-windows-ix86+x86_64 2.1-5 46.00 122.00 168.00 OK

Check Details

Version: 2.1-5
Check: whether package can be installed
Result: WARN
    Found the following significant warnings:
     Warning: GNU Extension: Nonstandard type declaration REAL*8 at (1)
Flavors: r-devel-linux-x86_64-debian-clang, r-devel-linux-x86_64-debian-gcc, r-devel-linux-x86_64-fedora-clang, r-devel-linux-x86_64-fedora-gcc, r-devel-osx-x86_64-clang