CRAN Package Check Results for Package gss

Last updated on 2015-06-30 09:46:55.

Flavor Version Tinstall Tcheck Ttotal Status Flags
r-devel-linux-x86_64-debian-clang 2.1-4 7.45 69.34 76.80 NOTE
r-devel-linux-x86_64-debian-gcc 2.1-4 8.91 69.64 78.56 NOTE
r-devel-linux-x86_64-fedora-clang 2.1-4 140.00 OK
r-devel-linux-x86_64-fedora-gcc 2.1-4 136.81 OK
r-devel-osx-x86_64-clang 2.1-4 131.02 OK
r-devel-windows-ix86+x86_64 2.1-4 66.00 154.00 220.00 OK
r-patched-linux-x86_64 2.1-4 8.79 69.41 78.20 OK
r-patched-solaris-sparc 2.1-4 929.80 OK
r-patched-solaris-x86 2.1-4 170.60 OK
r-release-linux-x86_64 2.1-4 8.90 71.31 80.22 OK
r-release-osx-x86_64-mavericks 2.1-4 OK
r-release-windows-ix86+x86_64 2.1-4 36.00 150.00 186.00 OK
r-oldrel-windows-ix86+x86_64 2.1-4 53.00 132.00 185.00 OK

Check Details

Version: 2.1-4
Check: R code for possible problems
Result: NOTE
    cdssden: no visible global function definition for ‘as.formula’
    cfit.binomial: no visible global function definition for ‘qlogis’
    cfit.loglogis: no visible global function definition for ‘nlm’
    cfit.lognorm : lkhd: no visible global function definition for ‘pnorm’
    cfit.lognorm: no visible global function definition for ‘nlm’
    cfit.nbinomial: no visible global function definition for ‘qlogis’
    cv.lognorm: no visible global function definition for ‘dnorm’
    cv.lognorm: no visible global function definition for ‘pnorm’
    dev.null.loglogis: no visible global function definition for ‘nlm’
    dev.null.lognorm : fun.wk: no visible global function definition for
     ‘pnorm’
    dev.null.lognorm: no visible global function definition for ‘nlm’
    dev.null.lognorm : lkhd: no visible global function definition for
     ‘pnorm’
    dev.null.lognorm: no visible global function definition for ‘pnorm’
    dev.resid.lognorm : fun.wk: no visible global function definition for
     ‘pnorm’
    dev.resid.lognorm: no visible global function definition for ‘nlm’
    dev.resid.lognorm: no visible global function definition for ‘pnorm’
    dev0.resid.lognorm: no visible global function definition for ‘pnorm’
    fitted.ssanova: no visible global function definition for ‘predict’
    gssanova: no visible binding for global variable ‘na.omit’
    gssanova: no visible global function definition for ‘model.weights’
    gssanova: no visible global function definition for ‘model.frame’
    gssanova: no visible global function definition for ‘model.matrix’
    gssanova: no visible global function definition for ‘model.response’
    gssanova: no visible global function definition for ‘model.offset’
    gssanova0: no visible binding for global variable ‘na.omit’
    gssanova0: no visible global function definition for ‘model.frame’
    gssanova0: no visible global function definition for ‘model.matrix’
    gssanova0: no visible global function definition for ‘model.response’
    gssanova0: no visible global function definition for ‘model.weights’
    gssanova0: no visible global function definition for ‘model.offset’
    gssanova1: no visible binding for global variable ‘na.omit’
    gssanova1: no visible global function definition for ‘model.weights’
    gssanova1: no visible global function definition for ‘model.frame’
    gssanova1: no visible global function definition for ‘model.matrix’
    gssanova1: no visible global function definition for ‘model.response’
    gssanova1: no visible global function definition for ‘model.offset’
    hzdrate.sshzd: no visible global function definition for ‘model.matrix’
    kl.lognorm: no visible global function definition for ‘dnorm’
    kl.lognorm: no visible global function definition for ‘pnorm’
    mkdata.loglogis: no visible global function definition for ‘nlm’
    mkdata.lognorm : lkhd: no visible global function definition for
     ‘pnorm’
    mkdata.lognorm: no visible global function definition for ‘nlm’
    mkdata.lognorm: no visible global function definition for ‘dnorm’
    mkdata.lognorm: no visible global function definition for ‘pnorm’
    mkdata.weibull: no visible global function definition for ‘nlm’
    mspcdsty: no visible global function definition for ‘nlm’
    mspcdsty1: no visible global function definition for ‘nlm’
    mspcox: no visible global function definition for ‘nlm’
    mspdsty: no visible global function definition for ‘nlm’
    msphzd: no visible global function definition for ‘nlm’
    msphzd1: no visible global function definition for ‘nlm’
    mspllrm: no visible global function definition for ‘nlm’
    mspngreg: no visible global function definition for ‘nlm’
    mspreg1: no visible global function definition for ‘nlm’
    mspreg91: no visible global function definition for ‘nlm’
    predict.ssanova: no visible global function definition for
     ‘model.matrix’
    predict.ssanova: no visible global function definition for
     ‘model.offset’
    predict.ssanova0: no visible global function definition for
     ‘model.matrix’
    predict.ssanova0: no visible global function definition for
     ‘model.weights’
    predict.ssanova0: no visible global function definition for
     ‘model.offset’
    predict.sscox: no visible global function definition for ‘model.matrix’
    print.summary.gssanova: no visible global function definition for
     ‘quantile’
    print.summary.gssanova0: no visible global function definition for
     ‘quantile’
    print.summary.ssanova: no visible global function definition for
     ‘quantile’
    proj0.lognorm: no visible global function definition for ‘dnorm’
    proj0.lognorm: no visible global function definition for ‘pnorm’
    project.gssanova: no visible global function definition for
     ‘model.response’
    project.gssanova: no visible global function definition for
     ‘model.weights’
    project.gssanova: no visible global function definition for
     ‘model.offset’
    project.gssanova: no visible global function definition for
     ‘model.matrix’
    project.gssanova: no visible global function definition for ‘nlm’
    project.ssanova: no visible global function definition for ‘predict’
    project.ssanova: no visible global function definition for
     ‘model.weights’
    project.ssanova: no visible global function definition for
     ‘model.offset’
    project.ssanova: no visible global function definition for
     ‘model.matrix’
    project.ssanova: no visible global function definition for ‘nlm’
    project.ssanova9: no visible global function definition for ‘predict’
    project.ssanova9: no visible global function definition for
     ‘model.offset’
    project.ssanova9: no visible global function definition for
     ‘model.matrix’
    project.ssanova9: no visible global function definition for ‘nlm’
    project.sscden: no visible global function definition for ‘nlm’
    project.sscden: no visible global function definition for ‘as.formula’
    project.sscden1: no visible global function definition for ‘nlm’
    project.sscox: no visible global function definition for ‘predict’
    project.sscox: no visible global function definition for ‘model.matrix’
    project.sscox: no visible global function definition for ‘nlm’
    project.ssden: no visible global function definition for ‘nlm’
    project.sshzd: no visible global function definition for ‘nlm’
    project.sshzd1: no visible global function definition for ‘nlm’
    project.ssllrm: no visible global function definition for ‘nlm’
    residuals.gssanova: no visible global function definition for
     ‘model.response’
    residuals.gssanova: no visible global function definition for
     ‘model.weights’
    residuals.ssanova: no visible global function definition for
     ‘model.response’
    ssanova: no visible binding for global variable ‘na.omit’
    ssanova: no visible global function definition for ‘model.weights’
    ssanova: no visible global function definition for ‘model.frame’
    ssanova: no visible global function definition for ‘model.matrix’
    ssanova: no visible global function definition for ‘model.response’
    ssanova: no visible global function definition for ‘model.offset’
    ssanova0: no visible binding for global variable ‘na.omit’
    ssanova0: no visible global function definition for ‘model.frame’
    ssanova0: no visible global function definition for ‘model.matrix’
    ssanova0: no visible global function definition for ‘model.response’
    ssanova0: no visible global function definition for ‘model.weights’
    ssanova0: no visible global function definition for ‘model.offset’
    ssanova9: no visible binding for global variable ‘na.omit’
    ssanova9: no visible global function definition for ‘model.frame’
    ssanova9: no visible global function definition for ‘model.matrix’
    ssanova9: no visible global function definition for ‘model.response’
    ssanova9: no visible global function definition for ‘model.offset’
    sscden: no visible binding for global variable ‘na.omit’
    sscden: no visible global function definition for ‘terms.formula’
    sscden: no visible global function definition for ‘terms’
    sscden: no visible global function definition for ‘model.weights’
    sscden1: no visible binding for global variable ‘na.omit’
    sscden1: no visible global function definition for ‘terms.formula’
    sscden1: no visible global function definition for ‘terms’
    sscden1: no visible global function definition for ‘model.weights’
    sscden1: no visible global function definition for ‘as.formula’
    sscden1 : fun: no visible global function definition for ‘predict’
    sscden1 : fun: no visible global function definition for ‘dnorm’
    sscden1 : fun: no visible global function definition for ‘pnorm’
    sscden1 : fun: no visible binding for global variable ‘dnorm’
    sscox: no visible binding for global variable ‘na.omit’
    sscox: no visible global function definition for ‘terms.formula’
    sscox: no visible global function definition for ‘model.weights’
    sscox: no visible global function definition for ‘model.frame’
    sscox: no visible global function definition for ‘model.matrix’
    ssden: no visible binding for global variable ‘na.omit’
    ssden: no visible global function definition for ‘model.weights’
    ssden: no visible global function definition for ‘as.formula’
    ssden1: no visible binding for global variable ‘na.omit’
    ssden1: no visible global function definition for ‘model.weights’
    ssden1: no visible global function definition for ‘as.formula’
    sshzd: no visible binding for global variable ‘na.omit’
    sshzd: no visible global function definition for ‘terms.formula’
    sshzd: no visible global function definition for ‘model.offset’
    sshzd: no visible global function definition for ‘model.weights’
    sshzd: no visible global function definition for ‘model.frame’
    sshzd: no visible global function definition for ‘model.matrix’
    sshzd1: no visible binding for global variable ‘na.omit’
    sshzd1: no visible global function definition for ‘terms.formula’
    sshzd1: no visible global function definition for ‘model.weights’
    sshzd1: no visible global function definition for ‘model.frame’
    sshzd1: no visible global function definition for ‘model.matrix’
    sshzd1: no visible global function definition for ‘as.formula’
    sshzd1: no visible global function definition for ‘predict’
    ssllrm: no visible binding for global variable ‘na.omit’
    ssllrm: no visible global function definition for ‘terms.formula’
    ssllrm: no visible global function definition for ‘terms’
    ssllrm: no visible global function definition for ‘model.weights’
    sspcox: no visible global function definition for ‘nlm’
    sspngreg: no visible global function definition for ‘nlm’
    sspreg1: no visible global function definition for ‘nlm’
    sspreg91: no visible global function definition for ‘nlm’
    summary.gssanova: no visible global function definition for
     ‘model.response’
    summary.gssanova: no visible global function definition for
     ‘model.weights’
    summary.gssanova: no visible global function definition for
     ‘model.offset’
    summary.gssanova: no visible global function definition for ‘residuals’
    summary.gssanova: no visible global function definition for ‘predict’
    summary.gssanova0: no visible global function definition for
     ‘model.response’
    summary.gssanova0: no visible global function definition for
     ‘model.weights’
    summary.gssanova0: no visible global function definition for
     ‘model.offset’
    summary.gssanova0: no visible global function definition for ‘predict’
    summary.ssanova: no visible global function definition for
     ‘model.response’
    summary.ssanova: no visible global function definition for
     ‘model.weights’
    summary.ssanova: no visible global function definition for
     ‘model.offset’
    summary.ssanova: no visible global function definition for ‘predict’
    summary.ssanova: no visible global function definition for ‘var’
    summary.ssanova0: no visible global function definition for
     ‘model.response’
    summary.ssanova0: no visible global function definition for
     ‘model.weights’
    summary.ssanova0: no visible global function definition for
     ‘model.offset’
    summary.ssanova0: no visible global function definition for ‘var’
    summary.ssanova0: no visible global function definition for ‘predict’
    summary.ssanova9: no visible global function definition for
     ‘model.response’
    summary.ssanova9: no visible global function definition for
     ‘model.offset’
    summary.ssanova9: no visible global function definition for ‘predict’
Flavors: r-devel-linux-x86_64-debian-clang, r-devel-linux-x86_64-debian-gcc