CRAN Package Check Results for Package gsscopu

Last updated on 2019-09-19 02:47:49 CEST.

Flavor Version Tinstall Tcheck Ttotal Status Flags
r-devel-linux-x86_64-debian-clang 0.9-3 7.16 41.12 48.28 OK
r-devel-linux-x86_64-debian-gcc 0.9-3 4.97 32.46 37.43 OK
r-devel-linux-x86_64-fedora-clang 0.9-3 58.59 NOTE
r-devel-linux-x86_64-fedora-gcc 0.9-3 57.33 NOTE
r-devel-windows-ix86+x86_64 0.9-3 24.00 95.00 119.00 OK
r-patched-linux-x86_64 0.9-3 6.03 41.28 47.31 OK
r-patched-solaris-x86 0.9-3 90.50 OK
r-release-linux-x86_64 0.9-3 5.88 41.54 47.42 OK
r-release-windows-ix86+x86_64 0.9-3 15.00 74.00 89.00 OK
r-release-osx-x86_64 0.9-3 OK
r-oldrel-windows-ix86+x86_64 0.9-3 12.00 93.00 105.00 OK
r-oldrel-osx-x86_64 0.9-3 OK

Check Details

Version: 0.9-3
Check: compiled code
Result: NOTE
    File ‘gsscopu/libs/gsscopu.so’:
     Found no calls to: ‘R_registerRoutines’, ‘R_useDynamicSymbols’
    
    It is good practice to register native routines and to disable symbol
    search.
    
    See ‘Writing portable packages’ in the ‘Writing R Extensions’ manual.
Flavors: r-devel-linux-x86_64-fedora-clang, r-devel-linux-x86_64-fedora-gcc