CRAN Package Check Results for Package gsscopu

Last updated on 2019-06-26 09:49:16 CEST.

Flavor Version Tinstall Tcheck Ttotal Status Flags
r-devel-linux-x86_64-debian-clang 0.9-3 5.82 42.15 47.97 OK
r-devel-linux-x86_64-debian-gcc 0.9-3 5.17 33.47 38.64 OK
r-devel-linux-x86_64-fedora-clang 0.9-3 58.27 NOTE
r-devel-linux-x86_64-fedora-gcc 0.9-3 56.12 NOTE
r-devel-windows-ix86+x86_64 0.9-3 23.00 79.00 102.00 OK
r-patched-linux-x86_64 0.9-3 5.69 42.58 48.27 OK
r-patched-solaris-x86 0.9-3 92.90 OK
r-release-linux-x86_64 0.9-3 5.80 42.75 48.55 OK
r-release-windows-ix86+x86_64 0.9-3 15.00 74.00 89.00 OK
r-release-osx-x86_64 0.9-3 OK
r-oldrel-windows-ix86+x86_64 0.9-3 12.00 93.00 105.00 OK
r-oldrel-osx-x86_64 0.9-3 OK

Check Details

Version: 0.9-3
Check: compiled code
Result: NOTE
    File ‘gsscopu/libs/gsscopu.so’:
     Found no calls to: ‘R_registerRoutines’, ‘R_useDynamicSymbols’
    
    It is good practice to register native routines and to disable symbol
    search.
    
    See ‘Writing portable packages’ in the ‘Writing R Extensions’ manual.
Flavors: r-devel-linux-x86_64-fedora-clang, r-devel-linux-x86_64-fedora-gcc