CRAN Package Check Results for Package gstar

Last updated on 2022-07-01 08:52:22 CEST.

Flavor Version Tinstall Tcheck Ttotal Status Flags
r-devel-linux-x86_64-debian-clang 0.1.0 6.18 59.99 66.17 OK
r-devel-linux-x86_64-debian-gcc 0.1.0 4.49 45.22 49.71 OK
r-devel-linux-x86_64-fedora-clang 0.1.0 89.80 NOTE
r-devel-linux-x86_64-fedora-gcc 0.1.0 86.99 NOTE
r-devel-windows-x86_64 0.1.0 14.00 80.00 94.00 OK
r-patched-linux-x86_64 0.1.0 6.23 58.03 64.26 OK
r-release-linux-x86_64 0.1.0 5.13 57.04 62.17 OK
r-release-macos-arm64 0.1.0 24.00 NOTE
r-release-macos-x86_64 0.1.0 46.00 NOTE
r-release-windows-x86_64 0.1.0 10.00 84.00 94.00 OK
r-oldrel-macos-arm64 0.1.0 32.00 NOTE
r-oldrel-macos-x86_64 0.1.0 43.00 NOTE
r-oldrel-windows-ix86+x86_64 0.1.0 15.00 80.00 95.00 OK

Check Details

Version: 0.1.0
Check: dependencies in R code
Result: NOTE
    Namespace in Imports field not imported from: ‘dplyr’
     All declared Imports should be used.
Flavors: r-devel-linux-x86_64-fedora-clang, r-devel-linux-x86_64-fedora-gcc, r-release-macos-arm64, r-release-macos-x86_64, r-oldrel-macos-arm64, r-oldrel-macos-x86_64