CRAN Package Check Results for Package gstat

Last updated on 2014-11-24 12:47:46.

Flavor Version Tinstall Tcheck Ttotal Status Flags
r-devel-linux-x86_64-debian-clang 1.0-19 11.57 108.50 120.07 OK
r-devel-linux-x86_64-debian-gcc 1.0-19 14.52 107.11 121.63 OK
r-devel-linux-x86_64-fedora-clang 1.0-19 266.89 OK
r-devel-linux-x86_64-fedora-gcc 1.0-19 259.71 OK
r-devel-osx-x86_64-clang 1.0-19 215.08 OK
r-devel-windows-ix86+x86_64 1.0-19 64.00 207.00 271.00 OK
r-patched-linux-x86_64 1.0-19 14.71 114.62 129.33 OK
r-patched-solaris-sparc 1.0-19 1434.00 OK
r-patched-solaris-x86 1.0-19 335.00 OK
r-release-linux-ix86 1.0-19 19.44 134.08 153.52 OK
r-release-linux-x86_64 1.0-19 14.64 116.16 130.80 OK
r-release-osx-x86_64-mavericks 1.0-19 ERROR
r-release-osx-x86_64-snowleopard 1.0-19 OK
r-release-windows-ix86+x86_64 1.0-19 68.00 240.00 308.00 OK
r-oldrel-windows-ix86+x86_64 1.0-19 65.00 233.00 298.00 OK

Check Details

Version: 1.0-19
Check: package dependencies
Result: ERROR
    Package required but not available: ‘spacetime’
    
    Packages suggested but not available for checking: ‘rgdal’ ‘rgeos’
    
    See the information on DESCRIPTION files in the chapter ‘Creating R
    packages’ of the ‘Writing R Extensions’ manual.
Flavor: r-release-osx-x86_64-mavericks