CRAN Package Check Results for Package gstat

Last updated on 2014-09-02 03:49:39.

Flavor Version Tinstall Tcheck Ttotal Status Flags
r-devel-linux-x86_64-debian-clang 1.0-19 10.78 101.76 112.53 OK
r-devel-linux-x86_64-debian-gcc 1.0-19 14.60 100.56 115.15 OK
r-devel-linux-x86_64-fedora-clang 1.0-19 266.87 OK
r-devel-linux-x86_64-fedora-gcc 1.0-19 256.74 OK
r-devel-osx-x86_64-clang 1.0-19 194.16 OK
r-devel-windows-ix86+x86_64 1.0-19 67.00 224.00 291.00 OK
r-patched-linux-x86_64 1.0-19 15.29 110.51 125.80 OK
r-patched-solaris-sparc 1.0-19 1563.90 OK
r-patched-solaris-x86 1.0-19 339.70 OK
r-release-linux-ix86 1.0-19 20.98 137.53 158.51 OK
r-release-linux-x86_64 1.0-19 14.99 114.96 129.95 OK
r-release-osx-x86_64-mavericks 1.0-19 ERROR
r-release-osx-x86_64-snowleopard 1.0-19 OK
r-release-windows-ix86+x86_64 1.0-19 62.00 222.00 284.00 OK
r-oldrel-windows-ix86+x86_64 1.0-19 64.00 229.00 293.00 OK

Check Details

Version: 1.0-19
Check: package dependencies
Result: ERROR
    Package required but not available: ‘spacetime’
    
    Packages suggested but not available for checking: ‘rgdal’ ‘rgeos’
    
    See the information on DESCRIPTION files in the chapter ‘Creating R
    packages’ of the ‘Writing R Extensions’ manual.
Flavor: r-release-osx-x86_64-mavericks