Last updated on 2021-03-04 00:47:59 CET.
Flavor | Version | Tinstall | Tcheck | Ttotal | Status | Flags |
---|---|---|---|---|---|---|
r-devel-linux-x86_64-debian-clang | 2.0-6 | 25.69 | 206.01 | 231.70 | OK | |
r-devel-linux-x86_64-debian-gcc | 2.0-6 | 15.87 | 154.76 | 170.63 | OK | |
r-devel-linux-x86_64-fedora-clang | 2.0-6 | 282.33 | OK | |||
r-devel-linux-x86_64-fedora-gcc | 2.0-6 | 273.36 | OK | |||
r-devel-windows-ix86+x86_64 | 2.0-6 | 61.00 | 367.00 | 428.00 | OK | |
r-patched-linux-x86_64 | 2.0-6 | 19.05 | 196.94 | 215.99 | OK | |
r-patched-solaris-x86 | 2.0-6 | 381.20 | OK | |||
r-release-linux-x86_64 | 2.0-6 | 21.31 | 196.37 | 217.68 | OK | |
r-release-macos-x86_64 | 2.0-6 | NOTE | ||||
r-release-windows-ix86+x86_64 | 2.0-6 | 49.00 | 317.00 | 366.00 | OK | |
r-oldrel-macos-x86_64 | 2.0-6 | OK | ||||
r-oldrel-windows-ix86+x86_64 | 2.0-6 | 57.00 | 339.00 | 396.00 | OK |
Version: 2.0-6
Check: package dependencies
Result: NOTE
Package suggested but not available for checking: ‘fields’
Flavor: r-release-macos-x86_64