CRAN Package Check Results for Package gstat

Last updated on 2017-10-21 18:47:13.

Flavor Version Tinstall Tcheck Ttotal Status Flags
r-devel-linux-x86_64-debian-clang 1.1-5 9.26 129.30 138.55 NOTE
r-devel-linux-x86_64-debian-gcc 1.1-5 11.56 138.49 150.05 NOTE
r-devel-linux-x86_64-fedora-clang 1.1-5 247.09 NOTE
r-devel-linux-x86_64-fedora-gcc 1.1-5 251.83 NOTE
r-devel-windows-ix86+x86_64 1.1-5 41.00 410.00 451.00 OK
r-patched-linux-x86_64 1.1-5 9.35 128.10 137.45 NOTE
r-patched-solaris-x86 1.1-5 319.30 NOTE
r-release-linux-x86_64 1.1-5 9.45 127.84 137.29 NOTE
r-release-windows-ix86+x86_64 1.1-5 65.00 418.00 483.00 OK
r-release-osx-x86_64 1.1-5 NOTE
r-oldrel-windows-ix86+x86_64 1.1-5 42.00 305.00 347.00 OK
r-oldrel-osx-x86_64 1.1-5 OK

Additional issues

rchk

Check Details

Version: 1.1-5
Check: S3 generic/method consistency
Result: NOTE
    Found the following apparent S3 methods exported but not registered:
     [.gstat
    See section ‘Registering S3 methods’ in the ‘Writing R Extensions’
    manual.
Flavors: r-devel-linux-x86_64-debian-clang, r-devel-linux-x86_64-debian-gcc, r-devel-linux-x86_64-fedora-clang, r-devel-linux-x86_64-fedora-gcc, r-patched-linux-x86_64, r-patched-solaris-x86, r-release-linux-x86_64

Version: 1.1-5
Check: package dependencies
Result: NOTE
    Packages suggested but not available for checking: ‘rgdal’ ‘rgeos’
Flavor: r-release-osx-x86_64

Version: 1.1-5
Check: re-building of vignette outputs
Result: NOTE
    Error in re-building vignettes:
     ...
    Error in texi2dvi(file = file, pdf = TRUE, clean = clean, quiet = quiet, :
     Running 'texi2dvi' on 'spatio-temporal-kriging.tex' failed.
    LaTeX errors:
    ! LaTeX Error: File `multirow.sty' not found.
    
    Type X to quit or <RETURN> to proceed,
    or enter new name. (Default extension: sty)
    
    ! Emergency stop.
    <read *>
    
    l.8 \usepackage
     {natbib}^^M
    ! ==> Fatal error occurred, no output PDF file produced!
    Calls: buildVignettes -> texi2pdf -> texi2dvi
    Execution halted
Flavor: r-release-osx-x86_64