CRAN Package Check Results for Package gstat

Last updated on 2017-12-14 17:48:32 CET.

Flavor Version Tinstall Tcheck Ttotal Status Flags
r-devel-linux-x86_64-debian-clang 1.1-5 11.91 47.49 59.40 FAIL
r-devel-linux-x86_64-debian-gcc 1.1-5 11.35 42.67 54.02 FAIL
r-devel-linux-x86_64-fedora-clang 1.1-5 232.93 NOTE
r-devel-linux-x86_64-fedora-gcc 1.1-5 230.91 NOTE
r-devel-windows-ix86+x86_64 1.1-5 61.00 394.00 455.00 OK
r-patched-linux-x86_64 1.1-5 12.84 214.62 227.46 NOTE
r-patched-solaris-x86 1.1-5 310.60 NOTE
r-release-linux-x86_64 1.1-5 12.64 214.61 227.25 NOTE
r-release-windows-ix86+x86_64 1.1-5 44.00 312.00 356.00 OK
r-release-osx-x86_64 1.1-5 NOTE
r-oldrel-windows-ix86+x86_64 1.1-5 61.00 305.00 366.00 OK
r-oldrel-osx-x86_64 1.1-5 OK

Additional issues

rchk

Check Details

Version: 1.1-5
Check: S3 generic/method consistency
Result: NOTE
    Found the following apparent S3 methods exported but not registered:
     [.gstat
    See section ‘Registering S3 methods’ in the ‘Writing R Extensions’
    manual.
Flavors: r-devel-linux-x86_64-debian-clang, r-devel-linux-x86_64-debian-gcc, r-devel-linux-x86_64-fedora-clang, r-devel-linux-x86_64-fedora-gcc, r-patched-linux-x86_64, r-patched-solaris-x86, r-release-linux-x86_64

Version: 1.1-5
Check: pragmas in C/C++ headers and code
Result: FAIL
    
Flavors: r-devel-linux-x86_64-debian-clang, r-devel-linux-x86_64-debian-gcc

Version: 1.1-5
Check: package dependencies
Result: NOTE
    Packages suggested but not available for checking: ‘rgdal’ ‘rgeos’
Flavor: r-release-osx-x86_64

Version: 1.1-5
Check: re-building of vignette outputs
Result: NOTE
    Error in re-building vignettes:
     ...
    Error in texi2dvi(file = file, pdf = TRUE, clean = clean, quiet = quiet, :
     Running 'texi2dvi' on 'spatio-temporal-kriging.tex' failed.
    LaTeX errors:
    ! LaTeX Error: File `multirow.sty' not found.
    
    Type X to quit or <RETURN> to proceed,
    or enter new name. (Default extension: sty)
    
    ! Emergency stop.
    <read *>
    
    l.8 \usepackage
     {natbib}^^M
    ! ==> Fatal error occurred, no output PDF file produced!
    Calls: buildVignettes -> texi2pdf -> texi2dvi
    Execution halted
Flavor: r-release-osx-x86_64