CRAN Package Check Results for Package gstat

Last updated on 2017-06-26 08:47:44.

Flavor Version Tinstall Tcheck Ttotal Status Flags
r-devel-linux-x86_64-debian-clang 1.1-5 9.78 128.20 137.98 NOTE
r-devel-linux-x86_64-debian-gcc 1.1-5 9.44 128.21 137.64 NOTE
r-devel-linux-x86_64-fedora-clang 1.1-5 252.29 NOTE
r-devel-linux-x86_64-fedora-gcc 1.1-5 237.26 NOTE
r-devel-windows-ix86+x86_64 1.1-5 54.00 304.00 358.00 OK
r-patched-linux-x86_64 1.1-5 8.80 125.71 134.51 NOTE
r-patched-solaris-sparc 1.1-5 1476.90 NOTE
r-patched-solaris-x86 1.1-5 296.10 NOTE
r-release-linux-x86_64 1.1-5 9.43 126.87 136.30 OK
r-release-windows-ix86+x86_64 1.1-5 60.00 402.00 462.00 OK
r-release-osx-x86_64 1.1-5 NOTE
r-oldrel-windows-ix86+x86_64 1.1-5 46.00 317.00 363.00 OK
r-oldrel-osx-x86_64 1.1-5 OK

Additional issues

rchk valgrind

Check Details

Version: 1.1-5
Check: S3 generic/method consistency
Result: NOTE
    Found the following apparent S3 methods exported but not registered:
     [.gstat
    See section ‘Registering S3 methods’ in the ‘Writing R Extensions’
    manual.
Flavors: r-devel-linux-x86_64-debian-clang, r-devel-linux-x86_64-debian-gcc, r-devel-linux-x86_64-fedora-clang, r-devel-linux-x86_64-fedora-gcc, r-patched-linux-x86_64, r-patched-solaris-sparc, r-patched-solaris-x86

Version: 1.1-5
Check: package dependencies
Result: NOTE
    Packages suggested but not available for checking: ‘rgdal’ ‘rgeos’
Flavor: r-release-osx-x86_64

Version: 1.1-5
Check: re-building of vignette outputs
Result: NOTE
    Error in re-building vignettes:
     ...
    Error in texi2dvi(file = file, pdf = TRUE, clean = clean, quiet = quiet, :
     Running 'texi2dvi' on 'spatio-temporal-kriging.tex' failed.
    LaTeX errors:
    ! LaTeX Error: File `multirow.sty' not found.
    
    Type X to quit or <RETURN> to proceed,
    or enter new name. (Default extension: sty)
    
    ! Emergency stop.
    <read *>
    
    l.8 \usepackage
     {natbib}^^M
    ! ==> Fatal error occurred, no output PDF file produced!
    Calls: buildVignettes -> texi2pdf -> texi2dvi
    Execution halted
Flavor: r-release-osx-x86_64