CRAN Package Check Results for Package gstat

Last updated on 2015-07-30 17:47:13.

Flavor Version Tinstall Tcheck Ttotal Status Flags
r-devel-linux-x86_64-debian-clang 1.0-25 13.92 105.86 119.78 NOTE
r-devel-linux-x86_64-debian-gcc 1.0-25 15.12 107.39 122.51 NOTE
r-devel-linux-x86_64-fedora-clang 1.0-25 254.50 NOTE
r-devel-linux-x86_64-fedora-gcc 1.0-25 239.65 NOTE
r-devel-osx-x86_64-clang 1.0-25 182.78 OK
r-devel-windows-ix86+x86_64 1.0-25 97.00 232.00 329.00 NOTE
r-patched-linux-x86_64 1.0-25 15.52 107.60 123.12 OK
r-patched-solaris-sparc 1.0-25 1541.80 OK
r-patched-solaris-x86 1.0-25 302.20 OK
r-release-linux-x86_64 1.0-25 15.19 105.43 120.62 OK
r-release-osx-x86_64-mavericks 1.0-25 OK
r-release-windows-ix86+x86_64 1.0-25 93.00 223.00 316.00 OK
r-oldrel-windows-ix86+x86_64 1.0-25 73.00 262.00 335.00 OK

Check Details

Version: 1.0-25
Check: R code for possible problems
Result: NOTE
    StVgmLag: no visible global function definition for ‘residuals’
    StVgmLag: no visible global function definition for ‘lm’
    StVgmLag: no visible binding for global variable ‘na.exclude’
    estiAni.vgm: no visible global function definition for ‘optimise’
    estiStAni.lin: no visible global function definition for ‘lm’
    estiStAni.lin : optFun: no visible global function definition for
     ‘predict’
    estiStAni.lin: no visible global function definition for ‘optimise’
    extractFormula: no visible global function definition for ‘model.frame’
    extractFormula: no visible global function definition for ‘terms’
    extractFormula: no visible global function definition for
     ‘model.extract’
    extractFormula: no visible global function definition for
     ‘model.matrix’
    extractFormula: no visible global function definition for
     ‘delete.response’
    fit.StVariogram: no visible global function definition for ‘na.omit’
    fit.StVariogram: no visible global function definition for ‘optim’
    fit.variogram.gls: no visible global function definition for ‘median’
    fit.variogram.gls: no visible global function definition for ‘optim’
    fit.variogram.gls: no visible global function definition for ‘optimize’
    fit.variogram.reml: no visible global function definition for
     ‘residuals’
    fit.variogram.reml: no visible global function definition for ‘lm’
    gstat: no visible global function definition for ‘terms’
    gstat.cv: no visible global function definition for ‘txtProgressBar’
    gstat.cv: no visible global function definition for ‘setTxtProgressBar’
    gstat.cv: no visible global function definition for ‘predict’
    gstat.formula: no visible global function definition for ‘model.frame’
    gstat.formula: no visible global function definition for ‘terms’
    gstat.formula: no visible binding for global variable ‘na.fail’
    gstat.formula: no visible global function definition for
     ‘model.extract’
    gstat.formula: no visible global function definition for ‘model.matrix’
    gstat.formula: no visible global function definition for ‘.getXlevels’
    gstat.formula.predict: no visible global function definition for
     ‘delete.response’
    gstat.formula.predict: no visible global function definition for
     ‘terms’
    gstat.formula.predict: no visible global function definition for
     ‘model.frame’
    gstat.formula.predict: no visible global function definition for
     ‘model.matrix’
    gstat.formula.predict: no visible binding for global variable ‘na.pass’
    hscat: no visible global function definition for ‘model.frame’
    hscat : panel: no visible global function definition for ‘cor’
    idw.ST: no visible binding for global variable ‘na.pass’
    idw.locations: no visible binding for global variable ‘na.pass’
    idw.spatial: no visible binding for global variable ‘na.pass’
    image.data.frame: no visible global function definition for
     ‘image.default’
    krige.locations: no visible binding for global variable ‘na.pass’
    krige.locations: no visible global function definition for ‘predict’
    krige.spatial: no visible binding for global variable ‘na.pass’
    krige.spatial: no visible global function definition for ‘predict’
    krige0: no visible global function definition for ‘cov2cor’
    krigeST.df: no visible global function definition for ‘cov2cor’
    krigeST.local: no visible global function definition for
     ‘txtProgressBar’
    krigeST.local: no visible global function definition for
     ‘setTxtProgressBar’
    krigeTg: no visible binding for global variable ‘na.pass’
    krigeTg: no visible global function definition for ‘model.frame’
    krigeTg: no visible global function definition for ‘terms’
    krigeTg: no visible global function definition for ‘model.extract’
    krigeTg: no visible global function definition for ‘model.matrix’
    krigeTg: no visible global function definition for ‘predict’
    plot.StVariogram: no visible global function definition for
     ‘as.formula’
    plot.variogramCloud: no visible global function definition for
     ‘locator’
    plot.variogramCloud: no visible global function definition for ‘text’
    plot.variogramCloud: no visible global function definition for ‘lines’
    plot.variogramMap: no visible global function definition for ‘stack’
    predict.gstat: no visible binding for global variable ‘na.pass’
    variogramST: no visible global function definition for ‘txtProgressBar’
    variogramST: no visible global function definition for
     ‘setTxtProgressBar’
    variogramST.STIDF: no visible global function definition for
     ‘model.frame’
    variogramST.STIDF: no visible global function definition for ‘terms’
    variogramST.STIDF: no visible global function definition for
     ‘txtProgressBar’
    variogramST.STIDF: no visible global function definition for
     ‘setTxtProgressBar’
    vgmArea: no visible global function definition for ‘txtProgressBar’
    vgmArea: no visible global function definition for ‘setTxtProgressBar’
    idw,formula-ST: no visible binding for global variable ‘na.pass’
    idw,formula-Spatial: no visible binding for global variable ‘na.pass’
    idw,formula-formula: no visible binding for global variable ‘na.pass’
    krige,formula-NULL: no visible binding for global variable ‘na.pass’
    krige,formula-NULL: no visible global function definition for ‘predict’
    krige,formula-Spatial: no visible binding for global variable ‘na.pass’
    krige,formula-Spatial: no visible global function definition for
     ‘predict’
    krige,formula-formula: no visible binding for global variable ‘na.pass’
    krige,formula-formula: no visible global function definition for
     ‘predict’
    Undefined global functions or variables:
     .getXlevels as.formula cor cov2cor delete.response image.default
     lines lm locator median model.extract model.frame model.matrix
     na.exclude na.fail na.omit na.pass optim optimise optimize predict
     residuals setTxtProgressBar stack terms text txtProgressBar
    Consider adding
     importFrom("graphics", "image.default", "lines", "locator", "text")
     importFrom("stats", ".getXlevels", "as.formula", "cor", "cov2cor",
     "delete.response", "lm", "median", "model.extract",
     "model.frame", "model.matrix", "na.exclude", "na.fail",
     "na.omit", "na.pass", "optim", "optimise", "optimize",
     "predict", "residuals", "terms")
     importFrom("utils", "setTxtProgressBar", "stack", "txtProgressBar")
    to your NAMESPACE.
Flavors: r-devel-linux-x86_64-debian-clang, r-devel-linux-x86_64-debian-gcc, r-devel-linux-x86_64-fedora-clang, r-devel-linux-x86_64-fedora-gcc, r-devel-windows-ix86+x86_64