CRAN Package Check Results for Package gstat

Last updated on 2019-06-21 01:46:59 CEST.

Flavor Version Tinstall Tcheck Ttotal Status Flags
r-devel-linux-x86_64-debian-clang 2.0-2 20.36 176.49 196.85 NOTE
r-devel-linux-x86_64-debian-gcc 2.0-2 15.35 138.77 154.12 NOTE
r-devel-linux-x86_64-fedora-clang 2.0-2 234.62 NOTE
r-devel-linux-x86_64-fedora-gcc 2.0-2 228.07 NOTE
r-devel-windows-ix86+x86_64 2.0-2 74.00 419.00 493.00 OK
r-patched-linux-x86_64 2.0-2 20.03 176.37 196.40 OK
r-patched-solaris-x86 2.0-2 365.80 OK
r-release-linux-x86_64 2.0-2 18.91 175.99 194.90 OK
r-release-windows-ix86+x86_64 2.0-2 77.00 375.00 452.00 OK
r-release-osx-x86_64 2.0-2 OK
r-oldrel-windows-ix86+x86_64 2.0-2 49.00 407.00 456.00 OK
r-oldrel-osx-x86_64 2.0-2 OK

Check Details

Version: 2.0-2
Check: for non-standard things in the check directory
Result: NOTE
    Found the following files/directories:
     'JuraPred.kml'
Flavors: r-devel-linux-x86_64-debian-clang, r-devel-linux-x86_64-debian-gcc, r-devel-linux-x86_64-fedora-clang, r-devel-linux-x86_64-fedora-gcc