CRAN Package Check Results for Package gstat

Last updated on 2015-05-25 19:47:11.

Flavor Version Tinstall Tcheck Ttotal Status Flags
r-devel-linux-x86_64-debian-clang 1.0-22 11.22 105.34 116.56 OK
r-devel-linux-x86_64-debian-gcc 1.0-22 13.71 101.96 115.67 OK
r-devel-linux-x86_64-fedora-clang 1.0-22 232.21 OK
r-devel-linux-x86_64-fedora-gcc 1.0-22 226.58 OK
r-devel-osx-x86_64-clang 1.0-22 194.44 OK
r-devel-windows-ix86+x86_64 1.0-22 71.00 216.00 287.00 OK
r-patched-linux-x86_64 1.0-22 13.85 102.21 116.06 OK
r-patched-solaris-sparc 1.0-22 1382.60 OK
r-patched-solaris-x86 1.0-22 286.10 OK
r-release-linux-x86_64 1.0-22 13.64 103.46 117.10 OK
r-release-osx-x86_64-mavericks 1.0-22 NOTE
r-release-osx-x86_64-snowleopard 1.0-22 ERROR
r-release-windows-ix86+x86_64 1.0-22 67.00 212.00 279.00 OK
r-oldrel-windows-ix86+x86_64 1.0-22 68.00 243.00 311.00 OK

Check Details

Version: 1.0-22
Check: package dependencies
Result: NOTE
    Packages suggested but not available for checking: ‘rgdal’ ‘rgeos’
Flavor: r-release-osx-x86_64-mavericks

Version: 1.0-22
Check: package dependencies
Result: ERROR
    Packages required but not available: ‘zoo’ ‘spacetime’
    
    Packages suggested but not available for checking: ‘rgeos’ ‘fields’ ‘xts’
    
    See section ‘The DESCRIPTION file’ in the ‘Writing R Extensions’
    manual.
Flavor: r-release-osx-x86_64-snowleopard