CRAN Package Check Results for Package gstat

Last updated on 2014-07-24 14:48:42.

Flavor Version Tinstall Tcheck Ttotal Status Flags
r-devel-linux-x86_64-debian-clang 1.0-19 11.01 110.52 121.53 OK
r-devel-linux-x86_64-debian-gcc 1.0-19 15.06 108.39 123.45 OK
r-devel-linux-x86_64-fedora-clang 1.0-19 273.33 OK
r-devel-linux-x86_64-fedora-gcc 1.0-19 275.00 OK
r-devel-osx-x86_64-clang 1.0-19 208.32 OK
r-devel-windows-ix86+x86_64 1.0-19 68.00 219.00 287.00 OK
r-patched-linux-x86_64 1.0-19 14.97 110.06 125.03 OK
r-patched-solaris-sparc 1.0-19 1451.30 OK
r-patched-solaris-x86 1.0-19 331.30 OK
r-release-linux-ix86 1.0-19 20.76 137.15 157.90 OK
r-release-linux-x86_64 1.0-19 14.94 111.88 126.82 OK
r-release-osx-x86_64-mavericks 1.0-19 ERROR
r-release-osx-x86_64-snowleopard 1.0-19 OK
r-release-windows-ix86+x86_64 1.0-19 64.00 229.00 293.00 OK
r-oldrel-windows-ix86+x86_64 1.0-19 62.00 233.00 295.00 OK

Check Details

Version: 1.0-19
Check: package dependencies
Result: ERROR
    Package required but not available: ‘spacetime’
    
    Packages suggested but not available for checking: ‘rgdal’ ‘rgeos’
    
    See the information on DESCRIPTION files in the chapter ‘Creating R
    packages’ of the ‘Writing R Extensions’ manual.
Flavor: r-release-osx-x86_64-mavericks