CRAN Package Check Results for Package gstat

Last updated on 2015-02-01 03:49:22.

Flavor Version Tinstall Tcheck Ttotal Status Flags
r-devel-linux-x86_64-debian-clang 1.0-21 10.64 98.79 109.43 NOTE
r-devel-linux-x86_64-debian-gcc 1.0-21 14.13 91.33 105.46 NOTE
r-devel-linux-x86_64-fedora-clang 1.0-21 247.22 NOTE
r-devel-linux-x86_64-fedora-gcc 1.0-21 213.56 NOTE
r-devel-osx-x86_64-clang 1.0-21 203.44 NOTE
r-devel-windows-ix86+x86_64 1.0-21 75.00 185.00 260.00 OK
r-patched-linux-x86_64 1.0-21 14.72 114.38 129.10 OK
r-patched-solaris-sparc 1.0-21 1403.80 OK
r-patched-solaris-x86 1.0-21 320.20 OK
r-release-linux-ix86 1.0-21 19.31 136.14 155.44 OK
r-release-linux-x86_64 1.0-21 14.76 110.04 124.80 OK
r-release-osx-x86_64-mavericks 1.0-21 NOTE
r-release-osx-x86_64-snowleopard 1.0-21 OK
r-release-windows-ix86+x86_64 1.0-21 67.00 227.00 294.00 OK
r-oldrel-windows-ix86+x86_64 1.0-21 66.00 230.00 296.00 OK

Check Details

Version: 1.0-21
Check: S3 generic/method consistency
Result: NOTE
    Found the following apparent S3 methods exported but not registered:
     variogram.line
    See section ‘Registering S3 methods’ in the ‘Writing R Extensions’
    manual.
Flavors: r-devel-linux-x86_64-debian-clang, r-devel-linux-x86_64-debian-gcc, r-devel-linux-x86_64-fedora-clang, r-devel-linux-x86_64-fedora-gcc, r-devel-osx-x86_64-clang

Version: 1.0-21
Check: package dependencies
Result: NOTE
    Packages suggested but not available for checking: ‘rgdal’ ‘rgeos’
Flavor: r-release-osx-x86_64-mavericks