CRAN Package Check Results for Package gstat

Last updated on 2019-08-18 06:47:00 CEST.

Flavor Version Tinstall Tcheck Ttotal Status Flags
r-devel-linux-x86_64-debian-clang 2.0-2 20.04 177.54 197.58 NOTE
r-devel-linux-x86_64-debian-gcc 2.0-2 15.18 138.88 154.06 NOTE
r-devel-linux-x86_64-fedora-clang 2.0-2 239.37 NOTE
r-devel-linux-x86_64-fedora-gcc 2.0-2 241.78 NOTE
r-devel-windows-ix86+x86_64 2.0-2 50.00 407.00 457.00 OK
r-patched-linux-x86_64 2.0-2 17.48 175.55 193.03 OK
r-patched-solaris-x86 2.0-2 384.40 OK
r-release-linux-x86_64 2.0-2 18.54 174.16 192.70 OK
r-release-windows-ix86+x86_64 2.0-2 69.00 393.00 462.00 OK
r-release-osx-x86_64 2.0-2 OK
r-oldrel-windows-ix86+x86_64 2.0-2 70.00 370.00 440.00 OK
r-oldrel-osx-x86_64 2.0-2 OK

Check Details

Version: 2.0-2
Check: for non-standard things in the check directory
Result: NOTE
    Found the following files/directories:
     'JuraPred.kml'
Flavors: r-devel-linux-x86_64-debian-clang, r-devel-linux-x86_64-debian-gcc, r-devel-linux-x86_64-fedora-clang, r-devel-linux-x86_64-fedora-gcc