CRAN Package Check Results for Package gstat

Last updated on 2014-10-25 19:47:38.

Flavor Version Tinstall Tcheck Ttotal Status Flags
r-devel-linux-x86_64-debian-clang 1.0-19 11.74 111.32 123.07 OK
r-devel-linux-x86_64-debian-gcc 1.0-19 14.72 112.05 126.77 OK
r-devel-linux-x86_64-fedora-clang 1.0-19 266.76 OK
r-devel-linux-x86_64-fedora-gcc 1.0-19 263.18 OK
r-devel-osx-x86_64-clang 1.0-19 208.85 OK
r-devel-windows-ix86+x86_64 1.0-19 66.00 206.00 272.00 OK
r-patched-linux-x86_64 1.0-19 15.28 116.12 131.41 OK
r-patched-solaris-sparc 1.0-19 1434.00 OK
r-patched-solaris-x86 1.0-19 333.90 OK
r-release-linux-ix86 1.0-19 20.79 142.59 163.38 OK
r-release-linux-x86_64 1.0-19 16.83 116.78 133.62 OK
r-release-osx-x86_64-mavericks 1.0-19 ERROR
r-release-osx-x86_64-snowleopard 1.0-19 OK
r-release-windows-ix86+x86_64 1.0-19 71.00 226.00 297.00 OK
r-oldrel-windows-ix86+x86_64 1.0-19 68.00 232.00 300.00 OK

Check Details

Version: 1.0-19
Check: package dependencies
Result: ERROR
    Package required but not available: ‘spacetime’
    
    Packages suggested but not available for checking: ‘rgdal’ ‘rgeos’
    
    See the information on DESCRIPTION files in the chapter ‘Creating R
    packages’ of the ‘Writing R Extensions’ manual.
Flavor: r-release-osx-x86_64-mavericks