CRAN Package Check Results for Package gstat

Last updated on 2019-03-23 16:47:53 CET.

Flavor Version Tinstall Tcheck Ttotal Status Flags
r-devel-linux-x86_64-debian-clang 2.0-0 19.62 187.17 206.79 OK
r-devel-linux-x86_64-debian-gcc 2.0-0 16.05 147.25 163.30 OK
r-devel-linux-x86_64-fedora-clang 2.0-0 146.45 OK
r-devel-linux-x86_64-fedora-gcc 2.0-0 151.29 OK
r-devel-windows-ix86+x86_64 2.0-0 70.00 386.00 456.00 OK
r-patched-linux-x86_64 2.0-0 16.17 174.22 190.39 OK
r-patched-solaris-x86 2.0-0 356.90 OK
r-release-linux-x86_64 2.0-0 0.72 3.71 4.43 ERROR
r-release-windows-ix86+x86_64 2.0-0 50.00 285.00 335.00 OK
r-release-osx-x86_64 2.0-0 ERROR
r-oldrel-windows-ix86+x86_64 2.0-0 59.00 480.00 539.00 OK
r-oldrel-osx-x86_64 2.0-0 ERROR

Check Details

Version: 2.0-0
Check: whether package can be installed
Result: ERROR
    Installation failed.
Flavor: r-release-linux-x86_64

Version: 2.0-0
Check: tests
Result: ERROR
     Running ‘allier.R’ [1s/1s]
     Comparing ‘allier.Rout’ to ‘allier.Rout.save’ ... OK
     Running ‘blockkr.R’ [1s/1s]
     Comparing ‘blockkr.Rout’ to ‘blockkr.Rout.save’ ... OK
     Running ‘covtable.R’ [1s/1s]
     Comparing ‘covtable.Rout’ to ‘covtable.Rout.save’ ... OK
     Running ‘cv.R’ [2s/2s]
     Comparing ‘cv.Rout’ to ‘cv.Rout.save’ ... OK
     Running ‘cv3d.R’ [2s/2s]
     Comparing ‘cv3d.Rout’ to ‘cv3d.Rout.save’ ... OK
     Running ‘fit.R’ [1s/1s]
     Comparing ‘fit.Rout’ to ‘fit.Rout.save’ ... OK
     Running ‘krige0.R’ [3s/3s]
     Comparing ‘krige0.Rout’ to ‘krige0.Rout.save’ ... OK
     Running ‘line.R’ [2s/2s]
     Comparing ‘line.Rout’ to ‘line.Rout.save’ ... OK
     Running ‘merge.R’ [1s/1s]
     Comparing ‘merge.Rout’ to ‘merge.Rout.save’ ... OK
     Running ‘na.action.R’ [1s/1s]
     Comparing ‘na.action.Rout’ to ‘na.action.Rout.save’ ... OK
     Running ‘rings.R’ [1s/1s]
     Comparing ‘rings.Rout’ to ‘rings.Rout.save’ ... OK
     Running ‘sim.R’ [1s/1s]
     Comparing ‘sim.Rout’ to ‘sim.Rout.save’ ... OK
     Running ‘stars.R’ [2s/2s]
    Running the tests in ‘tests/stars.R’ failed.
    Last 13 lines of output:
     [10] "Attributes: < Component 5: Attributes: < Component 2: 1 string mismatch > >"
     >
     > # kriging:
     > st_crs(st) = st_crs(meuse_sf) # GDAL roundtrip messes them up!
     > k_st = if (Sys.getenv("USER") == "travis") {
     + try(krige(log(zinc)~1, meuse_sf, st, v.fit))
     + } else {
     + krige(log(zinc)~1, meuse_sf, st, v.fit)
     + }
     [1] "+proj=sterea +lat_0=52.15616055555555 +lon_0=5.38763888888889 +k=0.9999079 +x_0=155000 +y_0=463000 +ellps=bessel +towgs84=565.4171,50.3319,465.5524,-0.398957,0.343988,-1.87740,4.0725 +units=m +no_defs"
     [1] "+proj=sterea +lat_0=52.15616055555555 +lon_0=5.38763888888889 +k=0.9999079 +x_0=155000 +y_0=463000 +ellps=bessel +towgs84=565.4171,50.3319,465.5524,-0.398957,0.343988,-1.8774,4.0725 +units=m +no_defs"
     Error in predict.gstat(g, newdata = newdata, block = block, nsim = nsim, :
     var1 : data item in gstat object and newdata have different coordinate reference systems
     Calls: krige ... krige -> krige -> .local -> predict -> predict.gstat
     Execution halted
Flavor: r-release-osx-x86_64

Version: 2.0-0
Check: tests
Result: ERROR
     Running ‘allier.R’ [2s/2s]
     Comparing ‘allier.Rout’ to ‘allier.Rout.save’ ... OK
     Running ‘blockkr.R’ [2s/2s]
     Comparing ‘blockkr.Rout’ to ‘blockkr.Rout.save’ ... OK
     Running ‘covtable.R’ [2s/2s]
     Comparing ‘covtable.Rout’ to ‘covtable.Rout.save’ ... OK
     Running ‘cv.R’ [2s/2s]
     Comparing ‘cv.Rout’ to ‘cv.Rout.save’ ... OK
     Running ‘cv3d.R’ [2s/2s]
     Comparing ‘cv3d.Rout’ to ‘cv3d.Rout.save’ ... OK
     Running ‘fit.R’ [1s/1s]
     Comparing ‘fit.Rout’ to ‘fit.Rout.save’ ... OK
     Running ‘krige0.R’ [5s/5s]
     Comparing ‘krige0.Rout’ to ‘krige0.Rout.save’ ... OK
     Running ‘line.R’ [3s/3s]
     Comparing ‘line.Rout’ to ‘line.Rout.save’ ... OK
     Running ‘merge.R’ [2s/2s]
     Comparing ‘merge.Rout’ to ‘merge.Rout.save’ ... OK
     Running ‘na.action.R’ [2s/2s]
     Comparing ‘na.action.Rout’ to ‘na.action.Rout.save’ ... OK
     Running ‘rings.R’ [2s/2s]
     Comparing ‘rings.Rout’ to ‘rings.Rout.save’ ... OK
     Running ‘sim.R’ [1s/1s]
     Comparing ‘sim.Rout’ to ‘sim.Rout.save’ ... OK
     Running ‘stars.R’ [4s/4s]
    Running the tests in ‘tests/stars.R’ failed.
    Last 13 lines of output:
     [10] "Attributes: < Component 5: Attributes: < Component 2: 1 string mismatch > >"
     >
     > # kriging:
     > st_crs(st) = st_crs(meuse_sf) # GDAL roundtrip messes them up!
     > k_st = if (Sys.getenv("USER") == "travis") {
     + try(krige(log(zinc)~1, meuse_sf, st, v.fit))
     + } else {
     + krige(log(zinc)~1, meuse_sf, st, v.fit)
     + }
     [1] "+proj=sterea +lat_0=52.15616055555555 +lon_0=5.38763888888889 +k=0.9999079 +x_0=155000 +y_0=463000 +ellps=bessel +towgs84=565.4171,50.3319,465.5524,-0.398957,0.343988,-1.87740,4.0725 +units=m +no_defs"
     [1] "+proj=sterea +lat_0=52.15616055555555 +lon_0=5.38763888888889 +k=0.9999079 +x_0=155000 +y_0=463000 +ellps=bessel +towgs84=565.4171,50.3319,465.5524,-0.398957,0.343988,-1.8774,4.0725 +units=m +no_defs"
     Error in predict.gstat(g, newdata = newdata, block = block, nsim = nsim, :
     var1 : data item in gstat object and newdata have different coordinate reference systems
     Calls: krige ... krige -> krige -> .local -> predict -> predict.gstat
     Execution halted
Flavor: r-oldrel-osx-x86_64