CRAN Package Check Results for Package gstat

Last updated on 2017-02-24 11:48:15.

Flavor Version Tinstall Tcheck Ttotal Status Flags
r-devel-linux-x86_64-debian-clang 1.1-4 9.41 129.34 138.74 NOTE
r-devel-linux-x86_64-debian-gcc 1.1-4 9.59 125.63 135.22 NOTE
r-devel-linux-x86_64-fedora-clang 1.1-4 264.52 NOTE --no-stop-on-test-error
r-devel-linux-x86_64-fedora-gcc 1.1-4 234.72 NOTE --no-stop-on-test-error
r-devel-macos-x86_64-clang 1.1-4 185.86 NOTE --no-stop-on-test-error
r-devel-windows-ix86+x86_64 1.1-4 91.00 391.00 482.00 OK
r-patched-linux-x86_64 1.1-4 8.55 102.47 111.02 OK
r-patched-solaris-sparc 1.1-4 1389.30 OK
r-patched-solaris-x86 1.1-4 264.80 OK
r-release-linux-x86_64 1.1-4 8.87 100.07 108.94 OK
r-release-osx-x86_64-mavericks 1.1-4 OK
r-release-windows-ix86+x86_64 1.1-4 92.00 305.00 397.00 OK
r-oldrel-windows-ix86+x86_64 1.1-4 79.00 485.00 564.00 OK

Check Details

Version: 1.1-4
Check: compiled code
Result: NOTE
    File ‘gstat/libs/gstat.so’:
     Found no calls to: ‘R_registerRoutines’, ‘R_useDynamicSymbols’
    
    It is good practice to register native routines and to disable symbol
    search.
    
    See ‘Writing portable packages’ in the ‘Writing R Extensions’ manual.
Flavors: r-devel-linux-x86_64-debian-clang, r-devel-linux-x86_64-debian-gcc

Version: 1.1-4
Flags: --no-stop-on-test-error
Check: compiled code
Result: NOTE
    File ‘gstat/libs/gstat.so’:
     Found no calls to: ‘R_registerRoutines’, ‘R_useDynamicSymbols’
    
    It is good practice to register native routines and to disable symbol
    search.
    
    See ‘Writing portable packages’ in the ‘Writing R Extensions’ manual.
Flavors: r-devel-linux-x86_64-fedora-clang, r-devel-linux-x86_64-fedora-gcc, r-devel-macos-x86_64-clang