CRAN Package Check Results for Package gstat

Last updated on 2014-08-27 22:47:13.

Flavor Version Tinstall Tcheck Ttotal Status Flags
r-devel-linux-x86_64-debian-clang 1.0-19 10.90 106.82 117.72 OK
r-devel-linux-x86_64-debian-gcc 1.0-19 14.99 102.68 117.67 OK
r-devel-linux-x86_64-fedora-clang 1.0-19 260.31 OK
r-devel-linux-x86_64-fedora-gcc 1.0-19 253.95 OK
r-devel-osx-x86_64-clang 1.0-19 194.31 OK
r-devel-windows-ix86+x86_64 1.0-19 66.00 216.00 282.00 OK
r-patched-linux-x86_64 1.0-19 14.92 109.74 124.66 OK
r-patched-solaris-sparc 1.0-19 1563.90 OK
r-patched-solaris-x86 1.0-19 339.70 OK
r-release-linux-ix86 1.0-19 20.44 137.30 157.75 OK
r-release-linux-x86_64 1.0-19 15.06 110.18 125.24 OK
r-release-osx-x86_64-mavericks 1.0-19 ERROR
r-release-osx-x86_64-snowleopard 1.0-19 OK
r-release-windows-ix86+x86_64 1.0-19 65.00 228.00 293.00 OK
r-oldrel-windows-ix86+x86_64 1.0-19 62.00 228.00 290.00 OK

Check Details

Version: 1.0-19
Check: package dependencies
Result: ERROR
    Package required but not available: ‘spacetime’
    
    Packages suggested but not available for checking: ‘rgdal’ ‘rgeos’
    
    See the information on DESCRIPTION files in the chapter ‘Creating R
    packages’ of the ‘Writing R Extensions’ manual.
Flavor: r-release-osx-x86_64-mavericks