CRAN Package Check Results for Package gstat

Last updated on 2014-12-19 03:47:34.

Flavor Version Tinstall Tcheck Ttotal Status Flags
r-devel-linux-x86_64-debian-clang 1.0-19 11.43 112.46 123.89 OK
r-devel-linux-x86_64-debian-gcc 1.0-19 14.46 107.70 122.16 OK
r-devel-linux-x86_64-fedora-clang 1.0-19 273.65 OK
r-devel-linux-x86_64-fedora-gcc 1.0-19 246.52 OK
r-devel-osx-x86_64-clang 1.0-19 213.99 OK
r-devel-windows-ix86+x86_64 1.0-19 71.00 217.00 288.00 OK
r-patched-linux-x86_64 1.0-19 14.98 113.06 128.04 OK
r-patched-solaris-sparc 1.0-19 1434.00 OK
r-patched-solaris-x86 1.0-19 336.00 OK
r-release-linux-ix86 1.0-19 19.39 134.36 153.75 OK
r-release-linux-x86_64 1.0-19 14.86 115.58 130.44 OK
r-release-osx-x86_64-mavericks 1.0-19 ERROR
r-release-osx-x86_64-snowleopard 1.0-19 OK
r-release-windows-ix86+x86_64 1.0-19 65.00 238.00 303.00 OK
r-oldrel-windows-ix86+x86_64 1.0-19 69.00 241.00 310.00 OK

Check Details

Version: 1.0-19
Check: package dependencies
Result: ERROR
    Package required but not available: ‘spacetime’
    
    Packages suggested but not available for checking: ‘rgdal’ ‘rgeos’
    
    See the information on DESCRIPTION files in the chapter ‘Creating R
    packages’ of the ‘Writing R Extensions’ manual.
Flavor: r-release-osx-x86_64-mavericks