CRAN Package Check Results for Package gstat

Last updated on 2017-04-28 05:48:30.

Flavor Version Tinstall Tcheck Ttotal Status Flags
r-devel-linux-x86_64-debian-clang 1.1-5 9.84 132.87 142.71 OK
r-devel-linux-x86_64-debian-gcc 1.1-5 9.39 129.30 138.69 OK
r-devel-linux-x86_64-fedora-clang 1.1-5 248.14 OK --no-stop-on-test-error
r-devel-linux-x86_64-fedora-gcc 1.1-5 248.16 OK --no-stop-on-test-error
r-devel-windows-ix86+x86_64 1.1-5 41.00 300.00 341.00 OK
r-patched-linux-x86_64 1.1-5 8.69 130.03 138.71 OK
r-patched-solaris-sparc 1.1-5 1470.70 OK
r-patched-solaris-x86 1.1-5 302.20 OK
r-release-linux-x86_64 1.1-5 8.77 134.27 143.04 OK
r-release-windows-ix86+x86_64 1.1-5 43.00 282.00 325.00 OK
r-release-osx-x86_64 1.1-5 NOTE
r-oldrel-windows-ix86+x86_64 1.1-5 54.00 303.00 357.00 OK
r-oldrel-osx-x86_64 1.1-5 OK

Memtest notes: valgrind

Check Details

Version: 1.1-5
Check: package dependencies
Result: NOTE
    Packages suggested but not available for checking: ‘rgdal’ ‘rgeos’
Flavor: r-release-osx-x86_64

Version: 1.1-5
Check: re-building of vignette outputs
Result: NOTE
    Error in re-building vignettes:
     ...
    Error in texi2dvi(file = file, pdf = TRUE, clean = clean, quiet = quiet, :
     Running 'texi2dvi' on 'spatio-temporal-kriging.tex' failed.
    LaTeX errors:
    ! LaTeX Error: File `multirow.sty' not found.
    
    Type X to quit or <RETURN> to proceed,
    or enter new name. (Default extension: sty)
    
    ! Emergency stop.
    <read *>
    
    l.8 \usepackage
     {natbib}^^M
    ! ==> Fatal error occurred, no output PDF file produced!
    Calls: buildVignettes -> texi2pdf -> texi2dvi
    Execution halted
Flavor: r-release-osx-x86_64