CRAN Package Check Results for Package gstat

Last updated on 2015-04-18 03:50:16.

Flavor Version Tinstall Tcheck Ttotal Status Flags
r-devel-linux-x86_64-debian-clang 1.0-22 10.83 102.79 113.62 OK
r-devel-linux-x86_64-debian-gcc 1.0-22 13.51 102.84 116.34 OK
r-devel-linux-x86_64-fedora-clang 1.0-22 246.50 OK
r-devel-linux-x86_64-fedora-gcc 1.0-22 228.30 OK
r-devel-osx-x86_64-clang 1.0-22 194.50 OK
r-prerel-windows-ix86+x86_64 1.0-22 69.00 201.00 270.00 OK
r-prerel-linux-x86_64 1.0-22 13.55 104.22 117.77 OK
r-prerel-solaris-sparc 1.0-22 1662.40 OK
r-prerel-solaris-x86 1.0-22 285.70 OK
r-release-linux-x86_64 1.0-22 14.89 120.98 135.87 OK
r-release-osx-x86_64-mavericks 1.0-22 NOTE
r-release-osx-x86_64-snowleopard 1.0-22 OK
r-release-windows-ix86+x86_64 1.0-22 68.00 307.00 375.00 OK
r-oldrel-windows-ix86+x86_64 1.0-22 70.00 316.00 386.00 OK

Check Details

Version: 1.0-22
Check: package dependencies
Result: NOTE
    Packages suggested but not available for checking: ‘rgdal’ ‘rgeos’
Flavor: r-release-osx-x86_64-mavericks