CRAN Package Check Results for Package gstat

Last updated on 2015-03-06 23:48:19.

Flavor Version Tinstall Tcheck Ttotal Status Flags
r-devel-linux-x86_64-debian-clang 1.0-21 10.45 92.62 103.08 NOTE
r-devel-linux-x86_64-debian-gcc 1.0-21 13.52 93.94 107.47 NOTE
r-devel-linux-x86_64-fedora-clang 1.0-21 217.30 NOTE
r-devel-linux-x86_64-fedora-gcc 1.0-21 214.37 NOTE
r-devel-osx-x86_64-clang 1.0-21 185.38 NOTE
r-devel-windows-ix86+x86_64 1.0-21 74.00 203.00 277.00 OK
r-patched-linux-x86_64 1.0-21 14.56 111.40 125.96 OK
r-patched-solaris-sparc 1.0-21 1567.90 OK
r-patched-solaris-x86 1.0-21 319.10 OK
r-release-linux-ix86 1.0-21 19.66 135.59 155.25 OK
r-release-linux-x86_64 1.0-21 14.68 112.21 126.89 OK
r-release-osx-x86_64-mavericks 1.0-21 NOTE
r-release-osx-x86_64-snowleopard 1.0-21 OK
r-release-windows-ix86+x86_64 1.0-21 70.00 238.00 308.00 OK
r-oldrel-windows-ix86+x86_64 1.0-21 68.00 237.00 305.00 OK

Check Details

Version: 1.0-21
Check: S3 generic/method consistency
Result: NOTE
    Found the following apparent S3 methods exported but not registered:
     variogram.line
    See section ‘Registering S3 methods’ in the ‘Writing R Extensions’
    manual.
Flavors: r-devel-linux-x86_64-debian-clang, r-devel-linux-x86_64-debian-gcc, r-devel-linux-x86_64-fedora-clang, r-devel-linux-x86_64-fedora-gcc, r-devel-osx-x86_64-clang

Version: 1.0-21
Check: package dependencies
Result: NOTE
    Packages suggested but not available for checking: ‘rgdal’ ‘rgeos’
Flavor: r-release-osx-x86_64-mavericks