CRAN Package Check Results for Package gstat

Last updated on 2014-04-25 05:47:16.

Flavor Version Tinstall Tcheck Ttotal Status Flags
r-devel-linux-x86_64-debian-clang 1.0-19 11.31 112.95 124.26 OK
r-devel-linux-x86_64-debian-gcc 1.0-19 14.78 115.74 130.52 OK
r-devel-linux-x86_64-fedora-clang 1.0-19 271.87 OK
r-devel-linux-x86_64-fedora-gcc 1.0-19 270.69 OK
r-devel-osx-x86_64-clang 1.0-19 192.99 OK
r-devel-osx-x86_64-gcc 1.0-19 ERROR
r-devel-windows-ix86+x86_64 1.0-19 64.00 218.00 282.00 OK
r-patched-linux-x86_64 1.0-19 14.77 115.32 130.09 OK
r-patched-solaris-sparc 1.0-19 1451.30 OK
r-patched-solaris-x86 1.0-19 332.90 OK
r-release-linux-ix86 1.0-19 27.00 190.00 217.00 OK
r-release-linux-x86_64 1.0-19 14.95 113.74 128.69 OK
r-release-osx-x86_64-mavericks 1.0-19 ERROR
r-release-osx-x86_64-snowleopard 1.0-19 OK
r-release-windows-ix86+x86_64 1.0-19 67.00 224.00 291.00 OK
r-oldrel-windows-ix86+x86_64 1.0-19 70.00 225.00 295.00 OK

Check Details

Version: 1.0-19
Check: package dependencies
Result: ERROR
    Packages required but not available: ‘zoo’ ‘spacetime’
    
    Packages suggested but not available for checking:
     ‘rgeos’ ‘fields’ ‘maptools’ ‘xts’
    
    See the information on DESCRIPTION files in the chapter ‘Creating R
    packages’ of the ‘Writing R Extensions’ manual.
Flavor: r-devel-osx-x86_64-gcc

Version: 1.0-19
Check: package dependencies
Result: ERROR
    Package required but not available: ‘spacetime’
    
    Packages suggested but not available for checking:
     ‘rgdal’ ‘rgeos’ ‘maptools’
    
    See the information on DESCRIPTION files in the chapter ‘Creating R
    packages’ of the ‘Writing R Extensions’ manual.
Flavor: r-release-osx-x86_64-mavericks