CRAN Package Check Results for Package gstudio

Last updated on 2014-04-21 12:31:33.

Flavor Version Tinstall Tcheck Ttotal Status Flags
r-devel-linux-x86_64-debian-clang 1.1 8.46 101.30 109.76 OK
r-devel-linux-x86_64-debian-gcc 1.1 8.22 98.91 107.13 OK
r-devel-linux-x86_64-fedora-clang 1.1 254.21 OK --no-vignettes
r-devel-linux-x86_64-fedora-gcc 1.1 239.25 OK --no-vignettes
r-devel-osx-x86_64-clang 1.1 179.94 OK --no-vignettes
r-devel-osx-x86_64-gcc 1.1 ERROR
r-devel-windows-ix86+x86_64 1.1 23.00 140.00 163.00 OK
r-patched-linux-x86_64 1.1 8.55 98.38 106.92 OK
r-patched-solaris-sparc 1.1 1236.90 OK --no-vignettes
r-patched-solaris-x86 1.1 308.10 OK
r-release-linux-x86_64 1.1 8.62 100.23 108.85 OK
r-release-osx-x86_64-mavericks 1.1 WARN
r-release-osx-x86_64-snowleopard 1.1 OK
r-release-windows-ix86+x86_64 1.1 27.00 147.00 174.00 OK
r-oldrel-windows-ix86+x86_64 1.1 21.00 132.00 153.00 OK

Check Details

Version: 1.1
Check: package dependencies
Result: ERROR
    Packages required but not available: ‘raster’ ‘ggplot2’ ‘ggmap’ ‘popgraph’
    
    Package suggested but not available for checking: ‘knitr’
    
    See the information on DESCRIPTION files in the chapter ‘Creating R
    packages’ of the ‘Writing R Extensions’ manual.
Flavor: r-devel-osx-x86_64-gcc

Version: 1.1
Check: re-building of vignette outputs
Result: NOTE
    Error in re-building vignettes:
     ...
    Error in texi2dvi(file = file, pdf = TRUE, clean = clean, quiet = quiet, :
     Running 'texi2dvi' on 'gstudio.tex' failed.
    LaTeX errors:
    ! LaTeX Error: File `kmath.sty' not found.
    
    Type X to quit or <RETURN> to proceed,
    or enter new name. (Default extension: sty)
    
    _test/gstudio/vignettes/gstudio.tex:12: ==> Fatal error occurred, no output PD
    F file produced!
    Calls: buildVignettes -> texi2pdf -> texi2dvi
    Execution halted
Flavor: r-release-osx-x86_64-mavericks

Version: 1.1
Check: PDF version of manual
Result: WARNING
    LaTeX errors when creating PDF version.
    This typically indicates Rd problems.
    LaTeX errors found:
    ! LaTeX Error: File `upquote.sty' not found.
    
    Type X to quit or <RETURN> to proceed,
    or enter new name. (Default extension: sty)
    
    60c5cb0/Rd2.tex:8: ==> Fatal error occurred, no output PDF file produced!
Flavor: r-release-osx-x86_64-mavericks