CRAN Package Check Results for Package gstudio

Last updated on 2014-10-30 18:47:47.

Flavor Version Tinstall Tcheck Ttotal Status Flags
r-devel-linux-x86_64-debian-clang 1.3 7.68 98.72 106.40 OK
r-devel-linux-x86_64-debian-gcc 1.3 7.79 98.41 106.20 OK
r-devel-linux-x86_64-fedora-clang 1.3 253.69 OK --no-vignettes
r-devel-linux-x86_64-fedora-gcc 1.3 244.56 OK --no-vignettes
r-devel-osx-x86_64-clang 1.3 192.20 OK --no-vignettes
r-devel-windows-ix86+x86_64 1.3 20.00 134.00 154.00 OK
r-patched-linux-x86_64 1.3 10.23 102.69 112.92 OK
r-patched-solaris-sparc 1.3 1201.30 OK --no-vignettes
r-patched-solaris-x86 1.3 322.70 OK
r-release-linux-ix86 1.3 9.36 120.08 129.44 OK
r-release-linux-x86_64 1.3 7.92 101.09 109.01 OK
r-release-osx-x86_64-mavericks 1.3 NOTE
r-release-osx-x86_64-snowleopard 1.3 OK
r-release-windows-ix86+x86_64 1.3 23.00 149.00 172.00 OK
r-oldrel-windows-ix86+x86_64 1.3 21.00 139.00 160.00 OK

Check Details

Version: 1.3
Check: re-building of vignette outputs
Result: NOTE
    Error in re-building vignettes:
     ...
    Error in texi2dvi(file = file, pdf = TRUE, clean = clean, quiet = quiet, :
     Running 'texi2dvi' on 'gstudio.tex' failed.
    LaTeX errors:
    ! LaTeX Error: File `kmath.sty' not found.
    
    Type X to quit or <RETURN> to proceed,
    or enter new name. (Default extension: sty)
    
    _test/gstudio/vignettes/gstudio.tex:12: ==> Fatal error occurred, no output PD
    F file produced!
    Calls: buildVignettes -> texi2pdf -> texi2dvi
    Execution halted
Flavor: r-release-osx-x86_64-mavericks