CRAN Package Check Results for Package gstudio

Last updated on 2014-09-30 11:48:24.

Flavor Version Tinstall Tcheck Ttotal Status Flags
r-devel-linux-x86_64-debian-clang 1.3 7.97 98.28 106.25 OK
r-devel-linux-x86_64-debian-gcc 1.3 7.42 95.63 103.05 OK
r-devel-linux-x86_64-fedora-clang 1.3 255.67 OK --no-vignettes
r-devel-linux-x86_64-fedora-gcc 1.3 240.59 OK --no-vignettes
r-devel-osx-x86_64-clang 1.3 179.88 OK --no-vignettes
r-devel-windows-ix86+x86_64 1.3 19.00 143.00 162.00 OK
r-patched-linux-x86_64 1.3 7.88 102.10 109.98 OK
r-patched-solaris-sparc 1.3 1201.30 OK --no-vignettes
r-patched-solaris-x86 1.3 327.00 OK
r-release-linux-ix86 1.3 9.20 121.27 130.47 OK
r-release-linux-x86_64 1.3 7.93 102.13 110.06 OK
r-release-osx-x86_64-mavericks 1.3 NOTE
r-release-osx-x86_64-snowleopard 1.3 OK
r-release-windows-ix86+x86_64 1.3 23.00 155.00 178.00 OK
r-oldrel-windows-ix86+x86_64 1.3 24.00 141.00 165.00 OK

Check Details

Version: 1.3
Check: re-building of vignette outputs
Result: NOTE
    Error in re-building vignettes:
     ...
    Error in texi2dvi(file = file, pdf = TRUE, clean = clean, quiet = quiet, :
     Running 'texi2dvi' on 'gstudio.tex' failed.
    LaTeX errors:
    ! LaTeX Error: File `kmath.sty' not found.
    
    Type X to quit or <RETURN> to proceed,
    or enter new name. (Default extension: sty)
    
    _test/gstudio/vignettes/gstudio.tex:12: ==> Fatal error occurred, no output PD
    F file produced!
    Calls: buildVignettes -> texi2pdf -> texi2dvi
    Execution halted
Flavor: r-release-osx-x86_64-mavericks