CRAN Package Check Results for Package gstudio

Last updated on 2014-08-28 11:49:05.

Flavor Version Tinstall Tcheck Ttotal Status Flags
r-devel-linux-x86_64-debian-clang 1.3 7.85 98.19 106.04 OK
r-devel-linux-x86_64-debian-gcc 1.3 7.60 94.94 102.54 OK
r-devel-linux-x86_64-fedora-clang 1.3 262.84 OK --no-vignettes
r-devel-linux-x86_64-fedora-gcc 1.3 245.49 OK --no-vignettes
r-devel-osx-x86_64-clang 1.3 182.69 OK --no-vignettes
r-devel-windows-ix86+x86_64 1.3 21.00 140.00 161.00 OK
r-patched-linux-x86_64 1.3 7.72 99.34 107.06 OK
r-patched-solaris-sparc 1.3 1201.30 OK --no-vignettes
r-patched-solaris-x86 1.3 314.10 OK
r-release-linux-ix86 1.3 9.04 119.00 128.04 OK
r-release-linux-x86_64 1.3 8.03 103.88 111.90 OK
r-release-osx-x86_64-mavericks 1.3 NOTE
r-release-osx-x86_64-snowleopard 1.3 OK
r-release-windows-ix86+x86_64 1.3 21.00 162.00 183.00 OK
r-oldrel-windows-ix86+x86_64 1.3 22.00 150.00 172.00 OK

Check Details

Version: 1.3
Check: re-building of vignette outputs
Result: NOTE
    Error in re-building vignettes:
     ...
    Error in texi2dvi(file = file, pdf = TRUE, clean = clean, quiet = quiet, :
     Running 'texi2dvi' on 'gstudio.tex' failed.
    LaTeX errors:
    ! LaTeX Error: File `kmath.sty' not found.
    
    Type X to quit or <RETURN> to proceed,
    or enter new name. (Default extension: sty)
    
    _test/gstudio/vignettes/gstudio.tex:12: ==> Fatal error occurred, no output PD
    F file produced!
    Calls: buildVignettes -> texi2pdf -> texi2dvi
    Execution halted
Flavor: r-release-osx-x86_64-mavericks