CRAN Package Check Results for Package gsubfn

Last updated on 2014-04-24 21:47:41.

Flavor Version Tinstall Tcheck Ttotal Status Flags
r-devel-linux-x86_64-debian-clang 0.6-5 1.20 15.64 16.84 NOTE
r-devel-linux-x86_64-debian-gcc 0.6-5 1.25 16.25 17.50 NOTE
r-devel-linux-x86_64-fedora-clang 0.6-5 40.39 NOTE
r-devel-linux-x86_64-fedora-gcc 0.6-5 38.88 NOTE
r-devel-osx-x86_64-clang 0.6-5 36.02 NOTE
r-devel-osx-x86_64-gcc 0.6-5 NOTE
r-devel-windows-ix86+x86_64 0.6-5 4.00 24.00 28.00 NOTE
r-patched-linux-x86_64 0.6-5 1.18 15.43 16.61 NOTE
r-patched-solaris-sparc 0.6-5 196.30 NOTE
r-patched-solaris-x86 0.6-5 65.80 NOTE
r-release-linux-ix86 0.6-5 3.00 38.00 41.00 NOTE
r-release-linux-x86_64 0.6-5 1.18 15.72 16.90 NOTE
r-release-osx-x86_64-mavericks 0.6-5 WARN
r-release-windows-ix86+x86_64 0.6-5 4.00 24.00 28.00 NOTE
r-oldrel-windows-ix86+x86_64 0.6-5 5.00 33.00 38.00 NOTE

Check Details

Version: 0.6-5
Check: R code for possible problems
Result: NOTE
    File ‘gsubfn/R/zzz.R’:
     .onLoad calls:
     packageStartupMessage("Could not load tcltk. Will use slower R code instead.")
    
    See section ‘Good practice’ in '?.onAttach'.
    
    Found the following calls to data() loading into the global environment:
    File ‘gsubfn/R/fn.R’:
     data(i, j)
    See section ‘Good practice’ in ‘?data’.
Flavors: r-devel-linux-x86_64-debian-clang, r-devel-linux-x86_64-debian-gcc, r-devel-linux-x86_64-fedora-clang, r-devel-osx-x86_64-clang, r-patched-linux-x86_64, r-release-linux-ix86, r-release-linux-x86_64

Version: 0.6-5
Check: for old-style vignette sources
Result: NOTE
    Vignette sources only in ‘inst/doc’:
     ‘gsubfn.Rnw’
    A ‘vignettes’ directory is required as from R 3.1.0
    and these will not be indexed nor checked
Flavors: r-devel-linux-x86_64-debian-clang, r-devel-linux-x86_64-debian-gcc, r-devel-linux-x86_64-fedora-clang, r-devel-linux-x86_64-fedora-gcc, r-devel-osx-x86_64-clang, r-devel-osx-x86_64-gcc, r-devel-windows-ix86+x86_64, r-patched-linux-x86_64, r-patched-solaris-sparc, r-patched-solaris-x86, r-release-linux-ix86, r-release-linux-x86_64, r-release-osx-x86_64-mavericks, r-release-windows-ix86+x86_64

Version: 0.6-5
Check: top-level files
Result: NOTE
    Non-standard file/directory found at top level:
     ‘COPYRIGHTS’
    Copyright information should be in file inst/COPYRIGHTS
Flavors: r-devel-linux-x86_64-fedora-clang, r-devel-linux-x86_64-fedora-gcc

Version: 0.6-5
Check: Rd line widths
Result: NOTE
    Rd file 'strapply.Rd':
     \usage lines wider than 90 characters:
     strapplyc(X, pattern, backref, ignore.case = FALSE, simplify = FALSE, USE.NAMES = FALSE, engine = getOption("gsubfn.engine"))
    
    These lines will be truncated in the PDF manual.
Flavors: r-devel-linux-x86_64-fedora-clang, r-devel-linux-x86_64-fedora-gcc

Version: 0.6-5
Check: R code for possible problems
Result: NOTE
    File ‘gsubfn/R/zzz.R’:
     .onLoad calls:
     packageStartupMessage("Could not load tcltk. Will use slower R code instead.")
    
    See section ‘Good practice’ in '?.onAttach'.
Flavors: r-devel-linux-x86_64-fedora-gcc, r-devel-osx-x86_64-gcc, r-devel-windows-ix86+x86_64, r-patched-solaris-sparc, r-patched-solaris-x86, r-release-osx-x86_64-mavericks, r-release-windows-ix86+x86_64, r-oldrel-windows-ix86+x86_64

Version: 0.6-5
Check: package dependencies
Result: NOTE
    Packages suggested but not available for checking: ‘doBy’ ‘quantreg’ ‘zoo’
Flavor: r-devel-osx-x86_64-gcc

Version: 0.6-5
Check: package dependencies
Result: NOTE
    Package suggested but not available for checking: ‘doBy’
Flavor: r-release-osx-x86_64-mavericks

Version: 0.6-5
Check: PDF version of manual
Result: WARNING
    LaTeX errors when creating PDF version.
    This typically indicates Rd problems.
    LaTeX errors found:
    ! LaTeX Error: File `upquote.sty' not found.
    
    Type X to quit or <RETURN> to proceed,
    or enter new name. (Default extension: sty)
    
    2395a079/Rd2.tex:8: ==> Fatal error occurred, no output PDF file produced!
Flavor: r-release-osx-x86_64-mavericks

Version: 0.6-5
Check: for old-style vignette sources
Result: NOTE
    Vignette sources only in 'inst/doc':
     'gsubfn.Rnw'
    A 'vignettes' directory will be required as from R 3.1.0
Flavor: r-oldrel-windows-ix86+x86_64