CRAN Package Check Results for Package gsubfn

Last updated on 2015-08-31 08:46:50.

Flavor Version Tinstall Tcheck Ttotal Status Flags
r-devel-linux-x86_64-debian-clang 0.6-6 1.21 18.25 19.46 NOTE
r-devel-linux-x86_64-debian-gcc 0.6-6 0.98 17.25 18.23 NOTE
r-devel-linux-x86_64-fedora-clang 0.6-6 35.89 NOTE
r-devel-linux-x86_64-fedora-gcc 0.6-6 34.14 NOTE
r-devel-osx-x86_64-clang 0.6-6 38.62 NOTE
r-devel-windows-ix86+x86_64 0.6-6 7.00 36.00 43.00 NOTE
r-patched-linux-x86_64 0.6-6 0.97 18.54 19.50 NOTE
r-patched-solaris-sparc 0.6-6 233.50 NOTE
r-patched-solaris-x86 0.6-6 58.60 NOTE
r-release-linux-x86_64 0.6-6 0.96 18.55 19.51 NOTE
r-release-osx-x86_64-mavericks 0.6-6 NOTE
r-release-windows-ix86+x86_64 0.6-6 5.00 34.00 39.00 NOTE
r-oldrel-windows-ix86+x86_64 0.6-6 6.00 39.00 45.00 OK

Check Details

Version: 0.6-6
Check: DESCRIPTION meta-information
Result: NOTE
    Malformed Title field: should not end in a period.
Flavors: r-devel-linux-x86_64-debian-clang, r-devel-linux-x86_64-debian-gcc, r-devel-linux-x86_64-fedora-clang, r-devel-linux-x86_64-fedora-gcc, r-devel-osx-x86_64-clang, r-devel-windows-ix86+x86_64, r-patched-linux-x86_64, r-patched-solaris-sparc, r-patched-solaris-x86, r-release-linux-x86_64, r-release-osx-x86_64-mavericks, r-release-windows-ix86+x86_64

Version: 0.6-6
Check: S3 generic/method consistency
Result: NOTE
    Found the following apparent S3 methods exported but not registered:
     as.function.formula
    See section ‘Registering S3 methods’ in the ‘Writing R Extensions’
    manual.
Flavors: r-devel-linux-x86_64-debian-clang, r-devel-linux-x86_64-debian-gcc, r-devel-linux-x86_64-fedora-clang, r-devel-linux-x86_64-fedora-gcc, r-devel-osx-x86_64-clang, r-patched-linux-x86_64, r-patched-solaris-sparc, r-patched-solaris-x86, r-release-linux-x86_64

Version: 0.6-6
Check: R code for possible problems
Result: NOTE
    read.pattern: no visible global function definition for ‘read.table’
    Undefined global functions or variables:
     read.table
    Consider adding
     importFrom("utils", "read.table")
    to your NAMESPACE.
Flavors: r-devel-linux-x86_64-debian-clang, r-devel-linux-x86_64-debian-gcc, r-devel-linux-x86_64-fedora-clang, r-devel-linux-x86_64-fedora-gcc, r-devel-windows-ix86+x86_64