CRAN Package Check Results for Package gsubfn

Last updated on 2015-03-07 03:50:09.

Flavor Version Tinstall Tcheck Ttotal Status Flags
r-devel-linux-x86_64-debian-clang 0.6-6 1.07 18.12 19.18 NOTE
r-devel-linux-x86_64-debian-gcc 0.6-6 0.99 17.87 18.86 NOTE
r-devel-linux-x86_64-fedora-clang 0.6-6 36.30 NOTE
r-devel-linux-x86_64-fedora-gcc 0.6-6 34.06 NOTE
r-devel-osx-x86_64-clang 0.6-6 41.95 NOTE
r-devel-windows-ix86+x86_64 0.6-6 4.00 32.00 36.00 NOTE
r-patched-linux-x86_64 0.6-6 1.08 20.76 21.84 OK
r-patched-solaris-sparc 0.6-6 267.30 OK
r-patched-solaris-x86 0.6-6 67.20 OK
r-release-linux-ix86 0.6-6 1.55 31.03 32.58 OK
r-release-linux-x86_64 0.6-6 1.16 20.70 21.86 OK
r-release-osx-x86_64-mavericks 0.6-6 OK
r-release-osx-x86_64-snowleopard 0.6-6 OK
r-release-windows-ix86+x86_64 0.6-6 6.00 34.00 40.00 OK
r-oldrel-windows-ix86+x86_64 0.6-6 5.00 39.00 44.00 OK

Check Details

Version: 0.6-6
Check: DESCRIPTION meta-information
Result: NOTE
    Malformed Title field: should not end in a period.
Flavors: r-devel-linux-x86_64-debian-clang, r-devel-linux-x86_64-debian-gcc, r-devel-linux-x86_64-fedora-clang, r-devel-linux-x86_64-fedora-gcc, r-devel-osx-x86_64-clang, r-devel-windows-ix86+x86_64

Version: 0.6-6
Check: S3 generic/method consistency
Result: NOTE
    Found the following apparent S3 methods exported but not registered:
     as.function.formula
    See section ‘Registering S3 methods’ in the ‘Writing R Extensions’
    manual.
Flavors: r-devel-linux-x86_64-debian-clang, r-devel-linux-x86_64-debian-gcc, r-devel-linux-x86_64-fedora-clang, r-devel-linux-x86_64-fedora-gcc, r-devel-osx-x86_64-clang