CRAN Package Check Results for Package gsubfn

Last updated on 2016-02-11 15:46:49.

Flavor Version Tinstall Tcheck Ttotal Status Flags
r-devel-linux-x86_64-debian-gcc 0.6-6 1.18 15.86 17.03 NOTE
r-devel-linux-x86_64-fedora-clang 0.6-6 28.80 NOTE
r-devel-linux-x86_64-fedora-gcc 0.6-6 27.50 NOTE
r-devel-osx-x86_64-clang 0.6-6 35.84 NOTE
r-devel-windows-ix86+x86_64 0.6-6 6.00 50.00 56.00 NOTE
r-patched-linux-x86_64 0.6-6 1.14 19.78 20.92 NOTE
r-patched-solaris-sparc 0.6-6 217.50 NOTE
r-patched-solaris-x86 0.6-6 50.60 NOTE
r-release-linux-x86_64 0.6-6 0.99 18.37 19.36 NOTE
r-release-osx-x86_64-mavericks 0.6-6 NOTE
r-release-windows-ix86+x86_64 0.6-6 6.00 32.00 38.00 NOTE
r-oldrel-windows-ix86+x86_64 0.6-6 7.00 35.00 42.00 OK

Check Details

Version: 0.6-6
Check: DESCRIPTION meta-information
Result: NOTE
    Malformed Title field: should not end in a period.
Flavors: r-devel-linux-x86_64-debian-gcc, r-devel-linux-x86_64-fedora-clang, r-devel-linux-x86_64-fedora-gcc, r-devel-osx-x86_64-clang, r-devel-windows-ix86+x86_64, r-patched-linux-x86_64, r-patched-solaris-sparc, r-patched-solaris-x86, r-release-linux-x86_64, r-release-osx-x86_64-mavericks, r-release-windows-ix86+x86_64

Version: 0.6-6
Check: S3 generic/method consistency
Result: NOTE
    Found the following apparent S3 methods exported but not registered:
     as.function.formula
    See section ‘Registering S3 methods’ in the ‘Writing R Extensions’
    manual.
Flavors: r-devel-linux-x86_64-debian-gcc, r-devel-linux-x86_64-fedora-clang, r-devel-linux-x86_64-fedora-gcc, r-devel-osx-x86_64-clang, r-patched-linux-x86_64, r-patched-solaris-sparc, r-patched-solaris-x86, r-release-linux-x86_64

Version: 0.6-6
Check: R code for possible problems
Result: NOTE
    read.pattern: no visible global function definition for ‘read.table’
    Undefined global functions or variables:
     read.table
    Consider adding
     importFrom("utils", "read.table")
    to your NAMESPACE file.
Flavors: r-devel-linux-x86_64-debian-gcc, r-devel-linux-x86_64-fedora-clang, r-devel-linux-x86_64-fedora-gcc, r-devel-osx-x86_64-clang, r-devel-windows-ix86+x86_64