CRAN Package Check Results for Package gsubfn

Last updated on 2015-07-04 14:50:17.

Flavor Version Tinstall Tcheck Ttotal Status Flags
r-devel-linux-x86_64-debian-clang 0.6-6 1.26 17.56 18.82 NOTE
r-devel-linux-x86_64-debian-gcc 0.6-6 1.02 17.75 18.77 NOTE
r-devel-linux-x86_64-fedora-clang 0.6-6 35.95 NOTE
r-devel-linux-x86_64-fedora-gcc 0.6-6 34.37 NOTE
r-devel-osx-x86_64-clang 0.6-6 39.02 NOTE
r-devel-windows-ix86+x86_64 0.6-6 7.00 29.00 36.00 NOTE
r-patched-linux-x86_64 0.6-6 0.96 18.08 19.04 NOTE
r-patched-solaris-sparc 0.6-6 241.50 NOTE
r-patched-solaris-x86 0.6-6 58.10 NOTE
r-release-linux-x86_64 0.6-6 1.04 18.60 19.64 NOTE
r-release-osx-x86_64-mavericks 0.6-6 NOTE
r-release-windows-ix86+x86_64 0.6-6 6.00 32.00 38.00 NOTE
r-oldrel-windows-ix86+x86_64 0.6-6 8.00 37.00 45.00 OK

Check Details

Version: 0.6-6
Check: DESCRIPTION meta-information
Result: NOTE
    Malformed Title field: should not end in a period.
Flavors: r-devel-linux-x86_64-debian-clang, r-devel-linux-x86_64-debian-gcc, r-devel-linux-x86_64-fedora-clang, r-devel-linux-x86_64-fedora-gcc, r-devel-osx-x86_64-clang, r-devel-windows-ix86+x86_64, r-patched-linux-x86_64, r-patched-solaris-sparc, r-patched-solaris-x86, r-release-linux-x86_64, r-release-osx-x86_64-mavericks, r-release-windows-ix86+x86_64

Version: 0.6-6
Check: S3 generic/method consistency
Result: NOTE
    Found the following apparent S3 methods exported but not registered:
     as.function.formula
    See section ‘Registering S3 methods’ in the ‘Writing R Extensions’
    manual.
Flavors: r-devel-linux-x86_64-debian-clang, r-devel-linux-x86_64-debian-gcc, r-devel-linux-x86_64-fedora-clang, r-devel-linux-x86_64-fedora-gcc, r-devel-osx-x86_64-clang, r-patched-linux-x86_64, r-patched-solaris-sparc, r-patched-solaris-x86, r-release-linux-x86_64

Version: 0.6-6
Check: R code for possible problems
Result: NOTE
    read.pattern: no visible global function definition for ‘read.table’
    Undefined global functions or variables:
     read.table
Flavors: r-devel-linux-x86_64-debian-clang, r-devel-linux-x86_64-debian-gcc, r-devel-linux-x86_64-fedora-clang, r-devel-linux-x86_64-fedora-gcc, r-devel-windows-ix86+x86_64