CRAN Package Check Results for Package gsubfn

Last updated on 2015-05-05 17:47:21.

Flavor Version Tinstall Tcheck Ttotal Status Flags
r-devel-linux-x86_64-debian-clang 0.6-6 0.99 18.96 19.95 NOTE
r-devel-linux-x86_64-debian-gcc 0.6-6 0.98 17.79 18.77 NOTE
r-devel-linux-x86_64-fedora-clang 0.6-6 37.66 NOTE
r-devel-linux-x86_64-fedora-gcc 0.6-6 35.77 NOTE
r-devel-osx-x86_64-clang 0.6-6 43.57 NOTE
r-devel-windows-ix86+x86_64 0.6-6 4.00 28.00 32.00 NOTE
r-patched-linux-x86_64 0.6-6 0.97 18.70 19.67 NOTE
r-patched-solaris-sparc 0.6-6 253.90 NOTE
r-patched-solaris-x86 0.6-6 60.40 NOTE
r-release-linux-x86_64 0.6-6 0.98 18.15 19.13 NOTE
r-release-osx-x86_64-mavericks 0.6-6 NOTE
r-release-osx-x86_64-snowleopard 0.6-6 WARN
r-release-windows-ix86+x86_64 0.6-6 3.00 40.00 43.00 NOTE
r-oldrel-windows-ix86+x86_64 0.6-6 4.00 47.00 51.00 OK

Check Details

Version: 0.6-6
Check: DESCRIPTION meta-information
Result: NOTE
    Malformed Title field: should not end in a period.
Flavors: r-devel-linux-x86_64-debian-clang, r-devel-linux-x86_64-debian-gcc, r-devel-linux-x86_64-fedora-clang, r-devel-linux-x86_64-fedora-gcc, r-devel-osx-x86_64-clang, r-devel-windows-ix86+x86_64, r-patched-linux-x86_64, r-patched-solaris-sparc, r-patched-solaris-x86, r-release-linux-x86_64, r-release-osx-x86_64-mavericks, r-release-osx-x86_64-snowleopard, r-release-windows-ix86+x86_64

Version: 0.6-6
Check: S3 generic/method consistency
Result: NOTE
    Found the following apparent S3 methods exported but not registered:
     as.function.formula
    See section ‘Registering S3 methods’ in the ‘Writing R Extensions’
    manual.
Flavors: r-devel-linux-x86_64-debian-clang, r-devel-linux-x86_64-debian-gcc, r-devel-linux-x86_64-fedora-clang, r-devel-linux-x86_64-fedora-gcc, r-devel-osx-x86_64-clang, r-patched-linux-x86_64, r-patched-solaris-x86, r-release-linux-x86_64

Version: 0.6-6
Check: package dependencies
Result: NOTE
    Packages suggested but not available for checking: ‘quantreg’ ‘zoo’
Flavor: r-release-osx-x86_64-snowleopard

Version: 0.6-6
Check: running R code from vignettes
Result: WARN
    Errors in running code in vignettes:
    when running code in ‘gsubfn.Rnw’
     ...
    An object of class "ooc"
    Slot "a":
    [1] 2
    
    
    > library(quantreg)
    
     When sourcing ‘gsubfn.R’:
    Error: there is no package called ‘quantreg’
    Execution halted
Flavor: r-release-osx-x86_64-snowleopard

Version: 0.6-6
Check: re-building of vignette outputs
Result: NOTE
    Error in re-building vignettes:
     ...
    Loading required package: proto
    Loading required package: survival
    
    Error: processing vignette 'gsubfn.Rnw' failed with diagnostics:
     chunk 22 (label = gsubfn-fn-quantreg-load)
    Error in library(quantreg) : there is no package called ‘quantreg’
    Execution halted
Flavor: r-release-osx-x86_64-snowleopard