CRAN Package Check Results for Package gsubfn

Last updated on 2015-04-01 08:50:05.

Flavor Version Tinstall Tcheck Ttotal Status Flags
r-devel-linux-x86_64-debian-clang 0.6-6 1.14 18.46 19.61 NOTE
r-devel-linux-x86_64-debian-gcc 0.6-6 1.46 17.76 19.21 NOTE
r-devel-linux-x86_64-fedora-clang 0.6-6 37.72 NOTE
r-devel-linux-x86_64-fedora-gcc 0.6-6 35.78 NOTE
r-devel-osx-x86_64-clang 0.6-6 48.20 NOTE
r-prerel-windows-ix86+x86_64 0.6-6 4.00 29.00 33.00 NOTE
r-prerel-linux-x86_64 0.6-6 0.96 18.30 19.26 NOTE
r-prerel-solaris-sparc 0.6-6 253.90 NOTE
r-prerel-solaris-x86 0.6-6 51.50 NOTE
r-release-linux-x86_64 0.6-6 1.11 20.71 21.82 OK
r-release-osx-x86_64-mavericks 0.6-6 OK
r-release-osx-x86_64-snowleopard 0.6-6 OK
r-release-windows-ix86+x86_64 0.6-6 5.00 34.00 39.00 OK
r-oldrel-windows-ix86+x86_64 0.6-6 6.00 38.00 44.00 OK

Check Details

Version: 0.6-6
Check: DESCRIPTION meta-information
Result: NOTE
    Malformed Title field: should not end in a period.
Flavors: r-devel-linux-x86_64-debian-clang, r-devel-linux-x86_64-debian-gcc, r-devel-linux-x86_64-fedora-clang, r-devel-linux-x86_64-fedora-gcc, r-devel-osx-x86_64-clang, r-prerel-windows-ix86+x86_64, r-prerel-linux-x86_64, r-prerel-solaris-sparc, r-prerel-solaris-x86

Version: 0.6-6
Check: S3 generic/method consistency
Result: NOTE
    Found the following apparent S3 methods exported but not registered:
     as.function.formula
    See section ‘Registering S3 methods’ in the ‘Writing R Extensions’
    manual.
Flavors: r-devel-linux-x86_64-debian-clang, r-devel-linux-x86_64-debian-gcc, r-devel-linux-x86_64-fedora-clang, r-devel-linux-x86_64-fedora-gcc, r-devel-osx-x86_64-clang, r-prerel-linux-x86_64