CRAN Package Check Results for Package gsubfn

Last updated on 2015-02-01 11:47:13.

Flavor Version Tinstall Tcheck Ttotal Status Flags
r-devel-linux-x86_64-debian-clang 0.6-6 1.00 18.29 19.28 NOTE
r-devel-linux-x86_64-debian-gcc 0.6-6 0.99 17.56 18.55 NOTE
r-devel-linux-x86_64-fedora-clang 0.6-6 42.55 NOTE
r-devel-linux-x86_64-fedora-gcc 0.6-6 35.48 NOTE
r-devel-osx-x86_64-clang 0.6-6 50.94 NOTE
r-devel-windows-ix86+x86_64 0.6-6 8.00 29.00 37.00 OK
r-patched-linux-x86_64 0.6-6 1.12 20.47 21.59 OK
r-patched-solaris-sparc 0.6-6 276.40 OK
r-patched-solaris-x86 0.6-6 67.60 OK
r-release-linux-ix86 0.6-6 1.58 31.06 32.64 OK
r-release-linux-x86_64 0.6-6 1.10 20.80 21.90 OK
r-release-osx-x86_64-mavericks 0.6-6 OK
r-release-osx-x86_64-snowleopard 0.6-6 OK
r-release-windows-ix86+x86_64 0.6-6 5.00 34.00 39.00 OK
r-oldrel-windows-ix86+x86_64 0.6-6 5.00 39.00 44.00 OK

Check Details

Version: 0.6-6
Check: S3 generic/method consistency
Result: NOTE
    Found the following apparent S3 methods exported but not registered:
     as.function.formula
    See section ‘Registering S3 methods’ in the ‘Writing R Extensions’
    manual.
Flavors: r-devel-linux-x86_64-debian-clang, r-devel-linux-x86_64-debian-gcc, r-devel-linux-x86_64-fedora-clang, r-devel-linux-x86_64-fedora-gcc, r-devel-osx-x86_64-clang