CRAN Package Check Results for Package gtable

Last updated on 2015-08-03 08:48:39.

Flavor Version Tinstall Tcheck Ttotal Status Flags
r-devel-linux-x86_64-debian-clang 0.1.2 0.81 13.10 13.91 NOTE
r-devel-linux-x86_64-debian-gcc 0.1.2 0.67 12.76 13.43 NOTE
r-devel-linux-x86_64-fedora-clang 0.1.2 24.94 NOTE
r-devel-linux-x86_64-fedora-gcc 0.1.2 23.47 NOTE
r-devel-osx-x86_64-clang 0.1.2 25.16 NOTE
r-devel-windows-ix86+x86_64 0.1.2 4.00 26.00 30.00 NOTE
r-patched-linux-x86_64 0.1.2 0.74 12.31 13.05 NOTE
r-patched-solaris-sparc 0.1.2 158.80 NOTE
r-patched-solaris-x86 0.1.2 37.30 NOTE
r-release-linux-x86_64 0.1.2 0.69 12.34 13.03 NOTE
r-release-osx-x86_64-mavericks 0.1.2 NOTE
r-release-windows-ix86+x86_64 0.1.2 6.00 23.00 29.00 NOTE
r-oldrel-windows-ix86+x86_64 0.1.2 6.00 35.00 41.00 OK

Check Details

Version: 0.1.2
Check: DESCRIPTION meta-information
Result: NOTE
    Malformed Title field: should not end in a period.
Flavors: r-devel-linux-x86_64-debian-clang, r-devel-linux-x86_64-debian-gcc, r-devel-linux-x86_64-fedora-clang, r-devel-linux-x86_64-fedora-gcc, r-devel-osx-x86_64-clang, r-devel-windows-ix86+x86_64, r-patched-linux-x86_64, r-patched-solaris-sparc, r-patched-solaris-x86, r-release-linux-x86_64, r-release-osx-x86_64-mavericks, r-release-windows-ix86+x86_64

Version: 0.1.2
Check: R code for possible problems
Result: NOTE
    [.gtable: no visible global function definition for ‘setNames’
    Undefined global functions or variables:
     setNames
    Consider adding
     importFrom("stats", "setNames")
    to your NAMESPACE.
Flavors: r-devel-linux-x86_64-debian-clang, r-devel-linux-x86_64-debian-gcc, r-devel-linux-x86_64-fedora-clang, r-devel-linux-x86_64-fedora-gcc, r-devel-windows-ix86+x86_64