CRAN Package Check Results for Package gtable

Last updated on 2015-05-04 17:47:31.

Flavor Version Tinstall Tcheck Ttotal Status Flags
r-devel-linux-x86_64-debian-clang 0.1.2 0.70 12.24 12.94 NOTE
r-devel-linux-x86_64-debian-gcc 0.1.2 0.92 12.48 13.40 NOTE
r-devel-linux-x86_64-fedora-clang 0.1.2 26.08 NOTE
r-devel-linux-x86_64-fedora-gcc 0.1.2 23.70 NOTE
r-devel-osx-x86_64-clang 0.1.2 29.98 NOTE
r-devel-windows-ix86+x86_64 0.1.2 4.00 22.00 26.00 NOTE
r-patched-linux-x86_64 0.1.2 0.78 12.56 13.34 NOTE
r-patched-solaris-sparc 0.1.2 173.80 NOTE
r-patched-solaris-x86 0.1.2 38.40 NOTE
r-release-linux-x86_64 0.1.2 1.13 12.39 13.52 NOTE
r-release-osx-x86_64-mavericks 0.1.2 NOTE
r-release-osx-x86_64-snowleopard 0.1.2 NOTE
r-release-windows-ix86+x86_64 0.1.2 4.00 21.00 25.00 NOTE
r-oldrel-windows-ix86+x86_64 0.1.2 2.00 21.00 23.00 OK

Check Details

Version: 0.1.2
Check: DESCRIPTION meta-information
Result: NOTE
    Malformed Title field: should not end in a period.
Flavors: r-devel-linux-x86_64-debian-clang, r-devel-linux-x86_64-debian-gcc, r-devel-linux-x86_64-fedora-clang, r-devel-linux-x86_64-fedora-gcc, r-devel-osx-x86_64-clang, r-devel-windows-ix86+x86_64, r-patched-linux-x86_64, r-patched-solaris-sparc, r-patched-solaris-x86, r-release-linux-x86_64, r-release-osx-x86_64-mavericks, r-release-osx-x86_64-snowleopard, r-release-windows-ix86+x86_64