CRAN Package Check Results for Package gtable

Last updated on 2021-12-02 06:49:08 CET.

Flavor Version Tinstall Tcheck Ttotal Status Flags
r-devel-linux-x86_64-debian-clang 0.3.0 2.78 69.31 72.09 OK
r-devel-linux-x86_64-debian-gcc 0.3.0 2.31 48.42 50.73 OK
r-devel-linux-x86_64-fedora-clang 0.3.0 93.25 OK
r-devel-linux-x86_64-fedora-gcc 0.3.0 84.25 OK
r-devel-windows-x86_64-new-UL 0.3.0 14.00 125.00 139.00 OK
r-devel-windows-x86_64-new-TK 0.3.0 OK
r-devel-windows-x86_64-old 0.3.0 8.00 62.00 70.00 OK
r-patched-linux-x86_64 0.3.0 2.28 61.04 63.32 OK
r-patched-solaris-x86 0.3.0 56.70 OK
r-release-linux-x86_64 0.3.0 2.45 62.40 64.85 OK
r-release-macos-arm64 0.3.0 OK
r-release-macos-x86_64 0.3.0 WARN
r-release-windows-ix86+x86_64 0.3.0 8.00 83.00 91.00 OK
r-oldrel-macos-x86_64 0.3.0 WARN
r-oldrel-windows-ix86+x86_64 0.3.0 27.00 82.00 109.00 OK

Check Details

Version: 0.3.0
Check: re-building of vignette outputs
Result: WARN
    Error(s) in re-building vignettes:
     ...
    --- re-building ‘profiling.Rmd’ using rmarkdown
    Warning in engine$weave(file, quiet = quiet, encoding = enc) :
     Pandoc (>= 1.12.3) not available. Falling back to R Markdown v1.
    Quitting from lines 22-34 (profiling.Rmd)
    Error: processing vignette 'profiling.Rmd' failed with diagnostics:
    invalid 'path' argument
    --- failed re-building ‘profiling.Rmd’
    
    SUMMARY: processing the following file failed:
     ‘profiling.Rmd’
    
    Error: Vignette re-building failed.
    Execution halted
Flavor: r-release-macos-x86_64

Version: 0.3.0
Check: re-building of vignette outputs
Result: WARN
    Error(s) in re-building vignettes:
     ...
    --- re-building ‘profiling.Rmd’ using rmarkdown
    Warning in engine$weave(file, quiet = quiet, encoding = enc) :
     Pandoc (>= 1.12.3) and/or pandoc-citeproc not available. Falling back to R Markdown v1.
    Quitting from lines 22-34 (profiling.Rmd)
    Error: processing vignette 'profiling.Rmd' failed with diagnostics:
    cannot open the connection
    --- failed re-building ‘profiling.Rmd’
    
    SUMMARY: processing the following file failed:
     ‘profiling.Rmd’
    
    Error: Vignette re-building failed.
    Execution halted
Flavor: r-oldrel-macos-x86_64