CRAN Package Check Results for Package gtable

Last updated on 2015-04-01 08:50:05.

Flavor Version Tinstall Tcheck Ttotal Status Flags
r-devel-linux-x86_64-debian-clang 0.1.2 0.88 13.01 13.89 NOTE
r-devel-linux-x86_64-debian-gcc 0.1.2 0.74 12.18 12.91 NOTE
r-devel-linux-x86_64-fedora-clang 0.1.2 24.95 NOTE
r-devel-linux-x86_64-fedora-gcc 0.1.2 23.67 NOTE
r-devel-osx-x86_64-clang 0.1.2 33.73 NOTE
r-prerel-windows-ix86+x86_64 0.1.2 5.00 21.00 26.00 NOTE
r-prerel-linux-x86_64 0.1.2 0.97 12.21 13.18 NOTE
r-prerel-solaris-sparc 0.1.2 173.80 NOTE
r-prerel-solaris-x86 0.1.2 36.70 NOTE
r-release-linux-x86_64 0.1.2 0.74 13.53 14.28 OK
r-release-osx-x86_64-mavericks 0.1.2 OK
r-release-windows-ix86+x86_64 0.1.2 3.00 24.00 27.00 OK
r-oldrel-windows-ix86+x86_64 0.1.2 3.00 25.00 28.00 OK

Check Details

Version: 0.1.2
Check: DESCRIPTION meta-information
Result: NOTE
    Malformed Title field: should not end in a period.
Flavors: r-devel-linux-x86_64-debian-clang, r-devel-linux-x86_64-debian-gcc, r-devel-linux-x86_64-fedora-clang, r-devel-linux-x86_64-fedora-gcc, r-devel-osx-x86_64-clang, r-prerel-windows-ix86+x86_64, r-prerel-linux-x86_64, r-prerel-solaris-sparc, r-prerel-solaris-x86