CRAN Package Check Results for Package gtable

Last updated on 2015-07-05 03:47:27.

Flavor Version Tinstall Tcheck Ttotal Status Flags
r-devel-linux-x86_64-debian-clang 0.1.2 0.66 12.76 13.42 NOTE
r-devel-linux-x86_64-debian-gcc 0.1.2 0.67 11.92 12.59 NOTE
r-devel-linux-x86_64-fedora-clang 0.1.2 23.75 NOTE
r-devel-linux-x86_64-fedora-gcc 0.1.2 22.90 NOTE
r-devel-osx-x86_64-clang 0.1.2 24.74 NOTE
r-devel-windows-ix86+x86_64 0.1.2 5.00 34.00 39.00 NOTE
r-patched-linux-x86_64 0.1.2 0.70 12.36 13.06 NOTE
r-patched-solaris-sparc 0.1.2 163.70 NOTE
r-patched-solaris-x86 0.1.2 37.70 NOTE
r-release-linux-x86_64 0.1.2 1.02 12.38 13.40 NOTE
r-release-osx-x86_64-mavericks 0.1.2 NOTE
r-release-windows-ix86+x86_64 0.1.2 5.00 24.00 29.00 NOTE
r-oldrel-windows-ix86+x86_64 0.1.2 6.00 22.00 28.00 OK

Check Details

Version: 0.1.2
Check: DESCRIPTION meta-information
Result: NOTE
    Malformed Title field: should not end in a period.
Flavors: r-devel-linux-x86_64-debian-clang, r-devel-linux-x86_64-debian-gcc, r-devel-linux-x86_64-fedora-clang, r-devel-linux-x86_64-fedora-gcc, r-devel-osx-x86_64-clang, r-devel-windows-ix86+x86_64, r-patched-linux-x86_64, r-patched-solaris-sparc, r-patched-solaris-x86, r-release-linux-x86_64, r-release-osx-x86_64-mavericks, r-release-windows-ix86+x86_64

Version: 0.1.2
Check: R code for possible problems
Result: NOTE
    [.gtable: no visible global function definition for ‘setNames’
    Undefined global functions or variables:
     setNames
Flavors: r-devel-linux-x86_64-debian-clang, r-devel-linux-x86_64-debian-gcc, r-devel-linux-x86_64-fedora-clang, r-devel-linux-x86_64-fedora-gcc, r-devel-windows-ix86+x86_64