CRAN Package Check Results for Package gte

Last updated on 2014-12-20 03:49:32.

Flavor Version Tinstall Tcheck Ttotal Status Flags
r-devel-linux-x86_64-debian-clang 1.2-1 0.90 13.16 14.06 NOTE
r-devel-linux-x86_64-debian-gcc 1.2-1 0.87 13.14 14.01 NOTE
r-devel-linux-x86_64-fedora-clang 1.2-1 27.62 NOTE
r-devel-linux-x86_64-fedora-gcc 1.2-1 24.67 NOTE
r-devel-osx-x86_64-clang 1.2-1 28.42 NOTE
r-devel-windows-ix86+x86_64 1.2-1 5.00 29.00 34.00 NOTE
r-patched-linux-x86_64 1.2-1 1.00 12.24 13.24 NOTE
r-patched-solaris-sparc 1.2-1 169.30 NOTE
r-patched-solaris-x86 1.2-1 39.00 NOTE
r-release-linux-ix86 1.2-1 1.30 18.34 19.64 NOTE
r-release-linux-x86_64 1.2-1 0.94 12.56 13.50 NOTE
r-release-osx-x86_64-mavericks 1.2-1 NOTE
r-release-osx-x86_64-snowleopard 1.2-1 NOTE
r-release-windows-ix86+x86_64 1.2-1 5.00 28.00 33.00 NOTE
r-oldrel-windows-ix86+x86_64 1.2-1 5.00 29.00 34.00 OK

Check Details

Version: 1.2-1
Check: R code for possible problems
Result: NOTE
    gte: no visible global function definition for ‘is.Surv’
Flavors: r-devel-linux-x86_64-debian-clang, r-devel-linux-x86_64-debian-gcc, r-devel-linux-x86_64-fedora-clang, r-devel-linux-x86_64-fedora-gcc, r-devel-osx-x86_64-clang, r-devel-windows-ix86+x86_64, r-patched-linux-x86_64, r-patched-solaris-sparc, r-patched-solaris-x86, r-release-linux-ix86, r-release-linux-x86_64, r-release-windows-ix86+x86_64

Version: 1.2-1
Check: package dependencies
Result: NOTE
    Package suggested but not available for checking: ‘interval’
Flavors: r-release-osx-x86_64-mavericks, r-release-osx-x86_64-snowleopard