CRAN Package Check Results for Package gte

Last updated on 2015-04-19 11:51:09.

Flavor Version Tinstall Tcheck Ttotal Status Flags
r-devel-linux-x86_64-debian-clang 1.2-2 0.86 11.53 12.40 OK
r-devel-linux-x86_64-debian-gcc 1.2-2 0.81 11.43 12.24 OK
r-devel-linux-x86_64-fedora-clang 1.2-2 23.19 OK
r-devel-linux-x86_64-fedora-gcc 1.2-2 20.95 OK
r-devel-osx-x86_64-clang 1.2-2 25.45 OK
r-devel-windows-ix86+x86_64 1.2-2 6.00 24.00 30.00 OK
r-patched-linux-x86_64 1.2-2 0.82 11.45 12.27 OK
r-patched-solaris-sparc 1.2-2 168.40 OK
r-patched-solaris-x86 1.2-2 33.40 OK
r-release-linux-x86_64 1.2-2 0.82 11.21 12.03 OK
r-release-osx-x86_64-mavericks 1.2-2 OK
r-release-osx-x86_64-snowleopard 1.2-2 NOTE
r-release-windows-ix86+x86_64 1.2-2 3.00 22.00 25.00 OK
r-oldrel-windows-ix86+x86_64 1.2-2 5.00 33.00 38.00 OK

Check Details

Version: 1.2-2
Check: package dependencies
Result: NOTE
    Package suggested but not available for checking: ‘interval’
Flavor: r-release-osx-x86_64-snowleopard