CRAN Package Check Results for Package gte

Last updated on 2014-07-22 15:51:51.

Flavor Version Tinstall Tcheck Ttotal Status Flags
r-devel-linux-x86_64-debian-clang 1.2-1 0.86 12.58 13.44 OK
r-devel-linux-x86_64-debian-gcc 1.2-1 0.84 12.30 13.14 OK
r-devel-linux-x86_64-fedora-clang 1.2-1 27.01 OK
r-devel-linux-x86_64-fedora-gcc 1.2-1 25.06 OK
r-devel-osx-x86_64-clang 1.2-1 28.16 OK
r-devel-windows-ix86+x86_64 1.2-1 4.00 28.00 32.00 OK
r-patched-linux-x86_64 1.2-1 0.90 11.83 12.73 OK
r-patched-solaris-sparc 1.2-1 159.70 OK
r-patched-solaris-x86 1.2-1 36.40 OK
r-release-linux-ix86 1.2-1 1.32 18.76 20.08 OK
r-release-linux-x86_64 1.2-1 0.88 11.97 12.86 OK
r-release-osx-x86_64-mavericks 1.2-1 NOTE
r-release-osx-x86_64-snowleopard 1.2-1 NOTE
r-release-windows-ix86+x86_64 1.2-1 5.00 26.00 31.00 OK
r-oldrel-windows-ix86+x86_64 1.2-1 5.00 27.00 32.00 OK

Check Details

Version: 1.2-1
Check: package dependencies
Result: NOTE
    Package suggested but not available for checking: ‘interval’
Flavors: r-release-osx-x86_64-mavericks, r-release-osx-x86_64-snowleopard