CRAN Package Check Results for Package gte

Last updated on 2016-05-24 07:47:13.

Flavor Version Tinstall Tcheck Ttotal Status Flags
r-devel-linux-x86_64-debian-gcc 1.2-2 2.73 30.19 32.92 NOTE
r-devel-linux-x86_64-fedora-clang 1.2-2 66.36 NOTE
r-devel-linux-x86_64-fedora-gcc 1.2-2 60.56 NOTE
r-devel-osx-x86_64-clang 1.2-2 66.65 NOTE
r-devel-windows-ix86+x86_64 1.2-2 9.00 71.00 80.00 NOTE
r-patched-linux-x86_64 1.2-2 2.67 29.80 32.47 NOTE
r-patched-solaris-sparc 1.2-2 396.50 NOTE
r-patched-solaris-x86 1.2-2 89.10 NOTE
r-release-linux-x86_64 1.2-2 2.79 29.46 32.24 NOTE
r-release-osx-x86_64-mavericks 1.2-2 NOTE
r-release-windows-ix86+x86_64 1.2-2 9.00 71.00 80.00 NOTE
r-oldrel-windows-ix86+x86_64 1.2-2 14.00 85.00 99.00 OK

Check Details

Version: 1.2-2
Check: R code for possible problems
Result: NOTE
    gte: no visible global function definition for ‘model.extract’
    gte: no visible global function definition for ‘model.matrix’
    gte: no visible binding for global variable ‘sd’
    gte: no visible global function definition for ‘dnorm’
    plot.gte: no visible global function definition for ‘plot’
    plot.gte: no visible global function definition for ‘par’
    plot.gte: no visible global function definition for ‘polygon’
    plot.gte: no visible global function definition for ‘gray’
    plot.gte: no visible global function definition for ‘lines’
    plot.gte: no visible global function definition for ‘legend’
    Undefined global functions or variables:
     dnorm gray legend lines model.extract model.matrix par plot polygon
     sd
    Consider adding
     importFrom("grDevices", "gray")
     importFrom("graphics", "legend", "lines", "par", "plot", "polygon")
     importFrom("stats", "dnorm", "model.extract", "model.matrix", "sd")
    to your NAMESPACE file.
Flavors: r-devel-linux-x86_64-debian-gcc, r-devel-linux-x86_64-fedora-clang, r-devel-linux-x86_64-fedora-gcc, r-devel-osx-x86_64-clang, r-devel-windows-ix86+x86_64, r-patched-linux-x86_64, r-patched-solaris-sparc, r-patched-solaris-x86, r-release-linux-x86_64, r-release-osx-x86_64-mavericks, r-release-windows-ix86+x86_64