CRAN Package Check Results for Package gte

Last updated on 2014-10-31 05:47:20.

Flavor Version Tinstall Tcheck Ttotal Status Flags
r-devel-linux-x86_64-debian-clang 1.2-1 0.97 12.23 13.20 NOTE
r-devel-linux-x86_64-debian-gcc 1.2-1 0.89 12.12 13.01 NOTE
r-devel-linux-x86_64-fedora-clang 1.2-1 26.28 NOTE
r-devel-linux-x86_64-fedora-gcc 1.2-1 24.30 NOTE
r-devel-osx-x86_64-clang 1.2-1 28.52 NOTE
r-devel-windows-ix86+x86_64 1.2-1 5.00 26.00 31.00 NOTE
r-patched-linux-x86_64 1.2-1 0.95 12.31 13.26 NOTE
r-patched-solaris-sparc 1.2-1 169.30 NOTE
r-patched-solaris-x86 1.2-1 38.20 NOTE
r-release-linux-ix86 1.2-1 1.34 19.15 20.49 OK
r-release-linux-x86_64 1.2-1 0.91 12.81 13.72 OK
r-release-osx-x86_64-mavericks 1.2-1 NOTE
r-release-osx-x86_64-snowleopard 1.2-1 NOTE
r-release-windows-ix86+x86_64 1.2-1 5.00 28.00 33.00 OK
r-oldrel-windows-ix86+x86_64 1.2-1 6.00 28.00 34.00 OK

Check Details

Version: 1.2-1
Check: R code for possible problems
Result: NOTE
    gte: no visible global function definition for ‘is.Surv’
Flavors: r-devel-linux-x86_64-debian-clang, r-devel-linux-x86_64-debian-gcc, r-devel-linux-x86_64-fedora-clang, r-devel-linux-x86_64-fedora-gcc, r-devel-osx-x86_64-clang, r-devel-windows-ix86+x86_64, r-patched-linux-x86_64, r-patched-solaris-sparc, r-patched-solaris-x86

Version: 1.2-1
Check: package dependencies
Result: NOTE
    Package suggested but not available for checking: ‘interval’
Flavors: r-release-osx-x86_64-mavericks, r-release-osx-x86_64-snowleopard