CRAN Package Check Results for Package gte

Last updated on 2014-04-17 10:47:49.

Flavor Version Tinstall Tcheck Ttotal Status Flags
r-devel-linux-x86_64-debian-clang 1.2-1 0.97 12.80 13.76 OK
r-devel-linux-x86_64-debian-gcc 1.2-1 0.92 12.69 13.60 OK
r-devel-linux-x86_64-fedora-clang 1.2-1 26.43 OK
r-devel-linux-x86_64-fedora-gcc 1.2-1 23.80 OK
r-devel-macosx-x86_64-clang 1.2-1 28.93 OK
r-devel-macosx-x86_64-gcc 1.2-1 NOTE
r-devel-windows-ix86+x86_64 1.2-1 4.00 26.00 30.00 OK
r-patched-linux-x86_64 1.2-1 0.92 12.40 13.32 OK
r-patched-solaris-sparc 1.2-1 159.70 OK
r-patched-solaris-x86 1.2-1 37.30 OK
r-release-linux-ix86 1.2-1 3.00 26.00 29.00 OK
r-release-linux-x86_64 1.2-1 0.90 12.22 13.12 OK
r-release-macosx-x86_64 1.2-1 NOTE
r-release-windows-ix86+x86_64 1.2-1 4.00 28.00 32.00 OK
r-oldrel-windows-ix86+x86_64 1.2-1 5.00 30.00 35.00 OK

Check Details

Version: 1.2-1
Check: package dependencies
Result: NOTE
    Package suggested but not available for checking: ‘interval’
Flavors: r-devel-macosx-x86_64-gcc, r-release-macosx-x86_64