CRAN Package Check Results for Package gte

Last updated on 2015-07-06 14:48:37.

Flavor Version Tinstall Tcheck Ttotal Status Flags
r-devel-linux-x86_64-debian-clang 1.2-2 0.79 12.11 12.90 NOTE
r-devel-linux-x86_64-debian-gcc 1.2-2 0.80 11.45 12.24 NOTE
r-devel-linux-x86_64-fedora-clang 1.2-2 23.95 NOTE
r-devel-linux-x86_64-fedora-gcc 1.2-2 21.62 NOTE
r-devel-osx-x86_64-clang 1.2-2 23.42 OK
r-devel-windows-ix86+x86_64 1.2-2 7.00 27.00 34.00 NOTE
r-patched-linux-x86_64 1.2-2 0.82 11.63 12.45 OK
r-patched-solaris-sparc 1.2-2 166.10 OK
r-patched-solaris-x86 1.2-2 37.30 OK
r-release-linux-x86_64 1.2-2 0.86 11.66 12.52 OK
r-release-osx-x86_64-mavericks 1.2-2 OK
r-release-windows-ix86+x86_64 1.2-2 8.00 28.00 36.00 OK
r-oldrel-windows-ix86+x86_64 1.2-2 9.00 31.00 40.00 OK

Check Details

Version: 1.2-2
Check: R code for possible problems
Result: NOTE
    gte: no visible global function definition for ‘model.extract’
    gte: no visible global function definition for ‘model.matrix’
    gte: no visible binding for global variable ‘sd’
    gte: no visible global function definition for ‘dnorm’
    plot.gte: no visible global function definition for ‘plot’
    plot.gte: no visible global function definition for ‘par’
    plot.gte: no visible global function definition for ‘polygon’
    plot.gte: no visible global function definition for ‘gray’
    plot.gte: no visible global function definition for ‘lines’
    plot.gte: no visible global function definition for ‘legend’
    Undefined global functions or variables:
     dnorm gray legend lines model.extract model.matrix par plot polygon
     sd
Flavors: r-devel-linux-x86_64-debian-clang, r-devel-linux-x86_64-debian-gcc, r-devel-linux-x86_64-fedora-clang, r-devel-linux-x86_64-fedora-gcc, r-devel-windows-ix86+x86_64