CRAN Package Check Results for Package gte

Last updated on 2016-08-26 21:47:13.

Flavor Version Tinstall Tcheck Ttotal Status Flags
r-devel-linux-x86_64-debian-clang 1.2-2 2.84 30.31 33.15 NOTE
r-devel-linux-x86_64-debian-gcc 1.2-2 3.86 38.89 42.76 NOTE
r-devel-linux-x86_64-fedora-clang 1.2-2 67.60 NOTE
r-devel-linux-x86_64-fedora-gcc 1.2-2 62.77 NOTE
r-devel-osx-x86_64-clang 1.2-2 51.27 NOTE
r-devel-windows-ix86+x86_64 1.2-2 11.00 72.00 83.00 NOTE
r-patched-linux-x86_64 1.2-2 2.82 29.95 32.77 NOTE
r-patched-solaris-sparc 1.2-2 396.20 NOTE
r-patched-solaris-x86 1.2-2 88.20 NOTE
r-release-linux-x86_64 1.2-2 2.90 29.97 32.87 NOTE
r-release-osx-x86_64-mavericks 1.2-2 NOTE
r-release-windows-ix86+x86_64 1.2-2 13.00 77.00 90.00 NOTE
r-oldrel-windows-ix86+x86_64 1.2-2 9.00 95.00 104.00 OK

Check Details

Version: 1.2-2
Check: R code for possible problems
Result: NOTE
    gte: no visible global function definition for ‘model.extract’
    gte: no visible global function definition for ‘model.matrix’
    gte: no visible binding for global variable ‘sd’
    gte: no visible global function definition for ‘dnorm’
    plot.gte: no visible global function definition for ‘plot’
    plot.gte: no visible global function definition for ‘par’
    plot.gte: no visible global function definition for ‘polygon’
    plot.gte: no visible global function definition for ‘gray’
    plot.gte: no visible global function definition for ‘lines’
    plot.gte: no visible global function definition for ‘legend’
    Undefined global functions or variables:
     dnorm gray legend lines model.extract model.matrix par plot polygon
     sd
    Consider adding
     importFrom("grDevices", "gray")
     importFrom("graphics", "legend", "lines", "par", "plot", "polygon")
     importFrom("stats", "dnorm", "model.extract", "model.matrix", "sd")
    to your NAMESPACE file.
Flavors: r-devel-linux-x86_64-debian-clang, r-devel-linux-x86_64-debian-gcc, r-devel-linux-x86_64-fedora-clang, r-devel-linux-x86_64-fedora-gcc, r-devel-osx-x86_64-clang, r-devel-windows-ix86+x86_64, r-patched-linux-x86_64, r-patched-solaris-sparc, r-patched-solaris-x86, r-release-linux-x86_64, r-release-osx-x86_64-mavericks, r-release-windows-ix86+x86_64