CRAN Package Check Results for Package gte

Last updated on 2015-08-03 03:47:43.

Flavor Version Tinstall Tcheck Ttotal Status Flags
r-devel-linux-x86_64-debian-clang 1.2-2 0.84 12.94 13.77 NOTE
r-devel-linux-x86_64-debian-gcc 1.2-2 0.80 12.09 12.88 NOTE
r-devel-linux-x86_64-fedora-clang 1.2-2 24.75 NOTE
r-devel-linux-x86_64-fedora-gcc 1.2-2 22.75 NOTE
r-devel-osx-x86_64-clang 1.2-2 23.36 OK
r-devel-windows-ix86+x86_64 1.2-2 5.00 30.00 35.00 NOTE
r-patched-linux-x86_64 1.2-2 0.82 11.96 12.79 OK
r-patched-solaris-sparc 1.2-2 170.20 OK
r-patched-solaris-x86 1.2-2 37.30 OK
r-release-linux-x86_64 1.2-2 0.82 12.21 13.03 OK
r-release-osx-x86_64-mavericks 1.2-2 OK
r-release-windows-ix86+x86_64 1.2-2 9.00 43.00 52.00 OK
r-oldrel-windows-ix86+x86_64 1.2-2 9.00 33.00 42.00 OK

Check Details

Version: 1.2-2
Check: R code for possible problems
Result: NOTE
    gte: no visible global function definition for ‘model.extract’
    gte: no visible global function definition for ‘model.matrix’
    gte: no visible binding for global variable ‘sd’
    gte: no visible global function definition for ‘dnorm’
    plot.gte: no visible global function definition for ‘plot’
    plot.gte: no visible global function definition for ‘par’
    plot.gte: no visible global function definition for ‘polygon’
    plot.gte: no visible global function definition for ‘gray’
    plot.gte: no visible global function definition for ‘lines’
    plot.gte: no visible global function definition for ‘legend’
    Undefined global functions or variables:
     dnorm gray legend lines model.extract model.matrix par plot polygon
     sd
    Consider adding
     importFrom("grDevices", "gray")
     importFrom("graphics", "legend", "lines", "par", "plot", "polygon")
     importFrom("stats", "dnorm", "model.extract", "model.matrix", "sd")
    to your NAMESPACE.
Flavors: r-devel-linux-x86_64-debian-clang, r-devel-linux-x86_64-debian-gcc, r-devel-linux-x86_64-fedora-clang, r-devel-linux-x86_64-fedora-gcc, r-devel-windows-ix86+x86_64