CRAN Package Check Results for Package gte

Last updated on 2016-02-11 03:47:08.

Flavor Version Tinstall Tcheck Ttotal Status Flags
r-devel-linux-x86_64-debian-gcc 1.2-2 0.88 10.89 11.77 NOTE
r-devel-linux-x86_64-fedora-clang 1.2-2 21.50 NOTE
r-devel-linux-x86_64-fedora-gcc 1.2-2 19.94 NOTE
r-devel-osx-x86_64-clang 1.2-2 25.48 NOTE
r-devel-windows-ix86+x86_64 1.2-2 9.00 32.00 41.00 NOTE
r-patched-linux-x86_64 1.2-2 0.92 11.65 12.57 OK
r-patched-solaris-sparc 1.2-2 154.10 OK
r-patched-solaris-x86 1.2-2 31.00 OK
r-release-linux-x86_64 1.2-2 0.98 11.36 12.34 OK
r-release-osx-x86_64-mavericks 1.2-2 OK
r-release-windows-ix86+x86_64 1.2-2 6.00 27.00 33.00 OK
r-oldrel-windows-ix86+x86_64 1.2-2 7.00 34.00 41.00 OK

Check Details

Version: 1.2-2
Check: R code for possible problems
Result: NOTE
    gte: no visible global function definition for ‘model.extract’
    gte: no visible global function definition for ‘model.matrix’
    gte: no visible binding for global variable ‘sd’
    gte: no visible global function definition for ‘dnorm’
    plot.gte: no visible global function definition for ‘plot’
    plot.gte: no visible global function definition for ‘par’
    plot.gte: no visible global function definition for ‘polygon’
    plot.gte: no visible global function definition for ‘gray’
    plot.gte: no visible global function definition for ‘lines’
    plot.gte: no visible global function definition for ‘legend’
    Undefined global functions or variables:
     dnorm gray legend lines model.extract model.matrix par plot polygon
     sd
    Consider adding
     importFrom("grDevices", "gray")
     importFrom("graphics", "legend", "lines", "par", "plot", "polygon")
     importFrom("stats", "dnorm", "model.extract", "model.matrix", "sd")
    to your NAMESPACE file.
Flavors: r-devel-linux-x86_64-debian-gcc, r-devel-linux-x86_64-fedora-clang, r-devel-linux-x86_64-fedora-gcc, r-devel-osx-x86_64-clang, r-devel-windows-ix86+x86_64