CRAN Package Check Results for Package gte

Last updated on 2020-05-28 17:50:07 CEST.

Flavor Version Tinstall Tcheck Ttotal Status Flags
r-devel-linux-x86_64-debian-clang 1.2-2 7.37 57.22 64.59 NOTE
r-devel-linux-x86_64-debian-gcc 1.2-2 6.46 45.56 52.02 NOTE
r-devel-linux-x86_64-fedora-clang 1.2-2 79.45 NOTE
r-devel-linux-x86_64-fedora-gcc 1.2-2 78.21 NOTE
r-devel-windows-ix86+x86_64 1.2-2 23.00 94.00 117.00 NOTE
r-patched-linux-x86_64 1.2-2 8.58 57.90 66.48 NOTE
r-patched-solaris-x86 1.2-2 120.20 NOTE
r-release-linux-x86_64 1.2-2 7.38 58.91 66.29 NOTE
r-release-osx-x86_64 1.2-2 NOTE
r-release-windows-ix86+x86_64 1.2-2 14.00 116.00 130.00 NOTE
r-oldrel-osx-x86_64 1.2-2 NOTE
r-oldrel-windows-ix86+x86_64 1.2-2 15.00 92.00 107.00 NOTE

Check Details

Version: 1.2-2
Check: R code for possible problems
Result: NOTE
    gte: no visible global function definition for 'model.extract'
    gte: no visible global function definition for 'model.matrix'
    gte: no visible binding for global variable 'sd'
    gte: no visible global function definition for 'dnorm'
    plot.gte: no visible global function definition for 'par'
    plot.gte: no visible global function definition for 'polygon'
    plot.gte: no visible global function definition for 'gray'
    plot.gte: no visible global function definition for 'lines'
    plot.gte: no visible global function definition for 'legend'
    Undefined global functions or variables:
     dnorm gray legend lines model.extract model.matrix par polygon sd
    Consider adding
     importFrom("grDevices", "gray")
     importFrom("graphics", "legend", "lines", "par", "polygon")
     importFrom("stats", "dnorm", "model.extract", "model.matrix", "sd")
    to your NAMESPACE file.
Flavors: r-devel-linux-x86_64-debian-clang, r-devel-linux-x86_64-debian-gcc, r-devel-linux-x86_64-fedora-clang, r-devel-linux-x86_64-fedora-gcc, r-devel-windows-ix86+x86_64, r-patched-linux-x86_64, r-patched-solaris-x86, r-release-linux-x86_64, r-release-osx-x86_64, r-release-windows-ix86+x86_64

Version: 1.2-2
Check: compiled code
Result: NOTE
    File ‘gte/libs/gte.so’:
     Found no calls to: ‘R_registerRoutines’, ‘R_useDynamicSymbols’
    
    It is good practice to register native routines and to disable symbol
    search.
    
    See ‘Writing portable packages’ in the ‘Writing R Extensions’ manual.
Flavors: r-devel-linux-x86_64-fedora-clang, r-devel-linux-x86_64-fedora-gcc

Version: 1.2-2
Check: package dependencies
Result: NOTE
    Package suggested but not available for checking: ‘interval’
Flavor: r-oldrel-osx-x86_64

Version: 1.2-2
Check: R code for possible problems
Result: NOTE
    gte: no visible global function definition for ‘model.extract’
    gte: no visible global function definition for ‘model.matrix’
    gte: no visible binding for global variable ‘sd’
    gte: no visible global function definition for ‘dnorm’
    plot.gte: no visible global function definition for ‘plot’
    plot.gte: no visible global function definition for ‘par’
    plot.gte: no visible global function definition for ‘polygon’
    plot.gte: no visible global function definition for ‘gray’
    plot.gte: no visible global function definition for ‘lines’
    plot.gte: no visible global function definition for ‘legend’
    Undefined global functions or variables:
     dnorm gray legend lines model.extract model.matrix par plot polygon
     sd
    Consider adding
     importFrom("grDevices", "gray")
     importFrom("graphics", "legend", "lines", "par", "plot", "polygon")
     importFrom("stats", "dnorm", "model.extract", "model.matrix", "sd")
    to your NAMESPACE file.
Flavors: r-oldrel-osx-x86_64, r-oldrel-windows-ix86+x86_64