CRAN Package Check Results for Package gte

Last updated on 2015-05-30 11:50:16.

Flavor Version Tinstall Tcheck Ttotal Status Flags
r-devel-linux-x86_64-debian-clang 1.2-2 0.85 11.54 12.39 OK
r-devel-linux-x86_64-debian-gcc 1.2-2 0.87 10.82 11.69 OK
r-devel-linux-x86_64-fedora-clang 1.2-2 23.84 OK
r-devel-linux-x86_64-fedora-gcc 1.2-2 21.41 OK
r-devel-osx-x86_64-clang 1.2-2 25.32 OK
r-devel-windows-ix86+x86_64 1.2-2 6.00 27.00 33.00 OK
r-patched-linux-x86_64 1.2-2 0.80 11.39 12.20 OK
r-patched-solaris-sparc 1.2-2 166.10 OK
r-patched-solaris-x86 1.2-2 33.70 OK
r-release-linux-x86_64 1.2-2 0.83 11.12 11.95 OK
r-release-osx-x86_64-mavericks 1.2-2 OK
r-release-osx-x86_64-snowleopard 1.2-2 NOTE
r-release-windows-ix86+x86_64 1.2-2 5.00 26.00 31.00 OK
r-oldrel-windows-ix86+x86_64 1.2-2 6.00 42.00 48.00 OK

Check Details

Version: 1.2-2
Check: package dependencies
Result: NOTE
    Package suggested but not available for checking: ‘interval’
Flavor: r-release-osx-x86_64-snowleopard