CRAN Package Check Results for Package gte

Last updated on 2014-09-02 23:47:31.

Flavor Version Tinstall Tcheck Ttotal Status Flags
r-devel-linux-x86_64-debian-clang 1.2-1 0.84 12.00 12.84 NOTE
r-devel-linux-x86_64-debian-gcc 1.2-1 0.82 11.22 12.04 NOTE
r-devel-linux-x86_64-fedora-clang 1.2-1 25.07 NOTE
r-devel-linux-x86_64-fedora-gcc 1.2-1 23.44 NOTE
r-devel-osx-x86_64-clang 1.2-1 26.59 NOTE
r-devel-windows-ix86+x86_64 1.2-1 5.00 26.00 31.00 NOTE
r-patched-linux-x86_64 1.2-1 0.86 12.39 13.25 OK
r-patched-solaris-sparc 1.2-1 161.90 OK
r-patched-solaris-x86 1.2-1 36.70 OK
r-release-linux-ix86 1.2-1 1.32 18.99 20.31 OK
r-release-linux-x86_64 1.2-1 0.90 12.60 13.50 OK
r-release-osx-x86_64-mavericks 1.2-1 NOTE
r-release-osx-x86_64-snowleopard 1.2-1 NOTE
r-release-windows-ix86+x86_64 1.2-1 4.00 27.00 31.00 OK
r-oldrel-windows-ix86+x86_64 1.2-1 4.00 28.00 32.00 OK

Check Details

Version: 1.2-1
Check: R code for possible problems
Result: NOTE
    gte: no visible global function definition for ‘is.Surv’
Flavors: r-devel-linux-x86_64-debian-clang, r-devel-linux-x86_64-debian-gcc, r-devel-linux-x86_64-fedora-clang, r-devel-linux-x86_64-fedora-gcc, r-devel-osx-x86_64-clang, r-devel-windows-ix86+x86_64

Version: 1.2-1
Check: package dependencies
Result: NOTE
    Package suggested but not available for checking: ‘interval’
Flavors: r-release-osx-x86_64-mavericks, r-release-osx-x86_64-snowleopard