CRAN Package Check Results for Package gte

Last updated on 2014-08-20 17:47:43.

Flavor Version Tinstall Tcheck Ttotal Status Flags
r-devel-linux-x86_64-debian-clang 1.2-1 0.82 12.67 13.49 OK
r-devel-linux-x86_64-debian-gcc 1.2-1 0.84 11.79 12.63 OK
r-devel-linux-x86_64-fedora-clang 1.2-1 26.22 NOTE
r-devel-linux-x86_64-fedora-gcc 1.2-1 23.25 NOTE
r-devel-osx-x86_64-clang 1.2-1 26.74 NOTE
r-devel-windows-ix86+x86_64 1.2-1 5.00 25.00 30.00 OK
r-patched-linux-x86_64 1.2-1 0.89 11.79 12.68 OK
r-patched-solaris-sparc 1.2-1 161.90 OK
r-patched-solaris-x86 1.2-1 36.80 OK
r-release-linux-ix86 1.2-1 1.33 18.92 20.25 OK
r-release-linux-x86_64 1.2-1 0.89 12.14 13.03 OK
r-release-osx-x86_64-mavericks 1.2-1 NOTE
r-release-osx-x86_64-snowleopard 1.2-1 NOTE
r-release-windows-ix86+x86_64 1.2-1 5.00 28.00 33.00 OK
r-oldrel-windows-ix86+x86_64 1.2-1 5.00 28.00 33.00 OK

Check Details

Version: 1.2-1
Check: R code for possible problems
Result: NOTE
    gte: no visible global function definition for ‘is.Surv’
Flavors: r-devel-linux-x86_64-fedora-clang, r-devel-linux-x86_64-fedora-gcc, r-devel-osx-x86_64-clang

Version: 1.2-1
Check: package dependencies
Result: NOTE
    Package suggested but not available for checking: ‘interval’
Flavors: r-release-osx-x86_64-mavericks, r-release-osx-x86_64-snowleopard