CRAN Package Check Results for Package gtools

Last updated on 2014-04-24 11:48:47.

Flavor Version Tinstall Tcheck Ttotal Status Flags
r-devel-linux-x86_64-debian-clang 3.4.0 1.16 100.48 101.64 OK
r-devel-linux-x86_64-debian-gcc 3.4.0 1.05 14.48 15.53 OK
r-devel-linux-x86_64-fedora-clang 3.4.0 30.40 OK
r-devel-linux-x86_64-fedora-gcc 3.4.0 28.92 OK
r-devel-osx-x86_64-clang 3.4.0 28.78 OK
r-devel-osx-x86_64-gcc 3.4.0 NOTE
r-devel-windows-ix86+x86_64 3.4.0 7.00 28.00 35.00 OK
r-patched-linux-x86_64 3.4.0 1.03 14.14 15.17 OK
r-patched-solaris-sparc 3.4.0 165.70 OK
r-patched-solaris-x86 3.4.0 41.90 OK
r-release-linux-ix86 3.4.0 2.00 32.00 34.00 OK
r-release-linux-x86_64 3.4.0 1.13 14.36 15.49 OK
r-release-osx-x86_64-mavericks 3.4.0 OK
r-release-osx-x86_64-snowleopard 3.4.0 OK
r-release-windows-ix86+x86_64 3.4.0 8.00 40.00 48.00 OK
r-oldrel-windows-ix86+x86_64 3.4.0 5.00 27.00 32.00 OK

Check Details

Version: 3.4.0
Check: Rd cross-references
Result: NOTE
    Package unavailable to check Rd xrefs: ‘car’
Flavor: r-devel-osx-x86_64-gcc