CRAN Package Check Results for Package gtools

Last updated on 2016-06-25 11:49:09.

Flavor Version Tinstall Tcheck Ttotal Status Flags
r-devel-linux-x86_64-debian-gcc 3.5.0 1.27 21.01 22.28 NOTE
r-devel-linux-x86_64-fedora-clang 3.5.0 34.32 NOTE
r-devel-linux-x86_64-fedora-gcc 3.5.0 31.06 NOTE
r-devel-osx-x86_64-clang 3.5.0 29.37 NOTE
r-devel-windows-ix86+x86_64 3.5.0 19.00 56.00 75.00 NOTE
r-patched-linux-x86_64 3.5.0 1.32 21.01 22.33 NOTE
r-patched-solaris-sparc 3.5.0 208.60 NOTE
r-patched-solaris-x86 3.5.0 46.30 NOTE
r-release-linux-x86_64 3.5.0 1.24 21.44 22.68 NOTE
r-release-osx-x86_64-mavericks 3.5.0 NOTE
r-release-windows-ix86+x86_64 3.5.0 15.00 65.00 80.00 NOTE
r-oldrel-windows-ix86+x86_64 3.5.0 8.00 48.00 56.00 NOTE

Check Details

Version: 3.5.0
Check: R code for possible problems
Result: NOTE
    Found the following possibly unsafe calls:
    File ‘gtools/R/unByteCode.R’:
     unlockBinding(name, env = env)
    
    checkReverseDependencies: no visible global function definition for
     ‘available.packages’
    getDependencies: no visible global function definition for
     ‘installed.packages’
    getDependencies: no visible global function definition for
     ‘available.packages’
    getDependencies: no visible global function definition for
     ‘flush.console’
    keywords: no visible global function definition for ‘na.omit’
    keywords : topics: no visible global function definition for
     ‘help.search’
    loadedPackages : <anonymous>: no visible global function definition for
     ‘packageVersion’
    quantcut: no visible global function definition for ‘quantile’
    rdirichlet: no visible global function definition for ‘rgamma’
    running: no visible global function definition for ‘new’
    smartbind: no visible global function definition for ‘head’
    stars.pval: no visible global function definition for ‘symnum’
    Undefined global functions or variables:
     available.packages flush.console head help.search installed.packages
     na.omit new packageVersion quantile rgamma symnum
    Consider adding
     importFrom("methods", "new")
     importFrom("stats", "na.omit", "quantile", "rgamma", "symnum")
     importFrom("utils", "available.packages", "flush.console", "head",
     "help.search", "installed.packages", "packageVersion")
    to your NAMESPACE file (and ensure that your DESCRIPTION Imports field
    contains 'methods').
Flavors: r-devel-linux-x86_64-debian-gcc, r-devel-linux-x86_64-fedora-clang, r-devel-linux-x86_64-fedora-gcc, r-devel-osx-x86_64-clang, r-devel-windows-ix86+x86_64, r-patched-linux-x86_64, r-patched-solaris-sparc, r-patched-solaris-x86, r-release-linux-x86_64, r-release-osx-x86_64-mavericks, r-release-windows-ix86+x86_64

Version: 3.5.0
Check: R code for possible problems
Result: NOTE
    Found the following possibly unsafe calls:
    File 'gtools/R/unByteCode.R':
     unlockBinding(name, env = env)
Flavor: r-oldrel-windows-ix86+x86_64