CRAN Package Check Results for Package gtools

Last updated on 2017-03-29 06:48:10.

Flavor Version Tinstall Tcheck Ttotal Status Flags
r-devel-linux-x86_64-debian-clang 3.5.0 1.41 23.44 24.84 NOTE
r-devel-linux-x86_64-debian-gcc 3.5.0 1.23 23.08 24.31 NOTE
r-devel-linux-x86_64-fedora-clang 3.5.0 38.94 NOTE --no-stop-on-test-error
r-devel-linux-x86_64-fedora-gcc 3.5.0 37.68 NOTE --no-stop-on-test-error
r-devel-macos-x86_64-clang 3.5.0 33.33 NOTE --no-stop-on-test-error
r-devel-windows-ix86+x86_64 3.5.0 17.00 62.00 79.00 NOTE
r-patched-linux-x86_64 3.5.0 1.22 22.96 24.18 NOTE
r-patched-solaris-sparc 3.5.0 231.00 NOTE
r-patched-solaris-x86 3.5.0 55.30 NOTE
r-release-linux-x86_64 3.5.0 1.14 21.10 22.24 NOTE
r-release-osx-x86_64-mavericks 3.5.0 NOTE
r-release-windows-ix86+x86_64 3.5.0 21.00 55.00 76.00 NOTE
r-oldrel-windows-ix86+x86_64 3.5.0 26.00 57.00 83.00 NOTE

Check Details

Version: 3.5.0
Check: R code for possible problems
Result: NOTE
    Found the following possibly unsafe calls:
    File ‘gtools/R/unByteCode.R’:
     unlockBinding(name, env = env)
    
    checkReverseDependencies: no visible global function definition for
     ‘available.packages’
    getDependencies: no visible global function definition for
     ‘installed.packages’
    getDependencies: no visible global function definition for
     ‘available.packages’
    getDependencies: no visible global function definition for
     ‘flush.console’
    keywords: no visible global function definition for ‘na.omit’
    keywords : topics: no visible global function definition for
     ‘help.search’
    loadedPackages : <anonymous>: no visible global function definition for
     ‘packageVersion’
    quantcut: no visible global function definition for ‘quantile’
    rdirichlet: no visible global function definition for ‘rgamma’
    running: no visible global function definition for ‘new’
    smartbind: no visible global function definition for ‘head’
    stars.pval: no visible global function definition for ‘symnum’
    Undefined global functions or variables:
     available.packages flush.console head help.search installed.packages
     na.omit new packageVersion quantile rgamma symnum
    Consider adding
     importFrom("methods", "new")
     importFrom("stats", "na.omit", "quantile", "rgamma", "symnum")
     importFrom("utils", "available.packages", "flush.console", "head",
     "help.search", "installed.packages", "packageVersion")
    to your NAMESPACE file (and ensure that your DESCRIPTION Imports field
    contains 'methods').
Flavors: r-devel-linux-x86_64-debian-clang, r-devel-linux-x86_64-debian-gcc, r-devel-windows-ix86+x86_64, r-patched-linux-x86_64, r-patched-solaris-sparc, r-patched-solaris-x86, r-release-linux-x86_64, r-release-osx-x86_64-mavericks, r-release-windows-ix86+x86_64

Version: 3.5.0
Check: compiled code
Result: NOTE
    File ‘gtools/libs/gtools.so’:
     Found no calls to: ‘R_registerRoutines’, ‘R_useDynamicSymbols’
    
    It is good practice to register native routines and to disable symbol
    search.
    
    See ‘Writing portable packages’ in the ‘Writing R Extensions’ manual.
Flavors: r-devel-linux-x86_64-debian-clang, r-devel-linux-x86_64-debian-gcc, r-patched-linux-x86_64

Version: 3.5.0
Flags: --no-stop-on-test-error
Check: R code for possible problems
Result: NOTE
    Found the following possibly unsafe calls:
    File ‘gtools/R/unByteCode.R’:
     unlockBinding(name, env = env)
    
    checkReverseDependencies: no visible global function definition for
     ‘available.packages’
    getDependencies: no visible global function definition for
     ‘installed.packages’
    getDependencies: no visible global function definition for
     ‘available.packages’
    getDependencies: no visible global function definition for
     ‘flush.console’
    keywords: no visible global function definition for ‘na.omit’
    keywords : topics: no visible global function definition for
     ‘help.search’
    loadedPackages : <anonymous>: no visible global function definition for
     ‘packageVersion’
    quantcut: no visible global function definition for ‘quantile’
    rdirichlet: no visible global function definition for ‘rgamma’
    running: no visible global function definition for ‘new’
    smartbind: no visible global function definition for ‘head’
    stars.pval: no visible global function definition for ‘symnum’
    Undefined global functions or variables:
     available.packages flush.console head help.search installed.packages
     na.omit new packageVersion quantile rgamma symnum
    Consider adding
     importFrom("methods", "new")
     importFrom("stats", "na.omit", "quantile", "rgamma", "symnum")
     importFrom("utils", "available.packages", "flush.console", "head",
     "help.search", "installed.packages", "packageVersion")
    to your NAMESPACE file (and ensure that your DESCRIPTION Imports field
    contains 'methods').
Flavors: r-devel-linux-x86_64-fedora-clang, r-devel-linux-x86_64-fedora-gcc, r-devel-macos-x86_64-clang

Version: 3.5.0
Flags: --no-stop-on-test-error
Check: compiled code
Result: NOTE
    File ‘gtools/libs/gtools.so’:
     Found no calls to: ‘R_registerRoutines’, ‘R_useDynamicSymbols’
    
    It is good practice to register native routines and to disable symbol
    search.
    
    See ‘Writing portable packages’ in the ‘Writing R Extensions’ manual.
Flavors: r-devel-linux-x86_64-fedora-clang, r-devel-linux-x86_64-fedora-gcc, r-devel-macos-x86_64-clang

Version: 3.5.0
Check: R code for possible problems
Result: NOTE
    Found the following possibly unsafe calls:
    File 'gtools/R/unByteCode.R':
     unlockBinding(name, env = env)
Flavor: r-oldrel-windows-ix86+x86_64