CRAN Package Check Results for Package gtools

Last updated on 2015-05-30 11:50:17.

Flavor Version Tinstall Tcheck Ttotal Status Flags
r-devel-linux-x86_64-debian-clang 3.5.0 1.30 19.94 21.24 NOTE
r-devel-linux-x86_64-debian-gcc 3.5.0 1.15 19.50 20.65 NOTE
r-devel-linux-x86_64-fedora-clang 3.5.0 20.53 NOTE
r-devel-linux-x86_64-fedora-gcc 3.5.0 19.17 NOTE
r-devel-osx-x86_64-clang 3.5.0 26.07 NOTE
r-devel-windows-ix86+x86_64 3.5.0 10.00 62.00 72.00 NOTE
r-patched-linux-x86_64 3.5.0 1.10 20.03 21.13 NOTE
r-patched-solaris-sparc 3.5.0 196.00 NOTE
r-patched-solaris-x86 3.5.0 45.90 NOTE
r-release-linux-x86_64 3.4.2 1.02 13.95 14.96 OK
r-release-osx-x86_64-mavericks 3.5.0 NOTE
r-release-osx-x86_64-snowleopard 3.4.2 NOTE
r-release-windows-ix86+x86_64 3.5.0 10.00 49.00 59.00 NOTE
r-oldrel-windows-ix86+x86_64 3.5.0 7.00 23.00 30.00 ERROR

Check Details

Version: 3.5.0
Check: R code for possible problems
Result: NOTE
    Found the following possibly unsafe calls:
    File ‘gtools/R/unByteCode.R’:
     unlockBinding(name, env = env)
Flavors: r-devel-linux-x86_64-debian-clang, r-devel-linux-x86_64-debian-gcc, r-devel-linux-x86_64-fedora-clang, r-devel-linux-x86_64-fedora-gcc, r-devel-osx-x86_64-clang, r-devel-windows-ix86+x86_64, r-patched-linux-x86_64, r-patched-solaris-sparc, r-patched-solaris-x86, r-release-osx-x86_64-mavericks, r-release-windows-ix86+x86_64, r-oldrel-windows-ix86+x86_64

Version: 3.4.2
Check: Rd cross-references
Result: NOTE
    Package unavailable to check Rd xrefs: ‘car’
Flavor: r-release-osx-x86_64-snowleopard

Version: 3.5.0
Check: running examples for arch ‘i386’
Result: ERROR
    Running examples in 'gtools-Ex.R' failed
    The error most likely occurred in:
    
    > ### Name: unByteCode
    > ### Title: Convert a Byte-Code Function to an Interpreted-Code Function
    > ### Aliases: unByteCode unByteCodeAssign assignEdgewise
    > ### Keywords: programming utilites
    >
    > ### ** Examples
    >
    > datURL <- "https://bugs.r-project.org/bugzilla/attachment.cgi?id=1659"
    > dat <- as.matrix(read.csv(file=datURL, row.names=1))
    Error in file(file, "rt") : for https:// URLs use setInternet2(TRUE)
    Calls: as.matrix -> read.csv -> read.table -> file
    Execution halted
Flavor: r-oldrel-windows-ix86+x86_64

Version: 3.5.0
Check: running examples for arch ‘x64’
Result: ERROR
    Running examples in 'gtools-Ex.R' failed
    The error most likely occurred in:
    
    > ### Name: unByteCode
    > ### Title: Convert a Byte-Code Function to an Interpreted-Code Function
    > ### Aliases: unByteCode unByteCodeAssign assignEdgewise
    > ### Keywords: programming utilites
    >
    > ### ** Examples
    >
    > datURL <- "https://bugs.r-project.org/bugzilla/attachment.cgi?id=1659"
    > dat <- as.matrix(read.csv(file=datURL, row.names=1))
    Error in file(file, "rt") : for https:// URLs use setInternet2(TRUE)
    Calls: as.matrix -> read.csv -> read.table -> file
    Execution halted
Flavor: r-oldrel-windows-ix86+x86_64