CRAN Package Check Results for Package gtools

Last updated on 2015-02-28 12:51:13.

Flavor Version Tinstall Tcheck Ttotal Status Flags
r-devel-linux-x86_64-debian-clang 3.4.1 1.06 13.43 14.49 ERROR
r-devel-linux-x86_64-debian-gcc 3.4.1 0.98 13.40 14.38 ERROR
r-devel-linux-x86_64-fedora-clang 3.4.1 27.81 ERROR
r-devel-linux-x86_64-fedora-gcc 3.4.1 26.23 ERROR
r-devel-osx-x86_64-clang 3.4.1 30.86 ERROR
r-devel-windows-ix86+x86_64 3.4.1 12.00 28.00 40.00 NOTE
r-patched-linux-x86_64 3.4.1 1.06 14.76 15.82 OK
r-patched-solaris-sparc 3.4.1 196.00 OK
r-patched-solaris-x86 3.4.1 43.10 OK
r-release-linux-ix86 3.4.1 1.54 21.79 23.32 OK
r-release-linux-x86_64 3.4.1 1.08 14.74 15.82 OK
r-release-osx-x86_64-mavericks 3.4.1 OK
r-release-osx-x86_64-snowleopard 3.4.1 OK
r-release-windows-ix86+x86_64 3.4.1 8.00 44.00 52.00 OK
r-oldrel-windows-ix86+x86_64 3.4.1 7.00 43.00 50.00 OK

Check Details

Version: 3.4.1
Check: DESCRIPTION meta-information
Result: NOTE
    Malformed Description field: should contain one or more complete sentences.
Flavors: r-devel-linux-x86_64-debian-clang, r-devel-linux-x86_64-debian-gcc, r-devel-linux-x86_64-fedora-clang, r-devel-linux-x86_64-fedora-gcc, r-devel-osx-x86_64-clang, r-devel-windows-ix86+x86_64

Version: 3.4.1
Check: examples
Result: ERROR
    Running examples in ‘gtools-Ex.R’ failed
    The error most likely occurred in:
    
    > ### Name: keywords
    > ### Title: List valid keywords for R man pages
    > ### Aliases: keywords
    > ### Keywords: documentation
    >
    > ### ** Examples
    >
    > ## Show all valid R keywords
    > keywords()
    GROUPED Keywords
    ----------------
    
    Graphics
     aplot & Add to Existing Plot / internal plot
     dplot & Computations Related to Plotting
     hplot & High-Level Plots
     iplot & Interacting with Plots
     color & Color, Palettes etc
     dynamic & Dynamic Graphics
     device & Graphical Devices
    
    Basics
     sysdata & Basic System Variables [!= S]
     datasets & Datasets available by data(.) [!= S]
     data & Environments, Scoping, Packages [~= S]
     manip & Data Manipulation
     attribute & Data Attributes
     classes & Data Types (not OO)
     & character & Character Data ("String") Operations
     & complex & Complex Numbers
     & category & Categorical Data
     & NA & Missing Values [!= S]
     list & Lists
     chron & Dates and Times
     package & Package Summaries
    
    Mathematics
     array & Matrices and Arrays
     & algebra & Linear Algebra
     arith & Basic Arithmetic and Sorting [!= S]
     math & Mathematical Calculus etc. [!= S]
     logic & Logical Operators
     optimize & Optimization
     symbolmath & "Symbolic Math", as polynomials, fractions
     graphs & Graphs, (not graphics), e.g. dendrograms
    
    Programming, Input/Ouput, and Miscellaneous
    
     programming & Programming
     & interface& Interfaces to Other Languages
     IO & Input/output
     & file & Files
     & connection& Connections
     & database & Interfaces to databases
     iteration & Looping and Iteration
     methods & Methods and Generic Functions
     print & Printing
     error & Error Handling
    
     environment & Session Environment
     internal & Internal Objects (not part of API)
     utilities & Utilities
     misc & Miscellaneous
     documentation & Documentation
     debugging & Debugging Tools
    
    Statistics
    
     datagen & Functions for generating data sets
     distribution & Probability Distributions and Random Numbers
     univar & simple univariate statistics [!= S]
     htest & Statistical Inference
     models & Statistical Models
     & regression& Regression
     & &nonlinear& Non-linear Regression (only?)
     robust & Robust/Resistant Techniques
     design & Designed Experiments
     multivariate & Multivariate Techniques
     ts & Time Series
     survival & Survival Analysis
     nonparametric & Nonparametric Statistics [w/o 'smooth']
     smooth & Curve (and Surface) Smoothing
     & loess & Loess Objects
     cluster & Clustering
     tree & Regression and Classification Trees
     survey & Complex survey samples
    
    
    MASS (2, 1997)
    --------------
    
    add the following keywords :
    
     classif & Classification ['class' package]
     spatial & Spatial Statistics ['spatial' package]
     neural & Neural Networks ['nnet' package]
    
    >
    > ## Show keywords associated with the 'merge' function
    > keywords(merge)
    Error in `[.data.frame`(help.search(keyword = k)$matches, , "topic") :
     undefined columns selected
    Calls: keywords -> lapply -> FUN -> [ -> [.data.frame
    Execution halted
Flavors: r-devel-linux-x86_64-debian-clang, r-devel-linux-x86_64-debian-gcc, r-devel-linux-x86_64-fedora-clang, r-devel-linux-x86_64-fedora-gcc, r-devel-osx-x86_64-clang