Last updated on 2022-07-07 12:55:25 CEST.
Flavor | Version | Tinstall | Tcheck | Ttotal | Status | Flags |
---|---|---|---|---|---|---|
r-devel-linux-x86_64-debian-clang | 3.9.2.2 | 4.06 | 144.58 | 148.64 | NOTE | |
r-devel-linux-x86_64-debian-gcc | 3.9.2.2 | 3.86 | 98.12 | 101.98 | NOTE | |
r-devel-linux-x86_64-fedora-clang | 3.9.2.2 | 214.07 | NOTE | |||
r-devel-linux-x86_64-fedora-gcc | 3.9.2.2 | 193.78 | NOTE | |||
r-devel-windows-x86_64 | 3.9.2.2 | 38.00 | 762.00 | 800.00 | NOTE | |
r-patched-linux-x86_64 | 3.9.2.2 | 5.40 | 140.35 | 145.75 | NOTE | |
r-release-linux-x86_64 | 3.9.2.2 | 3.82 | 136.20 | 140.02 | NOTE | |
r-release-macos-arm64 | 3.9.2.2 | 97.00 | NOTE | |||
r-release-macos-x86_64 | 3.9.2.2 | 156.00 | NOTE | |||
r-release-windows-x86_64 | 3.9.2.2 | 139.00 | 760.00 | 899.00 | NOTE | |
r-oldrel-macos-arm64 | 3.9.2.2 | 172.00 | NOTE | |||
r-oldrel-macos-x86_64 | 3.9.2.2 | 174.00 | NOTE | |||
r-oldrel-windows-ix86+x86_64 | 3.9.2.2 | 16.00 | 95.00 | 111.00 | NOTE |
Version: 3.9.2.2
Check: R code for possible problems
Result: NOTE
Found the following possibly unsafe calls:
File 'gtools/R/unByteCode.R':
unlockBinding(name, env = env)
Flavors: r-devel-linux-x86_64-debian-clang, r-devel-linux-x86_64-debian-gcc, r-devel-linux-x86_64-fedora-clang, r-devel-linux-x86_64-fedora-gcc, r-devel-windows-x86_64, r-patched-linux-x86_64, r-release-linux-x86_64, r-release-macos-arm64, r-release-macos-x86_64, r-release-windows-x86_64, r-oldrel-macos-arm64, r-oldrel-macos-x86_64, r-oldrel-windows-ix86+x86_64
Version: 3.9.2.2
Check: Rd files
Result: NOTE
checkRd: (-1) gtools.Rd:24: Escaped LaTeX specials: \_
Flavors: r-devel-linux-x86_64-debian-clang, r-devel-linux-x86_64-debian-gcc, r-devel-linux-x86_64-fedora-clang, r-devel-linux-x86_64-fedora-gcc, r-devel-windows-x86_64