CRAN Package Check Results for Package gtools

Last updated on 2019-01-19 01:51:31 CET.

Flavor Version Tinstall Tcheck Ttotal Status Flags
r-devel-linux-x86_64-debian-clang 3.8.1 4.09 38.23 42.32 NOTE
r-devel-linux-x86_64-debian-gcc 3.8.1 2.73 30.74 33.47 NOTE
r-devel-linux-x86_64-fedora-clang 3.8.1 49.42 NOTE
r-devel-linux-x86_64-fedora-gcc 3.8.1 45.94 NOTE
r-devel-windows-ix86+x86_64 3.8.1 12.00 64.00 76.00 NOTE
r-patched-linux-x86_64 3.8.1 3.30 35.73 39.03 NOTE
r-patched-solaris-x86 3.8.1 76.00 NOTE
r-release-linux-x86_64 3.8.1 2.73 35.64 38.37 NOTE
r-release-windows-ix86+x86_64 3.8.1 12.00 64.00 76.00 NOTE
r-release-osx-x86_64 3.8.1 NOTE
r-oldrel-windows-ix86+x86_64 3.8.1 12.00 86.00 98.00 NOTE
r-oldrel-osx-x86_64 3.8.1 NOTE

Check Details

Version: 3.8.1
Check: R code for possible problems
Result: NOTE
    Found the following possibly unsafe calls:
    File ‘gtools/R/unByteCode.R’:
     unlockBinding(name, env = env)
Flavors: r-devel-linux-x86_64-debian-clang, r-devel-linux-x86_64-debian-gcc, r-devel-linux-x86_64-fedora-clang, r-devel-linux-x86_64-fedora-gcc, r-devel-windows-ix86+x86_64, r-patched-linux-x86_64, r-patched-solaris-x86, r-release-linux-x86_64, r-release-windows-ix86+x86_64, r-release-osx-x86_64, r-oldrel-windows-ix86+x86_64, r-oldrel-osx-x86_64