CRAN Package Check Results for Package gtop

Last updated on 2018-09-25 09:47:15 CEST.

Flavor Version Tinstall Tcheck Ttotal Status Flags
r-devel-linux-x86_64-debian-clang 0.2.0 8.02 84.42 92.44 OK
r-devel-linux-x86_64-debian-gcc 0.2.0 6.29 67.22 73.51 OK
r-devel-linux-x86_64-fedora-clang 0.2.0 108.53 OK
r-devel-linux-x86_64-fedora-gcc 0.2.0 104.23 OK
r-devel-windows-ix86+x86_64 0.2.0 18.00 143.00 161.00 WARN
r-patched-linux-x86_64 0.2.0 5.34 68.83 74.17 OK
r-patched-solaris-x86 0.2.0 138.10 OK
r-release-linux-x86_64 0.2.0 6.15 69.05 75.20 OK
r-release-windows-ix86+x86_64 0.2.0 17.00 122.00 139.00 OK
r-release-osx-x86_64 0.2.0 OK
r-oldrel-windows-ix86+x86_64 0.2.0 10.00 110.00 120.00 OK
r-oldrel-osx-x86_64 0.2.0 OK

Check Details

Version: 0.2.0
Check: whether package can be installed
Result: WARN
    Found the following significant warnings:
     Warning: S3 methods '[.fun_list', '[.grouped_df', 'all.equal.tbl_df', 'anti_join.data.frame', 'anti_join.tbl_df', 'arrange.data.frame', 'arrange.default', 'arrange.grouped_df', 'arrange.tbl_df', 'arrange_.data.frame', 'arrange_.tbl_df', 'as.data.frame.grouped_df', 'as.data.frame.rowwise_df', 'as.data.frame.tbl_cube', 'as.data.frame.tbl_df', 'as.table.tbl_cube', 'as.tbl.data.frame', 'as.tbl.tbl', 'as.tbl_cube.array', 'as.tbl_cube.data.frame', 'as.tbl_cube.matrix', 'as.tbl_cube.table', 'as_data_frame.grouped_df', 'as_data_frame.tbl_cube', 'auto_copy.tbl_cube', 'auto_copy.tbl_df', 'cbind.grouped_df', 'collapse.data.frame', 'collect.data.frame', 'common_by.NULL', 'common_by.character', 'common_by.default', 'common_by.list', 'compute.data.frame', 'copy_to.DBIConnection', 'copy_to.src_local', 'default_missing.data.frame', 'default_missing.default', 'dim.tbl_cube', 'distinct.data.frame', 'distinct.default', 'distinct.grouped_df', 'distinct.tbl_df', 'distinct_.data.frame', 'distinct_.grouped_df', 'dist [... truncated]
Flavor: r-devel-windows-ix86+x86_64