CRAN Package Check Results for Package gtrendsR

Last updated on 2021-12-06 03:53:00 CET.

Flavor Version Tinstall Tcheck Ttotal Status Flags
r-devel-linux-x86_64-debian-clang 1.5.0 7.30 60.72 68.02 OK
r-devel-linux-x86_64-debian-gcc 1.5.0 5.37 46.82 52.19 OK
r-devel-linux-x86_64-fedora-clang 1.5.0 85.32 NOTE
r-devel-linux-x86_64-fedora-gcc 1.5.0 70.55 NOTE
r-devel-windows-x86_64-new-UL 1.5.0 16.00 91.00 107.00 OK
r-devel-windows-x86_64-new-TK 1.5.0 NOTE
r-devel-windows-x86_64-old 1.5.0 13.00 56.00 69.00 OK
r-patched-linux-x86_64 1.5.0 7.49 48.68 56.17 OK
r-release-linux-x86_64 1.5.0 6.86 56.83 63.69 OK
r-release-macos-arm64 1.5.0 NOTE
r-release-macos-x86_64 1.5.0 NOTE
r-release-windows-ix86+x86_64 1.5.0 17.00 72.00 89.00 OK
r-oldrel-macos-x86_64 1.5.0 NOTE
r-oldrel-windows-ix86+x86_64 1.5.0 18.00 71.00 89.00 OK

Check Details

Version: 1.5.0
Check: data for non-ASCII characters
Result: NOTE
     Note: found 269 marked UTF-8 strings
Flavors: r-devel-linux-x86_64-fedora-clang, r-devel-linux-x86_64-fedora-gcc, r-devel-windows-x86_64-new-TK, r-release-macos-arm64, r-release-macos-x86_64, r-oldrel-macos-x86_64