CRAN Package Check Results for Package gtx

Last updated on 2014-12-21 11:46:35.

Flavor Version Tinstall Tcheck Ttotal Status Flags
r-devel-linux-x86_64-debian-clang 0.0.8 1.21 24.28 25.49 NOTE
r-devel-linux-x86_64-debian-gcc 0.0.8 1.17 23.09 24.26 NOTE
r-devel-linux-x86_64-fedora-clang 0.0.8 52.13 NOTE
r-devel-linux-x86_64-fedora-gcc 0.0.8 47.19 NOTE
r-devel-osx-x86_64-clang 0.0.8 54.74 NOTE
r-devel-windows-ix86+x86_64 0.0.8 6.00 72.00 78.00 NOTE
r-patched-linux-x86_64 0.0.8 1.23 23.94 25.18 NOTE
r-patched-solaris-sparc 0.0.8 302.80 NOTE
r-patched-solaris-x86 0.0.8 68.40 NOTE
r-release-linux-ix86 0.0.8 1.64 32.83 34.47 NOTE
r-release-linux-x86_64 0.0.8 1.87 24.17 26.04 NOTE
r-release-osx-x86_64-mavericks 0.0.8 NOTE
r-release-osx-x86_64-snowleopard 0.0.8 NOTE
r-release-windows-ix86+x86_64 0.0.8 4.00 54.00 58.00 NOTE
r-oldrel-windows-ix86+x86_64 0.0.8 4.00 42.00 46.00 NOTE

Check Details

Version: 0.0.8
Check: dependencies in R code
Result: NOTE
    Package in Depends field not imported from: ‘survival’
     These packages need to be imported from (in the NAMESPACE file)
     for when this namespace is loaded but not attached.
    See the information on DESCRIPTION files in the chapter ‘Creating R
    packages’ of the ‘Writing R Extensions’ manual.
Flavors: r-devel-linux-x86_64-debian-clang, r-devel-linux-x86_64-debian-gcc, r-devel-linux-x86_64-fedora-clang, r-devel-linux-x86_64-fedora-gcc, r-devel-osx-x86_64-clang, r-devel-windows-ix86+x86_64, r-patched-linux-x86_64, r-patched-solaris-sparc, r-patched-solaris-x86, r-release-linux-ix86, r-release-linux-x86_64, r-release-osx-x86_64-mavericks, r-release-windows-ix86+x86_64, r-oldrel-windows-ix86+x86_64

Version: 0.0.8
Check: re-building of vignette outputs
Result: NOTE
    Error in re-building vignettes:
     ...
    Loading required package: survival
    Loading required package: splines
    Error in texi2dvi(file = file, pdf = TRUE, clean = clean, quiet = quiet, :
     Running 'texi2dvi' on 'ashg2012.tex' failed.
    LaTeX errors:
    ! LaTeX Error: File `a0poster.cls' not found.
    
    Type X to quit or <RETURN> to proceed,
    or enter new name. (Default extension: cls)
    
    t/gtx/vignettes/ashg2012.tex:2: ==> Fatal error occurred, no output PDF file p
    roduced!
    Calls: buildVignettes -> texi2pdf -> texi2dvi
    Execution halted
Flavor: r-release-osx-x86_64-mavericks

Version: 0.0.8
Check: re-building of vignette outputs
Result: NOTE
    Error in re-building vignettes:
     ...
    Loading required package: survival
    Loading required package: splines
    Error in texi2dvi(file = file, pdf = TRUE, clean = clean, quiet = quiet, :
     Running 'texi2dvi' on 'ashg2012.tex' failed.
    LaTeX errors:
    ! LaTeX Error: File `a0poster.cls' not found.
    
    Type X to quit or <RETURN> to proceed,
    or enter new name. (Default extension: cls)
    
    gtx.Rcheck/vign_test/gtx/vignettes/ashg2012.tex:2: ==> Fatal error occurred, n
    o output PDF file produced!
    Calls: buildVignettes -> texi2pdf -> texi2dvi
    Execution halted
Flavor: r-release-osx-x86_64-snowleopard

Version: 0.0.8
Check: re-building of vignette outputs
Result: NOTE
    Error in re-building vignettes:
     ...
    Loading required package: survival
    Loading required package: splines
    Warning: running command '"D:\compiler\texmf\miktex\bin\texi2dvi.exe" --quiet --pdf "ashg2012.tex" --max-iterations=20 -I "D:/RCompile/recent/R-3.1.2/share/texmf/tex/latex" -I "D:/RCompile/recent/R-3.1.2/share/texmf/bibtex/bst"' had status 1
    Error: running 'texi2dvi' on 'ashg2012.tex' failed
    
    LaTeX errors:
    ! LaTeX Error: File `D:/RCompile/recent/R-31\unhbox\voidb@x \penalty \@M \ {}1.
    2/share/texmf/tex/latex/Sweave.sty' not found.
    
    Type X to quit or <RETURN> to proceed,
    or enter new name. (Default extension: sty)
    Execution halted
Flavor: r-release-windows-ix86+x86_64

Version: 0.0.8
Check: re-building of vignette outputs
Result: NOTE
    Error in re-building vignettes:
     ...
    Loading required package: survival
    Loading required package: splines
    Warning: running command '"D:\compiler\texmf\miktex\bin\texi2dvi.exe" --quiet --pdf "ashg2012.tex" -I "D:/RCompile/recent/R-3.0.3/share/texmf/tex/latex" -I "D:/RCompile/recent/R-3.0.3/share/texmf/bibtex/bst"' had status 1
    Error: running 'texi2dvi' on 'ashg2012.tex' failed
    
    LaTeX errors:
    ! LaTeX Error: File `D:/RCompile/recent/R-30\unhbox\voidb@x \penalty \@M \ {}1.
    3/share/texmf/tex/latex/Sweave.sty' not found.
    
    Type X to quit or <RETURN> to proceed,
    or enter new name. (Default extension: sty)
    Execution halted
Flavor: r-oldrel-windows-ix86+x86_64