CRAN Package Check Results for Package gtx

Last updated on 2015-04-25 19:47:20.

Flavor Version Tinstall Tcheck Ttotal Status Flags
r-devel-linux-x86_64-debian-clang 0.0.8 1.23 22.46 23.69 NOTE
r-devel-linux-x86_64-debian-gcc 0.0.8 1.07 21.96 23.03 NOTE
r-devel-linux-x86_64-fedora-clang 0.0.8 45.89 NOTE
r-devel-linux-x86_64-fedora-gcc 0.0.8 42.87 NOTE
r-devel-osx-x86_64-clang 0.0.8 51.06 NOTE
r-devel-windows-ix86+x86_64 0.0.8 4.00 39.00 43.00 NOTE
r-patched-linux-x86_64 0.0.8 1.16 22.25 23.41 NOTE
r-patched-solaris-sparc 0.0.8 308.20 NOTE
r-patched-solaris-x86 0.0.8 62.30 NOTE
r-release-linux-x86_64 0.0.8 1.07 21.87 22.94 NOTE
r-release-osx-x86_64-mavericks 0.0.8 NOTE
r-release-osx-x86_64-snowleopard 0.0.8 NOTE
r-release-windows-ix86+x86_64 0.0.8 4.00 39.00 43.00 NOTE
r-oldrel-windows-ix86+x86_64 0.0.8 8.00 38.00 46.00 NOTE

Check Details

Version: 0.0.8
Check: dependencies in R code
Result: NOTE
    Package in Depends field not imported from: 'survival'
     These packages need to be imported from (in the NAMESPACE file)
     for when this namespace is loaded but not attached.
Flavors: r-devel-windows-ix86+x86_64, r-release-windows-ix86+x86_64, r-oldrel-windows-ix86+x86_64

Version: 0.0.8
Check: re-building of vignette outputs
Result: NOTE
    Error in re-building vignettes:
     ...
    Loading required package: survival
    Warning: running command '"D:\compiler\texmf\miktex\bin\texi2dvi.exe" --quiet --pdf "ashg2012.tex" --max-iterations=20 -I "D:/RCompile/recent/R-3.2.0/share/texmf/tex/latex" -I "D:/RCompile/recent/R-3.2.0/share/texmf/bibtex/bst"' had status 1
    Error: running 'texi2dvi' on 'ashg2012.tex' failed
    
    LaTeX errors:
    ! LaTeX Error: File `D:/RCompile/recent/R-32\unhbox\voidb@x \penalty \@M \ {}1.
    0/share/texmf/tex/latex/Sweave.sty' not found.
    
    Type X to quit or <RETURN> to proceed,
    or enter new name. (Default extension: sty)
    Execution halted
Flavor: r-release-windows-ix86+x86_64

Version: 0.0.8
Check: re-building of vignette outputs
Result: NOTE
    Error in re-building vignettes:
     ...
    Loading required package: survival
    Warning: running command '"D:\compiler\texmf\miktex\bin\texi2dvi.exe" --quiet --pdf "ashg2012.tex" --max-iterations=20 -I "D:/RCompile/recent/R-3.1.3/share/texmf/tex/latex" -I "D:/RCompile/recent/R-3.1.3/share/texmf/bibtex/bst"' had status 1
    Error: running 'texi2dvi' on 'ashg2012.tex' failed
    
    LaTeX errors:
    ! LaTeX Error: File `D:/RCompile/recent/R-31\unhbox\voidb@x \penalty \@M \ {}1.
    3/share/texmf/tex/latex/Sweave.sty' not found.
    
    Type X to quit or <RETURN> to proceed,
    or enter new name. (Default extension: sty)
    Execution halted
Flavor: r-oldrel-windows-ix86+x86_64