CRAN Package Check Results for Package guildai

Last updated on 2024-02-28 05:59:08 CET.

Flavor Version Tinstall Tcheck Ttotal Status Flags
r-devel-linux-x86_64-debian-clang 0.0.1 7.77 51.15 58.92 NOTE
r-devel-linux-x86_64-debian-gcc 0.0.1 4.67 38.87 43.54 NOTE
r-devel-linux-x86_64-fedora-clang 0.0.1 71.95 NOTE
r-devel-linux-x86_64-fedora-gcc 0.0.1 72.86 NOTE
r-devel-windows-x86_64 0.0.1 6.00 60.00 66.00 OK
r-patched-linux-x86_64 0.0.1 5.64 50.69 56.33 OK
r-release-linux-x86_64 0.0.1 4.56 49.42 53.98 OK
r-release-macos-arm64 0.0.1 26.00 OK
r-release-macos-x86_64 0.0.1 35.00 OK
r-release-windows-x86_64 0.0.1 8.00 67.00 75.00 OK
r-oldrel-macos-arm64 0.0.1 24.00 OK
r-oldrel-windows-x86_64 0.0.1 11.00 65.00 76.00 OK

Check Details

Version: 0.0.1
Check: Rd files
Result: NOTE checkRd: (-1) guild_merge.Rd:38: Lost braces; missing escapes or markup? 38 | \item{\code{summary_name}}{Name used for the run summary. Use '${run_id}' in the name to include the run ID.} | ^ checkRd: (-1) guild_merge_cli.Rd:88: Lost braces; missing escapes or markup? 88 | \item{summary_name}{Name used for the run summary. Use '${run_id}' in the name to include the run ID.} | ^ Flavors: r-devel-linux-x86_64-debian-clang, r-devel-linux-x86_64-debian-gcc, r-devel-linux-x86_64-fedora-clang, r-devel-linux-x86_64-fedora-gcc